{"id":4078,"date":"2025-06-28T16:25:31","date_gmt":"2025-06-28T14:25:31","guid":{"rendered":"https:\/\/uj.adatbank.ro\/lexikon\/termek\/bartalis-tamas\/"},"modified":"2025-06-28T16:25:31","modified_gmt":"2025-06-28T14:25:31","slug":"bartalis-tamas","status":"publish","type":"product","link":"https:\/\/uj.adatbank.ro\/lexikon\/termek\/bartalis-tamas\/","title":{"rendered":"BARTALIS Tam\u00e1s"},"content":{"rendered":"<p>Sz\u00e1rhegy, 1913. j\u00fan. 5., \u2020\u00a0Marosszentgy\u00f6rgy, 1996. dec. 29.: r. k. pap. \u2013 A marosszentgy\u00f6rgyi r. k. templom s\u00edrkertj\u00e9ben nyugszik. \u2013 A gimn.-ot Mv.-en, teol\u00f3g.-i tanulm\u00e1nyait Gyulafeh\u00e9rv\u00e1ron v\u00e9gezte. Papp\u00e1 szentelt\u00e9k (1937. m\u00e1rc. 21.). Lelk\u00e9sz: Cs\u00edkszentm\u00e1rton (1937), Cs\u00edkszentmikl\u00f3son (1938), Sz\u00e9kelyudvarhelyen (1939), Cs\u00edkszentdomokoson (1941). K\u00e1pl\u00e1n Bal\u00e1nb\u00e1ny\u00e1n (1941), Mez\u0151s\u00e1msondon (1945). Ny\u00e1r\u00e1dk\u00f6szv\u00e9nyesen pl\u00e9b\u00e1nos (1955. dec. 1. \u201376), a mikh\u00e1zi lelkip\u00e1sztori teend\u0151ket is ell\u00e1tta. <br \/><strong>Irod.:<\/strong> Maros-k\u00fck\u00fcll\u0151i f\u0151esp.; [Nekrol\u00f3g] (N\u00fa., 1996. dec. 31.); Nemes Gyula: Szakr\u00e1lis eml\u00e9kek. = P\u00e1l-Antal\u2013Simon<\/br><\/p>\n","protected":false},"excerpt":{"rendered":"<p>Sz\u00e1rhegy, 1913. j\u00fan. 5., \u2020\u00a0Marosszentgy\u00f6rgy, 1996. dec. 29.: r. k. pap. \u2013 A marosszentgy\u00f6rgyi r. k. templom s\u00edrkertj\u00e9ben nyugszik. \u2013 A gimn.-ot Mv.-en, teol\u00f3g.-i tanulm\u00e1nyait Gyulafeh\u00e9rv\u00e1ron v\u00e9gezte. Papp\u00e1 szentelt\u00e9k (1937. m\u00e1rc. 21.). Lelk\u00e9sz: Cs\u00edkszentm\u00e1rton (1937), Cs\u00edkszentmikl\u00f3son (1938), Sz\u00e9kelyudvarhelyen (1939), Cs\u00edkszentdomokoson (1941). K\u00e1pl\u00e1n Bal\u00e1nb\u00e1ny\u00e1n (1941), Mez\u0151s\u00e1msondon (1945). Ny\u00e1r\u00e1dk\u00f6szv\u00e9nyesen pl\u00e9b\u00e1nos (1955. dec. 1. \u201376), a mikh\u00e1zi lelkip\u00e1sztori [&hellip;]<\/p>\n","protected":false},"featured_media":0,"comment_status":"open","ping_status":"closed","template":"","meta":[],"product_brand":[],"product_cat":[137],"product_tag":[],"class_list":{"0":"post-4078","1":"product","2":"type-product","3":"status-publish","5":"product_cat-maros-megyei-eletrajzi-lexikon","7":"first","8":"instock","9":"shipping-taxable","10":"product-type-simple"},"_links":{"self":[{"href":"https:\/\/uj.adatbank.ro\/lexikon\/wp-json\/wp\/v2\/product\/4078","targetHints":{"allow":["GET"]}}],"collection":[{"href":"https:\/\/uj.adatbank.ro\/lexikon\/wp-json\/wp\/v2\/product"}],"about":[{"href":"https:\/\/uj.adatbank.ro\/lexikon\/wp-json\/wp\/v2\/types\/product"}],"replies":[{"embeddable":true,"href":"https:\/\/uj.adatbank.ro\/lexikon\/wp-json\/wp\/v2\/comments?post=4078"}],"wp:attachment":[{"href":"https:\/\/uj.adatbank.ro\/lexikon\/wp-json\/wp\/v2\/media?parent=4078"}],"wp:term":[{"taxonomy":"product_brand","embeddable":true,"href":"https:\/\/uj.adatbank.ro\/lexikon\/wp-json\/wp\/v2\/product_brand?post=4078"},{"taxonomy":"product_cat","embeddable":true,"href":"https:\/\/uj.adatbank.ro\/lexikon\/wp-json\/wp\/v2\/product_cat?post=4078"},{"taxonomy":"product_tag","embeddable":true,"href":"https:\/\/uj.adatbank.ro\/lexikon\/wp-json\/wp\/v2\/product_tag?post=4078"}],"curies":[{"name":"wp","href":"https:\/\/api.w.org\/{rel}","templated":true}]}}