{"id":4091,"date":"2025-06-28T16:26:11","date_gmt":"2025-06-28T14:26:11","guid":{"rendered":"https:\/\/uj.adatbank.ro\/lexikon\/termek\/bartha-andras-3\/"},"modified":"2025-06-28T16:26:11","modified_gmt":"2025-06-28T14:26:11","slug":"bartha-andras-3","status":"publish","type":"product","link":"https:\/\/uj.adatbank.ro\/lexikon\/termek\/bartha-andras-3\/","title":{"rendered":"BARTHA Andr\u00e1s"},"content":{"rendered":"<p>? \u2020\u00a0? : sportol\u00f3, csizmadia. \u2013 Sz\u00e1szr\u00e9genben csizmadiamester. A Turul SE \u00e9s a Meg\u00e9rt\u00e9s Teke Sportegyes\u00fclet csapatkapit\u00e1nya volt. Az imperiumv\u00e1lt\u00e1s ut\u00e1n eln\u00f6k\u00e9vel egy\u00fctt, nagy neh\u00e9zs\u00e9gek \u00e1r\u00e1n tartott\u00e1k fenn az egyes\u00fcletet. <br \/><strong>Irod.:<\/strong> Pluh\u00e1r<\/br><\/p>\n","protected":false},"excerpt":{"rendered":"<p>? \u2020\u00a0? : sportol\u00f3, csizmadia. \u2013 Sz\u00e1szr\u00e9genben csizmadiamester. A Turul SE \u00e9s a Meg\u00e9rt\u00e9s Teke Sportegyes\u00fclet csapatkapit\u00e1nya volt. Az imperiumv\u00e1lt\u00e1s ut\u00e1n eln\u00f6k\u00e9vel egy\u00fctt, nagy neh\u00e9zs\u00e9gek \u00e1r\u00e1n tartott\u00e1k fenn az egyes\u00fcletet. Irod.: Pluh\u00e1r<\/p>\n","protected":false},"featured_media":0,"comment_status":"open","ping_status":"closed","template":"","meta":[],"product_brand":[],"product_cat":[137],"product_tag":[],"class_list":{"0":"post-4091","1":"product","2":"type-product","3":"status-publish","5":"product_cat-maros-megyei-eletrajzi-lexikon","7":"first","8":"instock","9":"shipping-taxable","10":"product-type-simple"},"_links":{"self":[{"href":"https:\/\/uj.adatbank.ro\/lexikon\/wp-json\/wp\/v2\/product\/4091","targetHints":{"allow":["GET"]}}],"collection":[{"href":"https:\/\/uj.adatbank.ro\/lexikon\/wp-json\/wp\/v2\/product"}],"about":[{"href":"https:\/\/uj.adatbank.ro\/lexikon\/wp-json\/wp\/v2\/types\/product"}],"replies":[{"embeddable":true,"href":"https:\/\/uj.adatbank.ro\/lexikon\/wp-json\/wp\/v2\/comments?post=4091"}],"wp:attachment":[{"href":"https:\/\/uj.adatbank.ro\/lexikon\/wp-json\/wp\/v2\/media?parent=4091"}],"wp:term":[{"taxonomy":"product_brand","embeddable":true,"href":"https:\/\/uj.adatbank.ro\/lexikon\/wp-json\/wp\/v2\/product_brand?post=4091"},{"taxonomy":"product_cat","embeddable":true,"href":"https:\/\/uj.adatbank.ro\/lexikon\/wp-json\/wp\/v2\/product_cat?post=4091"},{"taxonomy":"product_tag","embeddable":true,"href":"https:\/\/uj.adatbank.ro\/lexikon\/wp-json\/wp\/v2\/product_tag?post=4091"}],"curies":[{"name":"wp","href":"https:\/\/api.w.org\/{rel}","templated":true}]}}