{"id":4093,"date":"2025-06-28T16:26:17","date_gmt":"2025-06-28T14:26:17","guid":{"rendered":"https:\/\/uj.adatbank.ro\/lexikon\/termek\/bartha-arpad\/"},"modified":"2025-06-28T16:26:17","modified_gmt":"2025-06-28T14:26:17","slug":"bartha-arpad","status":"publish","type":"product","link":"https:\/\/uj.adatbank.ro\/lexikon\/termek\/bartha-arpad\/","title":{"rendered":"BARTHA \u00c1rp\u00e1d"},"content":{"rendered":"<p>\u00c9rsek\u00fajv\u00e1r, 1916. szept. 3., \u2020\u00a0Bp., 1970. febr. 12.: hadnagy. \u2013 Karpaszom\u00e1nyos honv\u00e9d Mv.-re helyzt\u00e9k a 27. t\u00e1bori t\u0171z\u00e9roszt\u00e1lyhoz (1940. dec. 6. \u2013). Hadapr\u00f3d \u0151rmester (1941. j\u00fan. 15. \u2013), el\u0151l\u00e9ptett\u00e9k mint tartal\u00e9kos z\u00e1szl\u00f3s (1942. m\u00e1j. 4.), hadnagy (1944. j\u00fal. 18.). Mint \u00fcteg els\u0151tiszt (1942. m\u00e1j.) a doni hadm\u0171veletekben, megsebes\u00fclt (1942. j\u00fal. 24.). Mint alantos tiszt r\u00e9szt vett a gal\u00edciai, erd\u00e9lyi \u00e9s magyaro.-i hadm\u0171veletekben (1944. \u00e1pr. 1. \u2013), szovjet hadifogs\u00e1gba ker\u00fclt (1945. m\u00e1j. 9.- 1947. j\u00fan. 4.). <strong>Kit\u00fcntet\u00e9sei:<\/strong> Korm\u00e1nyz\u00f3i D\u00edcs\u00e9r\u0151 Elismer\u00e9s bronz \u00c9rdem\u00e9rem, T\u0171zkereszt els\u0151 fokozat\u00e1t egy sebes\u00fcl\u00e9si p\u00e1nttal (1942. szept.). <br \/><strong>Irod.:<\/strong> Berekm\u00e9ri: mv.-i 27. hadoszt\u00e1ly<\/br><\/p>\n","protected":false},"excerpt":{"rendered":"<p>\u00c9rsek\u00fajv\u00e1r, 1916. szept. 3., \u2020\u00a0Bp., 1970. febr. 12.: hadnagy. \u2013 Karpaszom\u00e1nyos honv\u00e9d Mv.-re helyzt\u00e9k a 27. t\u00e1bori t\u0171z\u00e9roszt\u00e1lyhoz (1940. dec. 6. \u2013). Hadapr\u00f3d \u0151rmester (1941. j\u00fan. 15. \u2013), el\u0151l\u00e9ptett\u00e9k mint tartal\u00e9kos z\u00e1szl\u00f3s (1942. m\u00e1j. 4.), hadnagy (1944. j\u00fal. 18.). Mint \u00fcteg els\u0151tiszt (1942. m\u00e1j.) a doni hadm\u0171veletekben, megsebes\u00fclt (1942. j\u00fal. 24.). Mint alantos tiszt r\u00e9szt [&hellip;]<\/p>\n","protected":false},"featured_media":0,"comment_status":"open","ping_status":"closed","template":"","meta":[],"product_brand":[],"product_cat":[137],"product_tag":[],"class_list":{"0":"post-4093","1":"product","2":"type-product","3":"status-publish","5":"product_cat-maros-megyei-eletrajzi-lexikon","7":"first","8":"instock","9":"shipping-taxable","10":"product-type-simple"},"_links":{"self":[{"href":"https:\/\/uj.adatbank.ro\/lexikon\/wp-json\/wp\/v2\/product\/4093","targetHints":{"allow":["GET"]}}],"collection":[{"href":"https:\/\/uj.adatbank.ro\/lexikon\/wp-json\/wp\/v2\/product"}],"about":[{"href":"https:\/\/uj.adatbank.ro\/lexikon\/wp-json\/wp\/v2\/types\/product"}],"replies":[{"embeddable":true,"href":"https:\/\/uj.adatbank.ro\/lexikon\/wp-json\/wp\/v2\/comments?post=4093"}],"wp:attachment":[{"href":"https:\/\/uj.adatbank.ro\/lexikon\/wp-json\/wp\/v2\/media?parent=4093"}],"wp:term":[{"taxonomy":"product_brand","embeddable":true,"href":"https:\/\/uj.adatbank.ro\/lexikon\/wp-json\/wp\/v2\/product_brand?post=4093"},{"taxonomy":"product_cat","embeddable":true,"href":"https:\/\/uj.adatbank.ro\/lexikon\/wp-json\/wp\/v2\/product_cat?post=4093"},{"taxonomy":"product_tag","embeddable":true,"href":"https:\/\/uj.adatbank.ro\/lexikon\/wp-json\/wp\/v2\/product_tag?post=4093"}],"curies":[{"name":"wp","href":"https:\/\/api.w.org\/{rel}","templated":true}]}}

BARTHA Árpád

<p>Érsekújvár, 1916. szept. 3., † Bp., 1970. febr. 12.: hadnagy. – Karpaszományos honvéd Mv.-re helyzték a 27. tábori tűzérosztályhoz (1940. dec. 6. –). Hadapród őrmester (1941. jún. 15. –), előléptették mint tartalékos zászlós (1942. máj. 4.), hadnagy (1944. júl. 18.). Mint üteg elsőtiszt (1942. máj.) a doni hadműveletekben, megsebesült (1942. júl. 24.). Mint alantos tiszt részt vett a galíciai, erdélyi és magyaro.-i hadműveletekben (1944. ápr. 1. –), szovjet hadifogságba került (1945. máj. 9.- 1947. jún. 4.). <strong>Kitüntetései:</strong> Kormányzói Dícsérő Elismerés bronz Érdemérem, Tűzkereszt első fokozatát egy sebesülési pánttal (1942. szept.). <br /><strong>Irod.:</strong> Berekméri: mv.-i 27. hadosztály</br></p>

<p>Érsekújvár, 1916. szept. 3., † Bp., 1970. febr. 12.: hadnagy. – Karpaszományos honvéd Mv.-re helyzték a 27. tábori tűzérosztályhoz (1940. dec. 6. –). Hadapród őrmester (1941. jún. 15. –), előléptették mint tartalékos zászlós (1942. máj. 4.), hadnagy (1944. júl. 18.). Mint üteg elsőtiszt (1942. máj.) a doni hadműveletekben, megsebesült (1942. júl. 24.). Mint alantos tiszt részt [&hellip;]</p>
