{"id":4094,"date":"2025-06-28T16:26:20","date_gmt":"2025-06-28T14:26:20","guid":{"rendered":"https:\/\/uj.adatbank.ro\/lexikon\/termek\/bartha-bartholomeus\/"},"modified":"2025-06-28T16:26:20","modified_gmt":"2025-06-28T14:26:20","slug":"bartha-bartholomeus","status":"publish","type":"product","link":"https:\/\/uj.adatbank.ro\/lexikon\/termek\/bartha-bartholomeus\/","title":{"rendered":"BARTHA Bartholomeus"},"content":{"rendered":"<p>? \u2020\u00a01672.: \u00f6tv\u00f6smester, oszt\u00f3b\u00edr\u00f3. \u2013 Segesv\u00e1ri polg\u00e1r, \u00f6tv\u00f6smester, oszt\u00f3b\u00edr\u00f3 (1645, 1646, 1648), substitus sz\u00e9kb\u00edr\u00f3 (1658\u201370), substitus kir\u00e1lyb\u00edr\u00f3 (1660, 1661, 1667, 1668). <br \/><strong>Irod.:<\/strong> Kraus: Erd\u00e9lyi kr\u00f3nika<\/br><\/p>\n","protected":false},"excerpt":{"rendered":"<p>? \u2020\u00a01672.: \u00f6tv\u00f6smester, oszt\u00f3b\u00edr\u00f3. \u2013 Segesv\u00e1ri polg\u00e1r, \u00f6tv\u00f6smester, oszt\u00f3b\u00edr\u00f3 (1645, 1646, 1648), substitus sz\u00e9kb\u00edr\u00f3 (1658\u201370), substitus kir\u00e1lyb\u00edr\u00f3 (1660, 1661, 1667, 1668). Irod.: Kraus: Erd\u00e9lyi kr\u00f3nika<\/p>\n","protected":false},"featured_media":0,"comment_status":"open","ping_status":"closed","template":"","meta":[],"product_brand":[],"product_cat":[137],"product_tag":[],"class_list":{"0":"post-4094","1":"product","2":"type-product","3":"status-publish","5":"product_cat-maros-megyei-eletrajzi-lexikon","7":"first","8":"instock","9":"shipping-taxable","10":"product-type-simple"},"_links":{"self":[{"href":"https:\/\/uj.adatbank.ro\/lexikon\/wp-json\/wp\/v2\/product\/4094","targetHints":{"allow":["GET"]}}],"collection":[{"href":"https:\/\/uj.adatbank.ro\/lexikon\/wp-json\/wp\/v2\/product"}],"about":[{"href":"https:\/\/uj.adatbank.ro\/lexikon\/wp-json\/wp\/v2\/types\/product"}],"replies":[{"embeddable":true,"href":"https:\/\/uj.adatbank.ro\/lexikon\/wp-json\/wp\/v2\/comments?post=4094"}],"wp:attachment":[{"href":"https:\/\/uj.adatbank.ro\/lexikon\/wp-json\/wp\/v2\/media?parent=4094"}],"wp:term":[{"taxonomy":"product_brand","embeddable":true,"href":"https:\/\/uj.adatbank.ro\/lexikon\/wp-json\/wp\/v2\/product_brand?post=4094"},{"taxonomy":"product_cat","embeddable":true,"href":"https:\/\/uj.adatbank.ro\/lexikon\/wp-json\/wp\/v2\/product_cat?post=4094"},{"taxonomy":"product_tag","embeddable":true,"href":"https:\/\/uj.adatbank.ro\/lexikon\/wp-json\/wp\/v2\/product_tag?post=4094"}],"curies":[{"name":"wp","href":"https:\/\/api.w.org\/{rel}","templated":true}]}}