{"id":4107,"date":"2025-06-28T16:27:01","date_gmt":"2025-06-28T14:27:01","guid":{"rendered":"https:\/\/uj.adatbank.ro\/lexikon\/termek\/bartha-emma\/"},"modified":"2025-06-28T16:27:01","modified_gmt":"2025-06-28T14:27:01","slug":"bartha-emma","status":"publish","type":"product","link":"https:\/\/uj.adatbank.ro\/lexikon\/termek\/bartha-emma\/","title":{"rendered":"BARTHA Emma"},"content":{"rendered":"<p>Harasztos, Kv., 1932., \u2020 : orvos. \u2013 Gazd\u00e1lko\u00f3 csal\u00e1db\u00f3l sz\u00e1rmazott, apja a II. vh.-ban halt meg. \u2013 Nagyon akart tanulni. A mv.-i Fot\u00f3pap\u00edrgy\u00e1rban dolgozott, j\u00f3 eredm\u00e9nnyel v\u00e9gzett esti iskol\u00e1ban. A MOGYI orvosi kar\u00e1ra sikeresen felv\u00e9telizett. Szatm\u00e1r k\u00f6rny\u00e9k\u00e9re helyezt\u00e9k, de cser\u00e9vel Harasztos k\u00f6rorvosa lett, f\u0151orvosi vizsg\u00e1val. Agyhal\u00e1l \u00e1ldozatalett. <br \/><strong>Irod.:<\/strong> B\u00e9rczes Judit. K\u00f6zj\u00f3ra val\u00f3 t\u00f6rekv\u00e9sek (T\u00e9ka, 1981); Marcus Aurelius elm\u00e9lked\u00e9sei<\/br><\/p>\n","protected":false},"excerpt":{"rendered":"<p>Harasztos, Kv., 1932., \u2020 : orvos. \u2013 Gazd\u00e1lko\u00f3 csal\u00e1db\u00f3l sz\u00e1rmazott, apja a II. vh.-ban halt meg. \u2013 Nagyon akart tanulni. A mv.-i Fot\u00f3pap\u00edrgy\u00e1rban dolgozott, j\u00f3 eredm\u00e9nnyel v\u00e9gzett esti iskol\u00e1ban. A MOGYI orvosi kar\u00e1ra sikeresen felv\u00e9telizett. Szatm\u00e1r k\u00f6rny\u00e9k\u00e9re helyezt\u00e9k, de cser\u00e9vel Harasztos k\u00f6rorvosa lett, f\u0151orvosi vizsg\u00e1val. Agyhal\u00e1l \u00e1ldozatalett. Irod.: B\u00e9rczes Judit. K\u00f6zj\u00f3ra val\u00f3 t\u00f6rekv\u00e9sek (T\u00e9ka, 1981); [&hellip;]<\/p>\n","protected":false},"featured_media":0,"comment_status":"open","ping_status":"closed","template":"","meta":[],"product_brand":[],"product_cat":[137],"product_tag":[],"class_list":{"0":"post-4107","1":"product","2":"type-product","3":"status-publish","5":"product_cat-maros-megyei-eletrajzi-lexikon","7":"first","8":"instock","9":"shipping-taxable","10":"product-type-simple"},"_links":{"self":[{"href":"https:\/\/uj.adatbank.ro\/lexikon\/wp-json\/wp\/v2\/product\/4107","targetHints":{"allow":["GET"]}}],"collection":[{"href":"https:\/\/uj.adatbank.ro\/lexikon\/wp-json\/wp\/v2\/product"}],"about":[{"href":"https:\/\/uj.adatbank.ro\/lexikon\/wp-json\/wp\/v2\/types\/product"}],"replies":[{"embeddable":true,"href":"https:\/\/uj.adatbank.ro\/lexikon\/wp-json\/wp\/v2\/comments?post=4107"}],"wp:attachment":[{"href":"https:\/\/uj.adatbank.ro\/lexikon\/wp-json\/wp\/v2\/media?parent=4107"}],"wp:term":[{"taxonomy":"product_brand","embeddable":true,"href":"https:\/\/uj.adatbank.ro\/lexikon\/wp-json\/wp\/v2\/product_brand?post=4107"},{"taxonomy":"product_cat","embeddable":true,"href":"https:\/\/uj.adatbank.ro\/lexikon\/wp-json\/wp\/v2\/product_cat?post=4107"},{"taxonomy":"product_tag","embeddable":true,"href":"https:\/\/uj.adatbank.ro\/lexikon\/wp-json\/wp\/v2\/product_tag?post=4107"}],"curies":[{"name":"wp","href":"https:\/\/api.w.org\/{rel}","templated":true}]}}