{"id":4116,"date":"2025-06-28T16:27:27","date_gmt":"2025-06-28T14:27:27","guid":{"rendered":"https:\/\/uj.adatbank.ro\/lexikon\/termek\/bartha-istvan-%c2%a7\/"},"modified":"2025-06-28T16:27:27","modified_gmt":"2025-06-28T14:27:27","slug":"bartha-istvan-%c2%a7","status":"publish","type":"product","link":"https:\/\/uj.adatbank.ro\/lexikon\/termek\/bartha-istvan-%c2%a7\/","title":{"rendered":"BARTHA Istv\u00e1n, \u00a7"},"content":{"rendered":"<p>Marosv\u00e9cs, 1889. dec. 23., \u2020 Mv. 1979. jan. 17.: tan\u00edt\u00f3, n\u00e9pm\u0171vel\u0151, \u00edr\u00f3. \u2013 A polg\u00e1ri iskol\u00e1t Mv.-en, a tan\u00edt\u00f3k\u00e9pz\u0151t Nagyenyeden v\u00e9gezte. R\u00e9szt vett az I. vh.-ban mint \u0151rmester (1914\u2013), orosz hadifogs\u00e1gba esett (1921. nov. t\u00e9rt haza), fogs\u00e1ga idej\u00e9n a Szib\u00e9riai \u00dajs\u00e1g munkat\u00e1rsa volt. Hazat\u00e9rve el\u0151sz\u00f6r falun tan\u00edt\u00f3skodott: Nagy\u00f6lyvesen, S\u00e1romberk\u00e9n (1933\u201335), majd \u00e1llami tan\u00edt\u00f3 Mv.-en (1941\u2013). A Cimbora munkat\u00e1rsa volt. Di\u00e1keml\u00e9kei, harct\u00e9ri \u00e9s fogs\u00e1gbeli \u00e9lm\u00e9nyei, a tan\u00edt\u00f3sors ihlett\u00e9k \u00edr\u00e1sra. Versk\u00f6tet\u00e9ben Ady, Gy\u00f3ni, Bartalis l\u00edr\u00e1j\u00e1nak hat\u00e1sa \u00e9rezhet\u0151, az \u00e9letanyag azonban dokumentum\u00e9rt\u00e9k\u0171. Hadrakeltem Erd\u00e9lyb\u0151l c. \u201eh\u00e1bor\u00fas nagyreg\u00e9ny\u201d-e, novell\u00e1i, D\u00f3n Est\u00e1n c. verses boh\u00f3zata, falun bemutatott iskolai sz\u00edndarabjai, Creang\u0103-ford\u00edt\u00e1sai k\u00e9ziratban a nagyenyedi Bethlen K\u00f6nyvt\u00e1rban vannak. \u2013 <strong>F. m.:<\/strong> Holtak n\u00e9znek (versek, Mv., 1929.); Felm\u00e9rtem f\u00e9rfikoromat (pr\u00f3za, Mv., 1934); <strong>antol\u00f3g.:<\/strong> Cot la vot-V\u00e1llvetve (Mv., 1936). <br \/><strong>Irod.:<\/strong> Bodolai Gy\u00f6ngyi: Megfogyva b\u00e1r&#8230; (N\u00fa., 1995. aug. 18.); Er\u00add\u00e9lyi ezredek; Ga\u00e1l G\u00e1bor: Erd\u00e9lyi notesz. Korunk 1929\/12; \u00dajrak\u00f6z\u00f6lve V\u00e1logatott \u00edr\u00e1sok I. 331\u201332); Guly\u00e1s; RMIL1.; S\u00e1romberke; Szentimrei Jen\u0151: Taposott fi\u00fa (Erd\u00e9lyi Helikon, 1930\/3); Valentiny 1935<\/br><\/p>\n","protected":false},"excerpt":{"rendered":"<p>Marosv\u00e9cs, 1889. dec. 23., \u2020 Mv. 1979. jan. 17.: tan\u00edt\u00f3, n\u00e9pm\u0171vel\u0151, \u00edr\u00f3. \u2013 A polg\u00e1ri iskol\u00e1t Mv.-en, a tan\u00edt\u00f3k\u00e9pz\u0151t Nagyenyeden v\u00e9gezte. R\u00e9szt vett az I. vh.-ban mint \u0151rmester (1914\u2013), orosz hadifogs\u00e1gba esett (1921. nov. t\u00e9rt haza), fogs\u00e1ga idej\u00e9n a Szib\u00e9riai \u00dajs\u00e1g munkat\u00e1rsa volt. Hazat\u00e9rve el\u0151sz\u00f6r falun tan\u00edt\u00f3skodott: Nagy\u00f6lyvesen, S\u00e1romberk\u00e9n (1933\u201335), majd \u00e1llami tan\u00edt\u00f3 Mv.-en (1941\u2013). [&hellip;]<\/p>\n","protected":false},"featured_media":0,"comment_status":"open","ping_status":"closed","template":"","meta":[],"product_brand":[],"product_cat":[137],"product_tag":[],"class_list":{"0":"post-4116","1":"product","2":"type-product","3":"status-publish","5":"product_cat-maros-megyei-eletrajzi-lexikon","7":"first","8":"instock","9":"shipping-taxable","10":"product-type-simple"},"_links":{"self":[{"href":"https:\/\/uj.adatbank.ro\/lexikon\/wp-json\/wp\/v2\/product\/4116","targetHints":{"allow":["GET"]}}],"collection":[{"href":"https:\/\/uj.adatbank.ro\/lexikon\/wp-json\/wp\/v2\/product"}],"about":[{"href":"https:\/\/uj.adatbank.ro\/lexikon\/wp-json\/wp\/v2\/types\/product"}],"replies":[{"embeddable":true,"href":"https:\/\/uj.adatbank.ro\/lexikon\/wp-json\/wp\/v2\/comments?post=4116"}],"wp:attachment":[{"href":"https:\/\/uj.adatbank.ro\/lexikon\/wp-json\/wp\/v2\/media?parent=4116"}],"wp:term":[{"taxonomy":"product_brand","embeddable":true,"href":"https:\/\/uj.adatbank.ro\/lexikon\/wp-json\/wp\/v2\/product_brand?post=4116"},{"taxonomy":"product_cat","embeddable":true,"href":"https:\/\/uj.adatbank.ro\/lexikon\/wp-json\/wp\/v2\/product_cat?post=4116"},{"taxonomy":"product_tag","embeddable":true,"href":"https:\/\/uj.adatbank.ro\/lexikon\/wp-json\/wp\/v2\/product_tag?post=4116"}],"curies":[{"name":"wp","href":"https:\/\/api.w.org\/{rel}","templated":true}]}}

BARTHA István, §

<p>Marosvécs, 1889. dec. 23., † Mv. 1979. jan. 17.: tanító, népművelő, író. – A polgári iskolát Mv.-en, a tanítóképzőt Nagyenyeden végezte. Részt vett az I. vh.-ban mint őrmester (1914–), orosz hadifogságba esett (1921. nov. tért haza), fogsága idején a Szibériai Újság munkatársa volt. Hazatérve először falun tanítóskodott: Nagyölyvesen, Sáromberkén (1933–35), majd állami tanító Mv.-en (1941–). A Cimbora munkatársa volt. Diákemlékei, harctéri és fogságbeli élményei, a tanítósors ihlették írásra. Verskötetében Ady, Gyóni, Bartalis lírájának hatása érezhető, az életanyag azonban dokumentumértékű. Hadrakeltem Erdélyből c. „háborús nagyregény”-e, novellái, Dón Están c. verses bohózata, falun bemutatott iskolai színdarabjai, Creangă-fordításai kéziratban a nagyenyedi Bethlen Könyvtárban vannak. – <strong>F. m.:</strong> Holtak néznek (versek, Mv., 1929.); Felmértem férfikoromat (próza, Mv., 1934); <strong>antológ.:</strong> Cot la vot-Vállvetve (Mv., 1936). <br /><strong>Irod.:</strong> Bodolai Gyöngyi: Megfogyva bár&#8230; (Nú., 1995. aug. 18.); Er­délyi ezredek; Gaál Gábor: Erdélyi notesz. Korunk 1929/12; Újraközölve Válogatott írások I. 331–32); Gulyás; RMIL1.; Sáromberke; Szentimrei Jenő: Taposott fiú (Erdélyi Helikon, 1930/3); Valentiny 1935</br></p>

<p>Marosvécs, 1889. dec. 23., † Mv. 1979. jan. 17.: tanító, népművelő, író. – A polgári iskolát Mv.-en, a tanítóképzőt Nagyenyeden végezte. Részt vett az I. vh.-ban mint őrmester (1914–), orosz hadifogságba esett (1921. nov. tért haza), fogsága idején a Szibériai Újság munkatársa volt. Hazatérve először falun tanítóskodott: Nagyölyvesen, Sáromberkén (1933–35), majd állami tanító Mv.-en (1941–). [&hellip;]</p>
