{"id":4119,"date":"2025-06-28T16:27:35","date_gmt":"2025-06-28T14:27:35","guid":{"rendered":"https:\/\/uj.adatbank.ro\/lexikon\/termek\/bartha-janos\/"},"modified":"2025-06-28T16:27:35","modified_gmt":"2025-06-28T14:27:35","slug":"bartha-janos","status":"publish","type":"product","link":"https:\/\/uj.adatbank.ro\/lexikon\/termek\/bartha-janos\/","title":{"rendered":"BARTHA J\u00e1nos"},"content":{"rendered":"<p>? \u2020\u00a0? : iskolamester. \u2013 Nagyerny\u00e9ben volt iskolamester (1750-as \u00e9vek k.). Gyulakut\u00e1n mester (1836\u20131838).<br \/><strong>Irod.:<\/strong> B\u00f6l\u00f6ni Domokos: \u00dcnnepre k\u00e9sz\u00fcl az ernyei iskola (N\u00fa., 2001. m\u00e1j. 18.)\u00ad; Imreh B.<\/br><\/p>\n","protected":false},"excerpt":{"rendered":"<p>? \u2020\u00a0? : iskolamester. \u2013 Nagyerny\u00e9ben volt iskolamester (1750-as \u00e9vek k.). Gyulakut\u00e1n mester (1836\u20131838).Irod.: B\u00f6l\u00f6ni Domokos: \u00dcnnepre k\u00e9sz\u00fcl az ernyei iskola (N\u00fa., 2001. m\u00e1j. 18.)\u00ad; Imreh B.<\/p>\n","protected":false},"featured_media":0,"comment_status":"open","ping_status":"closed","template":"","meta":[],"product_brand":[],"product_cat":[137],"product_tag":[],"class_list":{"0":"post-4119","1":"product","2":"type-product","3":"status-publish","5":"product_cat-maros-megyei-eletrajzi-lexikon","7":"first","8":"instock","9":"shipping-taxable","10":"product-type-simple"},"_links":{"self":[{"href":"https:\/\/uj.adatbank.ro\/lexikon\/wp-json\/wp\/v2\/product\/4119","targetHints":{"allow":["GET"]}}],"collection":[{"href":"https:\/\/uj.adatbank.ro\/lexikon\/wp-json\/wp\/v2\/product"}],"about":[{"href":"https:\/\/uj.adatbank.ro\/lexikon\/wp-json\/wp\/v2\/types\/product"}],"replies":[{"embeddable":true,"href":"https:\/\/uj.adatbank.ro\/lexikon\/wp-json\/wp\/v2\/comments?post=4119"}],"wp:attachment":[{"href":"https:\/\/uj.adatbank.ro\/lexikon\/wp-json\/wp\/v2\/media?parent=4119"}],"wp:term":[{"taxonomy":"product_brand","embeddable":true,"href":"https:\/\/uj.adatbank.ro\/lexikon\/wp-json\/wp\/v2\/product_brand?post=4119"},{"taxonomy":"product_cat","embeddable":true,"href":"https:\/\/uj.adatbank.ro\/lexikon\/wp-json\/wp\/v2\/product_cat?post=4119"},{"taxonomy":"product_tag","embeddable":true,"href":"https:\/\/uj.adatbank.ro\/lexikon\/wp-json\/wp\/v2\/product_tag?post=4119"}],"curies":[{"name":"wp","href":"https:\/\/api.w.org\/{rel}","templated":true}]}}