{"id":4120,"date":"2025-06-28T16:27:38","date_gmt":"2025-06-28T14:27:38","guid":{"rendered":"https:\/\/uj.adatbank.ro\/lexikon\/termek\/bartha-janos-2\/"},"modified":"2025-06-28T16:27:38","modified_gmt":"2025-06-28T14:27:38","slug":"bartha-janos-2","status":"publish","type":"product","link":"https:\/\/uj.adatbank.ro\/lexikon\/termek\/bartha-janos-2\/","title":{"rendered":"BARTHA J\u00e1nos"},"content":{"rendered":"<p>V\u00e1rkudu, 1927. nov. 17., \u2020 Mv., 2005. nov. 4. V\u00e1rkuduban temett\u00e9k el: tan\u00e1r, nyelv\u00e9sz, sajt\u00f3munkat\u00e1rs. \u2013 B. S\u00e1ndor vasutas \u00e9s Papp M\u00e1ria fia. Feles\u00e9ge: Kiss Anna tan\u00e1r. \u2013 Betlenben j\u00e1rt \u00e1ltal\u00e1nos iskol\u00e1ban (1935\u201340), D\u00e9sen az \u00e1llami gimn. tanul\u00f3ja (1940\u201348). A kv.-i BTE m. nyelv \u00e9s irodalom szak\u00e1n (1948\u201352) v\u00e9gzett, uo. gyakornok a nyelv\u00e9szeti tansz\u00e9ken (1950\u201352). A buk.-i Politikai K\u00f6nyvkiad\u00f3 szerk.-je (1952\u201353); tan\u00e1r Sepsiszentgy\u00f6rgy\u00f6n, Bar\u00f3ton, Mik\u00f3\u00fajfaluban (1953\u201361). Tan\u00e1rseg\u00e9d (1961\u201366), adjunktus a mv.-i Tan\u00e1rk\u00e9pz\u0151 F\u0151iskol\u00e1n (1966\u201381), a F\u0151iskola megsz\u00fcn\u00e9se ut\u00e1n a mv.-i \u00c9p\u00edt\u00e9szeti L\u00edc. tan\u00e1ra nyugd\u00edjaz\u00e1s\u00e1ig (1981\u201389. szept.). I. fokozat\u00fa vizsg\u00e1t tett (1982). Furuly\u00e1n \u00e9s t\u00e1rogat\u00f3n, szol\u00f3ban vagy k\u00eds\u00e9r\u0151zenek\u00e9nt el\u0151adott n\u00e9pzen\u00e9b\u0151l 150 r\u00e1di\u00f3felv\u00e9tele \u00e9s 3 lemeze k\u00e9sz\u00fclt. T\u00f6bb mint 800 nyelvm\u0171vel\u0151, k\u00f6zm\u0171vel\u0151d\u00e9si, irodalmi vonatkoz\u00e1s\u00fa cikk, tanulm\u00e1ny szerz\u0151je, az Igazs\u00e1g, Utunk, A H\u00e9t, Tan\u00fcgyi \u00dajs\u00e1g, Nyelv \u00e9s Irodalomtudom\u00e1nyi K\u00f6zlem\u00e9nyek, Igaz Sz\u00f3, M\u0171vel\u0151d\u00e9s, V. Z., N\u00fa. \u00e9s a Tan\u00e1rk\u00e9pz\u0151 F\u0151iskola k\u00f6zlem\u00e9nyeiben publik\u00e1lt. A Mv. Ter\u00fcleti R\u00e1di\u00f3 nyelvm\u0171vel\u0151 rovat\u00e1nak vezet\u0151je, szerkeszt\u0151je hossz\u00fa \u00e9vekig (1965\u201385, 1990\u20132005), a V. Z. \u00e9s N\u00fa. k\u00fcls\u0151 munkat\u00e1rsa, a sz\u00e9p, helyes besz\u00e9d \u00e9s fogalmaz\u00e1s \u00e9rdek\u00e9ben nyelvm\u0171vel\u0151 heti rovata volt (Nyelv \u00e9s \u00e9let c.). Az \u00daj \u00c9let c. lapban Nyelvm\u0171vel\u00e9s sorozata volt (1975\u201384). A Nyelv\u0151rz\u00e9s D\u00edj\u00e1val t\u00fcntett\u00e9k ki a M. Nyelv Napjai alkalm\u00e1b\u00f3l (2002. \u00e1pr.). \u2013 <strong>F. m.:<\/strong> Rom\u00e1n nyelvi elemek stilisztikai szerepe Asztalos Istv\u00e1n m\u0171veiben (NyIK-ben, 1965); T\u00e1jnyelv \u00e9s realizmus (1965); <strong>t\u00e1rssz.:<\/strong> Kis magyar stilisztika (Buk., 1968); Anyanyelv\u00fcnk m\u0171vel\u00e9se ( Buk., 1975); lemezei: Ovod\u00e1sok lemezt\u00e1ra 1. (Electrocord, Buc.: EXC 10295); A Nap \u00e1rny\u00e9ka (Electrocord, Buc.: ST-EXE 02026); Harangtiszt\u00e1n (Magyar Record, No. 6. USA); Bal\u00e1s Mezei Erzs\u00e9bet: N\u00e9pdalok; Furuly\u00e1n k\u00f6zrem\u0171k\u00f6dik B. J. (CD., Mv.-I R\u00e1di\u00f3, 1982.). <br \/><strong>Irod.:<\/strong> Id\u0151t\u00e1r 4.; Kusz\u00e1lik; [Nekrol\u00f3g] (N\u00fa., 2005. nov. 4.); RMKK; Viharban<\/br><\/p>\n","protected":false},"excerpt":{"rendered":"<p>V\u00e1rkudu, 1927. nov. 17., \u2020 Mv., 2005. nov. 4. V\u00e1rkuduban temett\u00e9k el: tan\u00e1r, nyelv\u00e9sz, sajt\u00f3munkat\u00e1rs. \u2013 B. S\u00e1ndor vasutas \u00e9s Papp M\u00e1ria fia. Feles\u00e9ge: Kiss Anna tan\u00e1r. \u2013 Betlenben j\u00e1rt \u00e1ltal\u00e1nos iskol\u00e1ban (1935\u201340), D\u00e9sen az \u00e1llami gimn. tanul\u00f3ja (1940\u201348). A kv.-i BTE m. nyelv \u00e9s irodalom szak\u00e1n (1948\u201352) v\u00e9gzett, uo. gyakornok a nyelv\u00e9szeti tansz\u00e9ken (1950\u201352). [&hellip;]<\/p>\n","protected":false},"featured_media":0,"comment_status":"open","ping_status":"closed","template":"","meta":[],"product_brand":[],"product_cat":[137],"product_tag":[],"class_list":{"0":"post-4120","1":"product","2":"type-product","3":"status-publish","5":"product_cat-maros-megyei-eletrajzi-lexikon","7":"first","8":"instock","9":"shipping-taxable","10":"product-type-simple"},"_links":{"self":[{"href":"https:\/\/uj.adatbank.ro\/lexikon\/wp-json\/wp\/v2\/product\/4120","targetHints":{"allow":["GET"]}}],"collection":[{"href":"https:\/\/uj.adatbank.ro\/lexikon\/wp-json\/wp\/v2\/product"}],"about":[{"href":"https:\/\/uj.adatbank.ro\/lexikon\/wp-json\/wp\/v2\/types\/product"}],"replies":[{"embeddable":true,"href":"https:\/\/uj.adatbank.ro\/lexikon\/wp-json\/wp\/v2\/comments?post=4120"}],"wp:attachment":[{"href":"https:\/\/uj.adatbank.ro\/lexikon\/wp-json\/wp\/v2\/media?parent=4120"}],"wp:term":[{"taxonomy":"product_brand","embeddable":true,"href":"https:\/\/uj.adatbank.ro\/lexikon\/wp-json\/wp\/v2\/product_brand?post=4120"},{"taxonomy":"product_cat","embeddable":true,"href":"https:\/\/uj.adatbank.ro\/lexikon\/wp-json\/wp\/v2\/product_cat?post=4120"},{"taxonomy":"product_tag","embeddable":true,"href":"https:\/\/uj.adatbank.ro\/lexikon\/wp-json\/wp\/v2\/product_tag?post=4120"}],"curies":[{"name":"wp","href":"https:\/\/api.w.org\/{rel}","templated":true}]}}

BARTHA János

<p>Várkudu, 1927. nov. 17., † Mv., 2005. nov. 4. Várkuduban temették el: tanár, nyelvész, sajtómunkatárs. – B. Sándor vasutas és Papp Mária fia. Felesége: Kiss Anna tanár. – Betlenben járt általános iskolában (1935–40), Désen az állami gimn. tanulója (1940–48). A kv.-i BTE m. nyelv és irodalom szakán (1948–52) végzett, uo. gyakornok a nyelvészeti tanszéken (1950–52). A buk.-i Politikai Könyvkiadó szerk.-je (1952–53); tanár Sepsiszentgyörgyön, Baróton, Mikóújfaluban (1953–61). Tanársegéd (1961–66), adjunktus a mv.-i Tanárképző Főiskolán (1966–81), a Főiskola megszünése után a mv.-i Építészeti Líc. tanára nyugdíjazásáig (1981–89. szept.). I. fokozatú vizsgát tett (1982). Furulyán és tárogatón, szolóban vagy kísérőzeneként előadott népzenéből 150 rádiófelvétele és 3 lemeze készült. Több mint 800 nyelvművelő, közművelődési, irodalmi vonatkozású cikk, tanulmány szerzője, az Igazság, Utunk, A Hét, Tanügyi Újság, Nyelv és Irodalomtudományi Közlemények, Igaz Szó, Művelődés, V. Z., Nú. és a Tanárképző Főiskola közleményeiben publikált. A Mv. Területi Rádió nyelvművelő rovatának vezetője, szerkesztője hosszú évekig (1965–85, 1990–2005), a V. Z. és Nú. külső munkatársa, a szép, helyes beszéd és fogalmazás érdekében nyelvművelő heti rovata volt (Nyelv és élet c.). Az Új Élet c. lapban Nyelvművelés sorozata volt (1975–84). A Nyelvőrzés Díjával tüntették ki a M. Nyelv Napjai alkalmából (2002. ápr.). – <strong>F. m.:</strong> Román nyelvi elemek stilisztikai szerepe Asztalos István műveiben (NyIK-ben, 1965); Tájnyelv és realizmus (1965); <strong>társsz.:</strong> Kis magyar stilisztika (Buk., 1968); Anyanyelvünk művelése ( Buk., 1975); lemezei: Ovodások lemeztára 1. (Electrocord, Buc.: EXC 10295); A Nap árnyéka (Electrocord, Buc.: ST-EXE 02026); Harangtisztán (Magyar Record, No. 6. USA); Balás Mezei Erzsébet: Népdalok; Furulyán közreműködik B. J. (CD., Mv.-I Rádió, 1982.). <br /><strong>Irod.:</strong> Időtár 4.; Kuszálik; [Nekrológ] (Nú., 2005. nov. 4.); RMKK; Viharban</br></p>

<p>Várkudu, 1927. nov. 17., † Mv., 2005. nov. 4. Várkuduban temették el: tanár, nyelvész, sajtómunkatárs. – B. Sándor vasutas és Papp Mária fia. Felesége: Kiss Anna tanár. – Betlenben járt általános iskolában (1935–40), Désen az állami gimn. tanulója (1940–48). A kv.-i BTE m. nyelv és irodalom szakán (1948–52) végzett, uo. gyakornok a nyelvészeti tanszéken (1950–52). [&hellip;]</p>
