{"id":4121,"date":"2025-06-28T16:27:42","date_gmt":"2025-06-28T14:27:42","guid":{"rendered":"https:\/\/uj.adatbank.ro\/lexikon\/termek\/bartha-janos-dalnoki\/"},"modified":"2025-06-28T16:27:42","modified_gmt":"2025-06-28T14:27:42","slug":"bartha-janos-dalnoki","status":"publish","type":"product","link":"https:\/\/uj.adatbank.ro\/lexikon\/termek\/bartha-janos-dalnoki\/","title":{"rendered":"BARTHA J\u00e1nos, d\u00e1lnoki"},"content":{"rendered":"<p>Marosfelfalu, 1884., \u2020\u00a0?\u00a0: igazgat\u00f3-tan\u00edt\u00f3. \u2013 Iskol\u00e1it a mv.-i Ref. Koll.-ban \u00e9s Kv.-on v\u00e9gezte. Pedag\u00f3giai munk\u00e1ss\u00e1g\u00e1t Kendetelepen kezdte, onnan Aba\u00faj megy\u00e9ben Ong\u00e1ra \u00e9s B\u00e1rc\u00e1ra ker\u00fclt, majd Beresztelk\u00e9n, Marosszentkir\u00e1lyon folytatta, ahol igazgat\u00f3 tan\u00edt\u00f3 volt (1920\u2013). Az els\u0151 vh.-ban a 62. \u00e9s a 128. gy. ezredben az orosz, olasz fronton harcolt, h\u00e1romszor sebes\u00fclt, z\u00e1szl\u00f3si rangot \u00e9rt el. <br \/><strong>Irod.:<\/strong> Sz\u00e9kelyf\u00f6ld \u00ed. k.<\/br><\/p>\n","protected":false},"excerpt":{"rendered":"<p>Marosfelfalu, 1884., \u2020\u00a0?\u00a0: igazgat\u00f3-tan\u00edt\u00f3. \u2013 Iskol\u00e1it a mv.-i Ref. Koll.-ban \u00e9s Kv.-on v\u00e9gezte. Pedag\u00f3giai munk\u00e1ss\u00e1g\u00e1t Kendetelepen kezdte, onnan Aba\u00faj megy\u00e9ben Ong\u00e1ra \u00e9s B\u00e1rc\u00e1ra ker\u00fclt, majd Beresztelk\u00e9n, Marosszentkir\u00e1lyon folytatta, ahol igazgat\u00f3 tan\u00edt\u00f3 volt (1920\u2013). Az els\u0151 vh.-ban a 62. \u00e9s a 128. gy. ezredben az orosz, olasz fronton harcolt, h\u00e1romszor sebes\u00fclt, z\u00e1szl\u00f3si rangot \u00e9rt el. Irod.: [&hellip;]<\/p>\n","protected":false},"featured_media":0,"comment_status":"open","ping_status":"closed","template":"","meta":[],"product_brand":[],"product_cat":[137],"product_tag":[],"class_list":{"0":"post-4121","1":"product","2":"type-product","3":"status-publish","5":"product_cat-maros-megyei-eletrajzi-lexikon","7":"first","8":"instock","9":"shipping-taxable","10":"product-type-simple"},"_links":{"self":[{"href":"https:\/\/uj.adatbank.ro\/lexikon\/wp-json\/wp\/v2\/product\/4121","targetHints":{"allow":["GET"]}}],"collection":[{"href":"https:\/\/uj.adatbank.ro\/lexikon\/wp-json\/wp\/v2\/product"}],"about":[{"href":"https:\/\/uj.adatbank.ro\/lexikon\/wp-json\/wp\/v2\/types\/product"}],"replies":[{"embeddable":true,"href":"https:\/\/uj.adatbank.ro\/lexikon\/wp-json\/wp\/v2\/comments?post=4121"}],"wp:attachment":[{"href":"https:\/\/uj.adatbank.ro\/lexikon\/wp-json\/wp\/v2\/media?parent=4121"}],"wp:term":[{"taxonomy":"product_brand","embeddable":true,"href":"https:\/\/uj.adatbank.ro\/lexikon\/wp-json\/wp\/v2\/product_brand?post=4121"},{"taxonomy":"product_cat","embeddable":true,"href":"https:\/\/uj.adatbank.ro\/lexikon\/wp-json\/wp\/v2\/product_cat?post=4121"},{"taxonomy":"product_tag","embeddable":true,"href":"https:\/\/uj.adatbank.ro\/lexikon\/wp-json\/wp\/v2\/product_tag?post=4121"}],"curies":[{"name":"wp","href":"https:\/\/api.w.org\/{rel}","templated":true}]}}

BARTHA János, dálnoki

<p>Marosfelfalu, 1884., † ? : igazgató-tanító. – Iskoláit a mv.-i Ref. Koll.-ban és Kv.-on végezte. Pedagógiai munkásságát Kendetelepen kezdte, onnan Abaúj megyében Ongára és Bárcára került, majd Beresztelkén, Marosszentkirályon folytatta, ahol igazgató tanító volt (1920–). Az első vh.-ban a 62. és a 128. gy. ezredben az orosz, olasz fronton harcolt, háromszor sebesült, zászlósi rangot ért el. <br /><strong>Irod.:</strong> Székelyföld í. k.</br></p>

<p>Marosfelfalu, 1884., † ? : igazgató-tanító. – Iskoláit a mv.-i Ref. Koll.-ban és Kv.-on végezte. Pedagógiai munkásságát Kendetelepen kezdte, onnan Abaúj megyében Ongára és Bárcára került, majd Beresztelkén, Marosszentkirályon folytatta, ahol igazgató tanító volt (1920–). Az első vh.-ban a 62. és a 128. gy. ezredben az orosz, olasz fronton harcolt, háromszor sebesült, zászlósi rangot ért el. Irod.: [&hellip;]</p>
