{"id":4122,"date":"2025-06-28T16:27:45","date_gmt":"2025-06-28T14:27:45","guid":{"rendered":"https:\/\/uj.adatbank.ro\/lexikon\/termek\/bartha-jeno-%c2%a7\/"},"modified":"2025-06-28T16:27:45","modified_gmt":"2025-06-28T14:27:45","slug":"bartha-jeno-%c2%a7","status":"publish","type":"product","link":"https:\/\/uj.adatbank.ro\/lexikon\/termek\/bartha-jeno-%c2%a7\/","title":{"rendered":"BARTHA Jen\u0151, \u00a7"},"content":{"rendered":"<p>Gyulafeh\u00e9rv\u00e1r, 1936., \u2020 Mv., 1987. j\u00fal. 25.: sporttan\u00e1r, k\u00e9zilabda-edz\u0151. \u2013 Testnevel\u00e9si f\u0151iskol\u00e1t v\u00e9gzett. A Petrozs\u00e9nyi Iskol\u00e1s Sportklub k\u00e9zilabda-edz\u0151je, Buhu\u015f-ban (!969\u201375), B\u00e1k\u00f3ban (1975\u201384), majd Mv.-en a Maros-IMATEX n\u0151i k\u00e9zilabda \u00e9s a rom\u00e1n orsz\u00e1gos v\u00e1logatott csapat\u00e1nak edz\u0151je (1984\u201387), a csapat Rom\u00e1nia-kup\u00e1t nyert (1987). A mv.-i Maros n\u0151i k\u00e9zilabdacsapata hagyom\u00e1nyosan minden \u00e9v aug.-ban B. J. eml\u00e9kversenyt rendez. <br \/><strong>Irod.:<\/strong> Nagy Mikl\u00f3s Kund: A k\u00e9zilabda az \u00e9letem (V. Z., 1986. febr. 25.); B. J. [Nekrol\u00f3g] (V. Z., 1987. j\u00fal. 28.); Szab\u00f3 Andr\u00e1s: B. J. eml\u00e9k\u00e9re (N\u00fa., 1999. m\u00e1rc. 15.)<\/br><\/p>\n","protected":false},"excerpt":{"rendered":"<p>Gyulafeh\u00e9rv\u00e1r, 1936., \u2020 Mv., 1987. j\u00fal. 25.: sporttan\u00e1r, k\u00e9zilabda-edz\u0151. \u2013 Testnevel\u00e9si f\u0151iskol\u00e1t v\u00e9gzett. A Petrozs\u00e9nyi Iskol\u00e1s Sportklub k\u00e9zilabda-edz\u0151je, Buhu\u015f-ban (!969\u201375), B\u00e1k\u00f3ban (1975\u201384), majd Mv.-en a Maros-IMATEX n\u0151i k\u00e9zilabda \u00e9s a rom\u00e1n orsz\u00e1gos v\u00e1logatott csapat\u00e1nak edz\u0151je (1984\u201387), a csapat Rom\u00e1nia-kup\u00e1t nyert (1987). A mv.-i Maros n\u0151i k\u00e9zilabdacsapata hagyom\u00e1nyosan minden \u00e9v aug.-ban B. J. eml\u00e9kversenyt rendez. Irod.: [&hellip;]<\/p>\n","protected":false},"featured_media":0,"comment_status":"open","ping_status":"closed","template":"","meta":[],"product_brand":[],"product_cat":[137],"product_tag":[],"class_list":{"0":"post-4122","1":"product","2":"type-product","3":"status-publish","5":"product_cat-maros-megyei-eletrajzi-lexikon","7":"first","8":"instock","9":"shipping-taxable","10":"product-type-simple"},"_links":{"self":[{"href":"https:\/\/uj.adatbank.ro\/lexikon\/wp-json\/wp\/v2\/product\/4122","targetHints":{"allow":["GET"]}}],"collection":[{"href":"https:\/\/uj.adatbank.ro\/lexikon\/wp-json\/wp\/v2\/product"}],"about":[{"href":"https:\/\/uj.adatbank.ro\/lexikon\/wp-json\/wp\/v2\/types\/product"}],"replies":[{"embeddable":true,"href":"https:\/\/uj.adatbank.ro\/lexikon\/wp-json\/wp\/v2\/comments?post=4122"}],"wp:attachment":[{"href":"https:\/\/uj.adatbank.ro\/lexikon\/wp-json\/wp\/v2\/media?parent=4122"}],"wp:term":[{"taxonomy":"product_brand","embeddable":true,"href":"https:\/\/uj.adatbank.ro\/lexikon\/wp-json\/wp\/v2\/product_brand?post=4122"},{"taxonomy":"product_cat","embeddable":true,"href":"https:\/\/uj.adatbank.ro\/lexikon\/wp-json\/wp\/v2\/product_cat?post=4122"},{"taxonomy":"product_tag","embeddable":true,"href":"https:\/\/uj.adatbank.ro\/lexikon\/wp-json\/wp\/v2\/product_tag?post=4122"}],"curies":[{"name":"wp","href":"https:\/\/api.w.org\/{rel}","templated":true}]}}

BARTHA Jenő, §

<p>Gyulafehérvár, 1936., † Mv., 1987. júl. 25.: sporttanár, kézilabda-edző. – Testnevelési főiskolát végzett. A Petrozsényi Iskolás Sportklub kézilabda-edzője, Buhuş-ban (!969–75), Bákóban (1975–84), majd Mv.-en a Maros-IMATEX női kézilabda és a román országos válogatott csapatának edzője (1984–87), a csapat Románia-kupát nyert (1987). A mv.-i Maros női kézilabdacsapata hagyományosan minden év aug.-ban B. J. emlékversenyt rendez. <br /><strong>Irod.:</strong> Nagy Miklós Kund: A kézilabda az életem (V. Z., 1986. febr. 25.); B. J. [Nekrológ] (V. Z., 1987. júl. 28.); Szabó András: B. J. emlékére (Nú., 1999. márc. 15.)</br></p>

<p>Gyulafehérvár, 1936., † Mv., 1987. júl. 25.: sporttanár, kézilabda-edző. – Testnevelési főiskolát végzett. A Petrozsényi Iskolás Sportklub kézilabda-edzője, Buhuş-ban (!969–75), Bákóban (1975–84), majd Mv.-en a Maros-IMATEX női kézilabda és a román országos válogatott csapatának edzője (1984–87), a csapat Románia-kupát nyert (1987). A mv.-i Maros női kézilabdacsapata hagyományosan minden év aug.-ban B. J. emlékversenyt rendez. Irod.: [&hellip;]</p>
