{"id":4130,"date":"2025-06-28T16:28:08","date_gmt":"2025-06-28T14:28:08","guid":{"rendered":"https:\/\/uj.adatbank.ro\/lexikon\/termek\/bartha-lukacs\/"},"modified":"2025-06-28T16:28:08","modified_gmt":"2025-06-28T14:28:08","slug":"bartha-lukacs","status":"publish","type":"product","link":"https:\/\/uj.adatbank.ro\/lexikon\/termek\/bartha-lukacs\/","title":{"rendered":"BARTHA Luk\u00e1cs"},"content":{"rendered":"<p>? \u2020\u00a0? : tan\u00edt\u00f3. \u2013 A mez\u0151b\u00e1ndi \u00e1llami elemi. isk. tan\u00edt\u00f3ja, iskolaigazgat\u00f3 (1903). A MT megyei \u00c1ltal\u00e1nos Tan\u00edt\u00f3test\u00fclet Mez\u0151s\u00e9gi k\u00f6r\u00e9nek egyik alap\u00edt\u00f3ja (1883), jegyz\u0151je (1887), eln\u00f6ke (1899). Ir\u00e1sai az Eml\u00e9kk\u00f6nyv a MT megyei \u00c1ltal\u00e1nos Tan\u00edt\u00f3test\u00fclet a 25 \u00e9ves jubileuma alkalm\u00e1b\u00f3l c. k\u00f6tetben. <br \/><strong>Irod.:<\/strong> Eml\u00e9kk\u00f6nyv<\/br><\/p>\n","protected":false},"excerpt":{"rendered":"<p>? \u2020\u00a0? : tan\u00edt\u00f3. \u2013 A mez\u0151b\u00e1ndi \u00e1llami elemi. isk. tan\u00edt\u00f3ja, iskolaigazgat\u00f3 (1903). A MT megyei \u00c1ltal\u00e1nos Tan\u00edt\u00f3test\u00fclet Mez\u0151s\u00e9gi k\u00f6r\u00e9nek egyik alap\u00edt\u00f3ja (1883), jegyz\u0151je (1887), eln\u00f6ke (1899). Ir\u00e1sai az Eml\u00e9kk\u00f6nyv a MT megyei \u00c1ltal\u00e1nos Tan\u00edt\u00f3test\u00fclet a 25 \u00e9ves jubileuma alkalm\u00e1b\u00f3l c. k\u00f6tetben. Irod.: Eml\u00e9kk\u00f6nyv<\/p>\n","protected":false},"featured_media":0,"comment_status":"open","ping_status":"closed","template":"","meta":[],"product_brand":[],"product_cat":[137],"product_tag":[],"class_list":{"0":"post-4130","1":"product","2":"type-product","3":"status-publish","5":"product_cat-maros-megyei-eletrajzi-lexikon","7":"first","8":"instock","9":"shipping-taxable","10":"product-type-simple"},"_links":{"self":[{"href":"https:\/\/uj.adatbank.ro\/lexikon\/wp-json\/wp\/v2\/product\/4130","targetHints":{"allow":["GET"]}}],"collection":[{"href":"https:\/\/uj.adatbank.ro\/lexikon\/wp-json\/wp\/v2\/product"}],"about":[{"href":"https:\/\/uj.adatbank.ro\/lexikon\/wp-json\/wp\/v2\/types\/product"}],"replies":[{"embeddable":true,"href":"https:\/\/uj.adatbank.ro\/lexikon\/wp-json\/wp\/v2\/comments?post=4130"}],"wp:attachment":[{"href":"https:\/\/uj.adatbank.ro\/lexikon\/wp-json\/wp\/v2\/media?parent=4130"}],"wp:term":[{"taxonomy":"product_brand","embeddable":true,"href":"https:\/\/uj.adatbank.ro\/lexikon\/wp-json\/wp\/v2\/product_brand?post=4130"},{"taxonomy":"product_cat","embeddable":true,"href":"https:\/\/uj.adatbank.ro\/lexikon\/wp-json\/wp\/v2\/product_cat?post=4130"},{"taxonomy":"product_tag","embeddable":true,"href":"https:\/\/uj.adatbank.ro\/lexikon\/wp-json\/wp\/v2\/product_tag?post=4130"}],"curies":[{"name":"wp","href":"https:\/\/api.w.org\/{rel}","templated":true}]}}

BARTHA Lukács

<p>? † ? : tanító. – A mezőbándi állami elemi. isk. tanítója, iskolaigazgató (1903). A MT megyei Általános Tanítótestület Mezőségi körének egyik alapítója (1883), jegyzője (1887), elnöke (1899). Irásai az Emlékkönyv a MT megyei Általános Tanítótestület a 25 éves jubileuma alkalmából c. kötetben. <br /><strong>Irod.:</strong> Emlékkönyv</br></p>

<p>? † ? : tanító. – A mezőbándi állami elemi. isk. tanítója, iskolaigazgató (1903). A MT megyei Általános Tanítótestület Mezőségi körének egyik alapítója (1883), jegyzője (1887), elnöke (1899). Irásai az Emlékkönyv a MT megyei Általános Tanítótestület a 25 éves jubileuma alkalmából c. kötetben. Irod.: Emlékkönyv</p>
