{"id":4131,"date":"2025-06-28T16:28:11","date_gmt":"2025-06-28T14:28:11","guid":{"rendered":"https:\/\/uj.adatbank.ro\/lexikon\/termek\/bartha-mihaly\/"},"modified":"2025-06-28T16:28:11","modified_gmt":"2025-06-28T14:28:11","slug":"bartha-mihaly","status":"publish","type":"product","link":"https:\/\/uj.adatbank.ro\/lexikon\/termek\/bartha-mihaly\/","title":{"rendered":"BARTHA Mih\u00e1ly"},"content":{"rendered":"<p>? \u2020 ? : csisz\u00e1r, v\u00e1rosi polg\u00e1r. \u2013 Mv.-en cs\u00edsz\u00e1r (1657), v\u00e1rosi polg\u00e1rr\u00e1 esk\u00fcd\u00f6tt (1660). <br \/><strong>Irod.:<\/strong> P\u00e1l-Antal 2006<\/br><\/p>\n","protected":false},"excerpt":{"rendered":"<p>? \u2020 ? : csisz\u00e1r, v\u00e1rosi polg\u00e1r. \u2013 Mv.-en cs\u00edsz\u00e1r (1657), v\u00e1rosi polg\u00e1rr\u00e1 esk\u00fcd\u00f6tt (1660). Irod.: P\u00e1l-Antal 2006<\/p>\n","protected":false},"featured_media":0,"comment_status":"open","ping_status":"closed","template":"","meta":[],"product_brand":[],"product_cat":[137],"product_tag":[],"class_list":{"0":"post-4131","1":"product","2":"type-product","3":"status-publish","5":"product_cat-maros-megyei-eletrajzi-lexikon","7":"first","8":"instock","9":"shipping-taxable","10":"product-type-simple"},"_links":{"self":[{"href":"https:\/\/uj.adatbank.ro\/lexikon\/wp-json\/wp\/v2\/product\/4131","targetHints":{"allow":["GET"]}}],"collection":[{"href":"https:\/\/uj.adatbank.ro\/lexikon\/wp-json\/wp\/v2\/product"}],"about":[{"href":"https:\/\/uj.adatbank.ro\/lexikon\/wp-json\/wp\/v2\/types\/product"}],"replies":[{"embeddable":true,"href":"https:\/\/uj.adatbank.ro\/lexikon\/wp-json\/wp\/v2\/comments?post=4131"}],"wp:attachment":[{"href":"https:\/\/uj.adatbank.ro\/lexikon\/wp-json\/wp\/v2\/media?parent=4131"}],"wp:term":[{"taxonomy":"product_brand","embeddable":true,"href":"https:\/\/uj.adatbank.ro\/lexikon\/wp-json\/wp\/v2\/product_brand?post=4131"},{"taxonomy":"product_cat","embeddable":true,"href":"https:\/\/uj.adatbank.ro\/lexikon\/wp-json\/wp\/v2\/product_cat?post=4131"},{"taxonomy":"product_tag","embeddable":true,"href":"https:\/\/uj.adatbank.ro\/lexikon\/wp-json\/wp\/v2\/product_tag?post=4131"}],"curies":[{"name":"wp","href":"https:\/\/api.w.org\/{rel}","templated":true}]}}