{"id":4136,"date":"2025-06-28T16:28:25","date_gmt":"2025-06-28T14:28:25","guid":{"rendered":"https:\/\/uj.adatbank.ro\/lexikon\/termek\/bartha-peter-kolpenyi\/"},"modified":"2025-06-28T16:28:25","modified_gmt":"2025-06-28T14:28:25","slug":"bartha-peter-kolpenyi","status":"publish","type":"product","link":"https:\/\/uj.adatbank.ro\/lexikon\/termek\/bartha-peter-kolpenyi\/","title":{"rendered":"BARTHA P\u00e9ter; k\u00f6lp\u00e9nyi"},"content":{"rendered":"<p>? \u2020 ? : lovas-pusk\u00e1s. \u2013 A Csontos Gy\u00f6rgy hadnagys\u00e1ga alatt szolg\u00e1l\u00f3 marossz\u00e9ki lovas pusk\u00e1st a havaselveii hadj\u00e1ratban tan\u00fas\u00edtott h\u0171s\u00e9ges szolg\u00e1latai jutalm\u00e1ul l\u00f3f\u00f6v\u00e9 tette II. R\u00e1k\u00f3czi Gy\u00f6rgy, azzal a kik\u00f6t\u00e9ssel, hogy j\u00f3 l\u00f3val, karddal, hossz\u00fa pusk\u00e1val, porral \u00e9s goly\u00f3val felszerelve minden hadj\u00e1ratra k\u00e9szen \u00e1lljon \u00e9s sz\u00fcks\u00e9g eset\u00e9n a l\u00f3r\u00f3l lesz\u00e1llva gyalog is harcoljon (Kelt : Plojest melletti t\u00e1borban Havasalf\u00f6ld\u00e9n 1656. jun. 28). <br \/><strong>Irod.:<\/strong> SzOkl, 6<\/br><\/p>\n","protected":false},"excerpt":{"rendered":"<p>? \u2020 ? : lovas-pusk\u00e1s. \u2013 A Csontos Gy\u00f6rgy hadnagys\u00e1ga alatt szolg\u00e1l\u00f3 marossz\u00e9ki lovas pusk\u00e1st a havaselveii hadj\u00e1ratban tan\u00fas\u00edtott h\u0171s\u00e9ges szolg\u00e1latai jutalm\u00e1ul l\u00f3f\u00f6v\u00e9 tette II. R\u00e1k\u00f3czi Gy\u00f6rgy, azzal a kik\u00f6t\u00e9ssel, hogy j\u00f3 l\u00f3val, karddal, hossz\u00fa pusk\u00e1val, porral \u00e9s goly\u00f3val felszerelve minden hadj\u00e1ratra k\u00e9szen \u00e1lljon \u00e9s sz\u00fcks\u00e9g eset\u00e9n a l\u00f3r\u00f3l lesz\u00e1llva gyalog is harcoljon (Kelt : [&hellip;]<\/p>\n","protected":false},"featured_media":0,"comment_status":"open","ping_status":"closed","template":"","meta":[],"product_brand":[],"product_cat":[137],"product_tag":[],"class_list":{"0":"post-4136","1":"product","2":"type-product","3":"status-publish","5":"product_cat-maros-megyei-eletrajzi-lexikon","7":"first","8":"instock","9":"shipping-taxable","10":"product-type-simple"},"_links":{"self":[{"href":"https:\/\/uj.adatbank.ro\/lexikon\/wp-json\/wp\/v2\/product\/4136","targetHints":{"allow":["GET"]}}],"collection":[{"href":"https:\/\/uj.adatbank.ro\/lexikon\/wp-json\/wp\/v2\/product"}],"about":[{"href":"https:\/\/uj.adatbank.ro\/lexikon\/wp-json\/wp\/v2\/types\/product"}],"replies":[{"embeddable":true,"href":"https:\/\/uj.adatbank.ro\/lexikon\/wp-json\/wp\/v2\/comments?post=4136"}],"wp:attachment":[{"href":"https:\/\/uj.adatbank.ro\/lexikon\/wp-json\/wp\/v2\/media?parent=4136"}],"wp:term":[{"taxonomy":"product_brand","embeddable":true,"href":"https:\/\/uj.adatbank.ro\/lexikon\/wp-json\/wp\/v2\/product_brand?post=4136"},{"taxonomy":"product_cat","embeddable":true,"href":"https:\/\/uj.adatbank.ro\/lexikon\/wp-json\/wp\/v2\/product_cat?post=4136"},{"taxonomy":"product_tag","embeddable":true,"href":"https:\/\/uj.adatbank.ro\/lexikon\/wp-json\/wp\/v2\/product_tag?post=4136"}],"curies":[{"name":"wp","href":"https:\/\/api.w.org\/{rel}","templated":true}]}}

BARTHA Péter; kölpényi

<p>? † ? : lovas-puskás. – A Csontos György hadnagysága alatt szolgáló marosszéki lovas puskást a havaselveii hadjáratban tanúsított hűséges szolgálatai jutalmául lófövé tette II. Rákóczi György, azzal a kikötéssel, hogy jó lóval, karddal, hosszú puskával, porral és golyóval felszerelve minden hadjáratra készen álljon és szükség esetén a lóról leszállva gyalog is harcoljon (Kelt : Plojest melletti táborban Havasalföldén 1656. jun. 28). <br /><strong>Irod.:</strong> SzOkl, 6</br></p>

<p>? † ? : lovas-puskás. – A Csontos György hadnagysága alatt szolgáló marosszéki lovas puskást a havaselveii hadjáratban tanúsított hűséges szolgálatai jutalmául lófövé tette II. Rákóczi György, azzal a kikötéssel, hogy jó lóval, karddal, hosszú puskával, porral és golyóval felszerelve minden hadjáratra készen álljon és szükség esetén a lóról leszállva gyalog is harcoljon (Kelt : [&hellip;]</p>
