{"id":4137,"date":"2025-06-28T16:28:29","date_gmt":"2025-06-28T14:28:29","guid":{"rendered":"https:\/\/uj.adatbank.ro\/lexikon\/termek\/bartha-sandor\/"},"modified":"2025-06-28T16:28:29","modified_gmt":"2025-06-28T14:28:29","slug":"bartha-sandor","status":"publish","type":"product","link":"https:\/\/uj.adatbank.ro\/lexikon\/termek\/bartha-sandor\/","title":{"rendered":"BARTHA S\u00e1ndor"},"content":{"rendered":"<p>1927., \u2020 Mv., 1990. dec. 6.: agr\u00e1rm\u00e9rn\u00f6k-tan\u00e1r. \u2013 A Mez\u0151gazdas\u00e1gi L\u00edc. tan\u00e1ra. <br \/><strong>Irod.:<\/strong> [Nekrol\u00f3g] (N\u00fa., 1990. dec. 8.)<\/br><\/p>\n","protected":false},"excerpt":{"rendered":"<p>1927., \u2020 Mv., 1990. dec. 6.: agr\u00e1rm\u00e9rn\u00f6k-tan\u00e1r. \u2013 A Mez\u0151gazdas\u00e1gi L\u00edc. tan\u00e1ra. Irod.: [Nekrol\u00f3g] (N\u00fa., 1990. dec. 8.)<\/p>\n","protected":false},"featured_media":0,"comment_status":"open","ping_status":"closed","template":"","meta":[],"product_brand":[],"product_cat":[137],"product_tag":[],"class_list":{"0":"post-4137","1":"product","2":"type-product","3":"status-publish","5":"product_cat-maros-megyei-eletrajzi-lexikon","7":"first","8":"instock","9":"shipping-taxable","10":"product-type-simple"},"_links":{"self":[{"href":"https:\/\/uj.adatbank.ro\/lexikon\/wp-json\/wp\/v2\/product\/4137","targetHints":{"allow":["GET"]}}],"collection":[{"href":"https:\/\/uj.adatbank.ro\/lexikon\/wp-json\/wp\/v2\/product"}],"about":[{"href":"https:\/\/uj.adatbank.ro\/lexikon\/wp-json\/wp\/v2\/types\/product"}],"replies":[{"embeddable":true,"href":"https:\/\/uj.adatbank.ro\/lexikon\/wp-json\/wp\/v2\/comments?post=4137"}],"wp:attachment":[{"href":"https:\/\/uj.adatbank.ro\/lexikon\/wp-json\/wp\/v2\/media?parent=4137"}],"wp:term":[{"taxonomy":"product_brand","embeddable":true,"href":"https:\/\/uj.adatbank.ro\/lexikon\/wp-json\/wp\/v2\/product_brand?post=4137"},{"taxonomy":"product_cat","embeddable":true,"href":"https:\/\/uj.adatbank.ro\/lexikon\/wp-json\/wp\/v2\/product_cat?post=4137"},{"taxonomy":"product_tag","embeddable":true,"href":"https:\/\/uj.adatbank.ro\/lexikon\/wp-json\/wp\/v2\/product_tag?post=4137"}],"curies":[{"name":"wp","href":"https:\/\/api.w.org\/{rel}","templated":true}]}}