{"id":4142,"date":"2025-06-28T16:28:43","date_gmt":"2025-06-28T14:28:43","guid":{"rendered":"https:\/\/uj.adatbank.ro\/lexikon\/termek\/barthos-gabor-albisi\/"},"modified":"2025-06-28T16:28:43","modified_gmt":"2025-06-28T14:28:43","slug":"barthos-gabor-albisi","status":"publish","type":"product","link":"https:\/\/uj.adatbank.ro\/lexikon\/termek\/barthos-gabor-albisi\/","title":{"rendered":"BARTHOS G\u00e1bor, albisi"},"content":{"rendered":"<p>Mez\u0151bergenye, 1898., \u2020\u00a0Marosszentkir\u00e1ly, 1984. jan. 7.: tan\u00edt\u00f3, ref. k\u00e1ntor. \u2013 Tanulm\u00e1nyait a nagyenyedi tan\u00edt\u00f3k\u00e9pz\u0151ben v\u00e9gezte (1919). Tan\u00edtott Mez\u0151paniton (1921\u201344). Az els\u0151 vh.-ban a 22. gy. e.-ben az orosz, olasz fronton harcolt, mint z\u00e1szl\u00f3s szerelt le. A ref. egyh\u00e1z k\u00e1ntora, a presbit\u00e9rium jegyz\u0151je, a v\u00e1rmegyei F\u00f6ldm\u0171ves Sz\u00f6vets\u00e9g aleln\u00f6ke. Ifj\u00fas\u00e1gi \u00e9nekkart, majd f\u00e9rfi dal\u00e1rd\u00e1t szervezett \u00e9s vezetett a faluban K\u00e1d\u00e1r M\u00e1rtonnal egy\u00fctt. Tan\u00edt\u00f3-karmester volt (1954-ig). <br \/><strong>Irod.:<\/strong> Mez\u0151panit; [Nekrol\u00f3g] (V. Z., 1984. jan. 8.); Sz\u00e9kelyf\u00f6ld \u00ed. k.<\/br><\/p>\n","protected":false},"excerpt":{"rendered":"<p>Mez\u0151bergenye, 1898., \u2020\u00a0Marosszentkir\u00e1ly, 1984. jan. 7.: tan\u00edt\u00f3, ref. k\u00e1ntor. \u2013 Tanulm\u00e1nyait a nagyenyedi tan\u00edt\u00f3k\u00e9pz\u0151ben v\u00e9gezte (1919). Tan\u00edtott Mez\u0151paniton (1921\u201344). Az els\u0151 vh.-ban a 22. gy. e.-ben az orosz, olasz fronton harcolt, mint z\u00e1szl\u00f3s szerelt le. A ref. egyh\u00e1z k\u00e1ntora, a presbit\u00e9rium jegyz\u0151je, a v\u00e1rmegyei F\u00f6ldm\u0171ves Sz\u00f6vets\u00e9g aleln\u00f6ke. Ifj\u00fas\u00e1gi \u00e9nekkart, majd f\u00e9rfi dal\u00e1rd\u00e1t szervezett \u00e9s vezetett [&hellip;]<\/p>\n","protected":false},"featured_media":0,"comment_status":"open","ping_status":"closed","template":"","meta":[],"product_brand":[],"product_cat":[137],"product_tag":[],"class_list":{"0":"post-4142","1":"product","2":"type-product","3":"status-publish","5":"product_cat-maros-megyei-eletrajzi-lexikon","7":"first","8":"instock","9":"shipping-taxable","10":"product-type-simple"},"_links":{"self":[{"href":"https:\/\/uj.adatbank.ro\/lexikon\/wp-json\/wp\/v2\/product\/4142","targetHints":{"allow":["GET"]}}],"collection":[{"href":"https:\/\/uj.adatbank.ro\/lexikon\/wp-json\/wp\/v2\/product"}],"about":[{"href":"https:\/\/uj.adatbank.ro\/lexikon\/wp-json\/wp\/v2\/types\/product"}],"replies":[{"embeddable":true,"href":"https:\/\/uj.adatbank.ro\/lexikon\/wp-json\/wp\/v2\/comments?post=4142"}],"wp:attachment":[{"href":"https:\/\/uj.adatbank.ro\/lexikon\/wp-json\/wp\/v2\/media?parent=4142"}],"wp:term":[{"taxonomy":"product_brand","embeddable":true,"href":"https:\/\/uj.adatbank.ro\/lexikon\/wp-json\/wp\/v2\/product_brand?post=4142"},{"taxonomy":"product_cat","embeddable":true,"href":"https:\/\/uj.adatbank.ro\/lexikon\/wp-json\/wp\/v2\/product_cat?post=4142"},{"taxonomy":"product_tag","embeddable":true,"href":"https:\/\/uj.adatbank.ro\/lexikon\/wp-json\/wp\/v2\/product_tag?post=4142"}],"curies":[{"name":"wp","href":"https:\/\/api.w.org\/{rel}","templated":true}]}}

BARTHOS Gábor, albisi

<p>Mezőbergenye, 1898., † Marosszentkirály, 1984. jan. 7.: tanító, ref. kántor. – Tanulmányait a nagyenyedi tanítóképzőben végezte (1919). Tanított Mezőpaniton (1921–44). Az első vh.-ban a 22. gy. e.-ben az orosz, olasz fronton harcolt, mint zászlós szerelt le. A ref. egyház kántora, a presbitérium jegyzője, a vármegyei Földműves Szövetség alelnöke. Ifjúsági énekkart, majd férfi dalárdát szervezett és vezetett a faluban Kádár Mártonnal együtt. Tanító-karmester volt (1954-ig). <br /><strong>Irod.:</strong> Mezőpanit; [Nekrológ] (V. Z., 1984. jan. 8.); Székelyföld í. k.</br></p>

<p>Mezőbergenye, 1898., † Marosszentkirály, 1984. jan. 7.: tanító, ref. kántor. – Tanulmányait a nagyenyedi tanítóképzőben végezte (1919). Tanított Mezőpaniton (1921–44). Az első vh.-ban a 22. gy. e.-ben az orosz, olasz fronton harcolt, mint zászlós szerelt le. A ref. egyház kántora, a presbitérium jegyzője, a vármegyei Földműves Szövetség alelnöke. Ifjúsági énekkart, majd férfi dalárdát szervezett és vezetett [&hellip;]</p>
