{"id":4143,"date":"2025-06-28T16:28:47","date_gmt":"2025-06-28T14:28:47","guid":{"rendered":"https:\/\/uj.adatbank.ro\/lexikon\/termek\/barthos-indar-albisi\/"},"modified":"2025-06-28T16:28:47","modified_gmt":"2025-06-28T14:28:47","slug":"barthos-indar-albisi","status":"publish","type":"product","link":"https:\/\/uj.adatbank.ro\/lexikon\/termek\/barthos-indar-albisi\/","title":{"rendered":"BARTHOS Ind\u00e1r, albisi"},"content":{"rendered":"<p>S\u00f6v\u00e9nyfalva, 1879. \u00e1pr. 19., \u2020\u00a0?: t\u00f6rt\u00e9nelem-f\u00f6ldrajz tan\u00e1r, tanker\u00fcleti f\u0151igazgat\u00f3, tan\u00fcgyi f\u0151tan\u00e1csos. \u2013 Az egyetemet Kv.-on \u00e9s Bp.-en v\u00e9gezte. Tan\u00edtott D\u00e9v\u00e1n (1903-09). A bp.-i \u00c1rp\u00e1d Gimn. tan\u00e1rak\u00e9nt, az els\u0151 vh.-ban m\u00e1r az els\u0151 \u00e9vben kiker\u00fclt a frontra. Bp.-en (1919\u2013), a vall. \u00e9s k\u00f6zokatat\u00e1si miniszt\u00e9riumban ped. el\u0151ad\u00f3 (1928\u201335). Cikkei a D\u00e9va \u00e9s Vid\u00e9ke, Hunyadmegye, a Hunyadm. T\u00f6rt. \u00e9s R\u00e9g. T\u00e1rs. Evk\u00f6nyvei-ben. Szerkesztette a: Hunyadm. T\u00f6rt. \u00e9s R\u00e9g. T\u00e1rs. Evk\u00f6nyveit, a bp.-i Csoma re\u00e1liskola \u00e9s a pesterzs\u00e9beti \u00c1ll. Re\u00e1lgimn. \u00c9rtes\u00edt\u0151j\u00e9t, a K\u00f6z\u00e9piskolai tan\u00e1rok n\u00e9vk\u00f6nyv\u00e9t (1922\u201331), a K\u00f6z\u00e9piskolai tan\u00e1ri zsebk\u00f6nyve (1934). \u2013 <strong>F. m.:<\/strong> A bp-i III. ker. All. F\u0151gimn. Tan\u00e1ri k\u00f6nyvt\u00e1r\u00e1nak katal\u00f3gusa. 2. r\u00e9sz (Bp., 1912); T\u00f6rt\u00e9nelmi atlasz Mo. t\u00f6rt\u00e9nelm\u00e9nek tan\u00edt\u00e1s\u00e1hoz (Bp., 1926); It\u00e1lia az \u00f3korban (Bp., 1930); Kelet az \u00f3korban (Bp., 1930); Az \u00f3kori G\u00f6r\u00f6gorsz\u00e1g a d\u00f3r v\u00e1ndorl\u00e1s ut\u00e1n (Bp., 1930); A r\u00f3mai birodalom Kr. e. 31- Kr. u. 180-ig (Bp., 1930); Eur\u00f3pa 1812-ben (Bp., 1931); Eur\u00f3pa a vall\u00e1sh\u00e1bor\u00fak kor\u00e1ban (Bp., 1931); Eur\u00f3pa a 18. sz\u00e1zad els\u0151 fel\u00e9ben (Bp., 1931); M. t\u00f6rt. atlasz a m. nemzet t\u00f6rt\u00e9nete \u0151sid\u0151kt\u0151l napjainkig. Irt\u00e1k Asztalos Mikl\u00f3s \u00e9s Peth\u0151 S\u00e1ndor c. m\u0171h\u00f6z (Bp., 1933); Egyetemes t\u00f6rt. atlasz (Bp., 1935). <br \/><strong>Irod.:<\/strong> Guly\u00e1s<\/br><\/p>\n","protected":false},"excerpt":{"rendered":"<p>S\u00f6v\u00e9nyfalva, 1879. \u00e1pr. 19., \u2020\u00a0?: t\u00f6rt\u00e9nelem-f\u00f6ldrajz tan\u00e1r, tanker\u00fcleti f\u0151igazgat\u00f3, tan\u00fcgyi f\u0151tan\u00e1csos. \u2013 Az egyetemet Kv.-on \u00e9s Bp.-en v\u00e9gezte. Tan\u00edtott D\u00e9v\u00e1n (1903-09). A bp.-i \u00c1rp\u00e1d Gimn. tan\u00e1rak\u00e9nt, az els\u0151 vh.-ban m\u00e1r az els\u0151 \u00e9vben kiker\u00fclt a frontra. Bp.-en (1919\u2013), a vall. \u00e9s k\u00f6zokatat\u00e1si miniszt\u00e9riumban ped. el\u0151ad\u00f3 (1928\u201335). Cikkei a D\u00e9va \u00e9s Vid\u00e9ke, Hunyadmegye, a Hunyadm. T\u00f6rt. [&hellip;]<\/p>\n","protected":false},"featured_media":0,"comment_status":"open","ping_status":"closed","template":"","meta":[],"product_brand":[],"product_cat":[137],"product_tag":[],"class_list":{"0":"post-4143","1":"product","2":"type-product","3":"status-publish","5":"product_cat-maros-megyei-eletrajzi-lexikon","7":"first","8":"instock","9":"shipping-taxable","10":"product-type-simple"},"_links":{"self":[{"href":"https:\/\/uj.adatbank.ro\/lexikon\/wp-json\/wp\/v2\/product\/4143","targetHints":{"allow":["GET"]}}],"collection":[{"href":"https:\/\/uj.adatbank.ro\/lexikon\/wp-json\/wp\/v2\/product"}],"about":[{"href":"https:\/\/uj.adatbank.ro\/lexikon\/wp-json\/wp\/v2\/types\/product"}],"replies":[{"embeddable":true,"href":"https:\/\/uj.adatbank.ro\/lexikon\/wp-json\/wp\/v2\/comments?post=4143"}],"wp:attachment":[{"href":"https:\/\/uj.adatbank.ro\/lexikon\/wp-json\/wp\/v2\/media?parent=4143"}],"wp:term":[{"taxonomy":"product_brand","embeddable":true,"href":"https:\/\/uj.adatbank.ro\/lexikon\/wp-json\/wp\/v2\/product_brand?post=4143"},{"taxonomy":"product_cat","embeddable":true,"href":"https:\/\/uj.adatbank.ro\/lexikon\/wp-json\/wp\/v2\/product_cat?post=4143"},{"taxonomy":"product_tag","embeddable":true,"href":"https:\/\/uj.adatbank.ro\/lexikon\/wp-json\/wp\/v2\/product_tag?post=4143"}],"curies":[{"name":"wp","href":"https:\/\/api.w.org\/{rel}","templated":true}]}}

BARTHOS Indár, albisi

<p>Sövényfalva, 1879. ápr. 19., † ?: történelem-földrajz tanár, tankerületi főigazgató, tanügyi főtanácsos. – Az egyetemet Kv.-on és Bp.-en végezte. Tanított Déván (1903-09). A bp.-i Árpád Gimn. tanáraként, az első vh.-ban már az első évben kikerült a frontra. Bp.-en (1919–), a vall. és közokatatási minisztériumban ped. előadó (1928–35). Cikkei a Déva és Vidéke, Hunyadmegye, a Hunyadm. Tört. és Rég. Társ. Evkönyvei-ben. Szerkesztette a: Hunyadm. Tört. és Rég. Társ. Evkönyveit, a bp.-i Csoma reáliskola és a pesterzsébeti Áll. Reálgimn. Értesítőjét, a Középiskolai tanárok névkönyvét (1922–31), a Középiskolai tanári zsebkönyve (1934). – <strong>F. m.:</strong> A bp-i III. ker. All. Főgimn. Tanári könyvtárának katalógusa. 2. rész (Bp., 1912); Történelmi atlasz Mo. történelmének tanításához (Bp., 1926); Itália az ókorban (Bp., 1930); Kelet az ókorban (Bp., 1930); Az ókori Görögország a dór vándorlás után (Bp., 1930); A római birodalom Kr. e. 31- Kr. u. 180-ig (Bp., 1930); Európa 1812-ben (Bp., 1931); Európa a vallásháborúk korában (Bp., 1931); Európa a 18. század első felében (Bp., 1931); M. tört. atlasz a m. nemzet története ősidőktől napjainkig. Irták Asztalos Miklós és Pethő Sándor c. műhöz (Bp., 1933); Egyetemes tört. atlasz (Bp., 1935). <br /><strong>Irod.:</strong> Gulyás</br></p>

<p>Sövényfalva, 1879. ápr. 19., † ?: történelem-földrajz tanár, tankerületi főigazgató, tanügyi főtanácsos. – Az egyetemet Kv.-on és Bp.-en végezte. Tanított Déván (1903-09). A bp.-i Árpád Gimn. tanáraként, az első vh.-ban már az első évben kikerült a frontra. Bp.-en (1919–), a vall. és közokatatási minisztériumban ped. előadó (1928–35). Cikkei a Déva és Vidéke, Hunyadmegye, a Hunyadm. Tört. [&hellip;]</p>
