{"id":4146,"date":"2025-06-28T16:28:55","date_gmt":"2025-06-28T14:28:55","guid":{"rendered":"https:\/\/uj.adatbank.ro\/lexikon\/termek\/bartis-arpad-karoly\/"},"modified":"2025-06-28T16:28:55","modified_gmt":"2025-06-28T14:28:55","slug":"bartis-arpad-karoly","status":"publish","type":"product","link":"https:\/\/uj.adatbank.ro\/lexikon\/termek\/bartis-arpad-karoly\/","title":{"rendered":"BARTIS \u00c1rp\u00e1d K\u00e1roly"},"content":{"rendered":"<p>Gyergy\u00f3sz\u00e1rhegy, 1922, \u2020 Mv., 2006. szept. 20.: k\u00f6zgazd\u00e1sz, k\u00f6nyvszak\u00e9rt\u0151, j\u00f3ga- oktat\u00f3. \u2013 Elemi iskol\u00e1t Gyergy\u00f3sz\u00e1rhegyen, fels\u0151kereskedelmi iskol\u00e1t Mv.-en v\u00e9gezett, Gyulafeh\u00e9rv\u00e1ron \u00e9retts\u00e9gizett. A bp.-i M. Kir. J\u00f3zsef N\u00e1dor M\u0171szaki \u00e9s Gazdas\u00e1gtud. Egyetem K\u00f6zgazdas\u00e1gi Kar\u00e1n v\u00e9gzett (1940\u201344). Katonak\u00e9nt orosz fogs\u00e1gba esett. (1945-ben szabadult). \u00dczletet nyitott (1946), \u00fczlet\u00e9t \u00e1llamos\u00edtott\u00e1k (1948). Banktisztvisel\u0151 volt a cs\u00edkszentm\u00e1rtoni j\u00e1r\u00e1si bankban, a cs\u00edkszeredai Beruh\u00e1z\u00e1si Bankban, f\u0151fel\u00fcgyel\u0151 a mv.-i Beruh\u00e1z\u00e1si Bankban nyugd\u00edjaz\u00e1s\u00e1ig (1954\u20131982). A Piraeus Bank cenzora volt (1999\u20132003). M\u00e1r egyetemi \u00e9veit\u0151l behat\u00f3an tanulm\u00e1nyozta a hindu testkult\u00far\u00e1t \u00e9s a keleti b\u00f6lcseletet. A hatvanas \u00e9vekt\u0151l rendszeresen k\u00f6z\u00f6lt cikkeket a j\u00f3g\u00e1r\u00f3l k\u00fcl\u00f6nb\u00f6z\u0151 lapokban, \u00e9s rendszeresen j\u00f3ga\u00f3r\u00e1kat szervezett. A J\u00f3ga Vil\u00e1gsz\u00f6vets\u00e9g tiszteletbeli eln\u00f6k\u00e9v\u00e9 v\u00e1lasztott\u00e1k Stockholmban (1971). <br \/><strong>Irod.:<\/strong> B\u00facs\u00fa B. \u00c1.-t\u00f3l (N\u00fa., 2006. okt. 4.); Nekrol\u00f3g (N\u00fa., 2005. nov. 4.)<\/br><\/p>\n","protected":false},"excerpt":{"rendered":"<p>Gyergy\u00f3sz\u00e1rhegy, 1922, \u2020 Mv., 2006. szept. 20.: k\u00f6zgazd\u00e1sz, k\u00f6nyvszak\u00e9rt\u0151, j\u00f3ga- oktat\u00f3. \u2013 Elemi iskol\u00e1t Gyergy\u00f3sz\u00e1rhegyen, fels\u0151kereskedelmi iskol\u00e1t Mv.-en v\u00e9gezett, Gyulafeh\u00e9rv\u00e1ron \u00e9retts\u00e9gizett. A bp.-i M. Kir. J\u00f3zsef N\u00e1dor M\u0171szaki \u00e9s Gazdas\u00e1gtud. Egyetem K\u00f6zgazdas\u00e1gi Kar\u00e1n v\u00e9gzett (1940\u201344). Katonak\u00e9nt orosz fogs\u00e1gba esett. (1945-ben szabadult). \u00dczletet nyitott (1946), \u00fczlet\u00e9t \u00e1llamos\u00edtott\u00e1k (1948). Banktisztvisel\u0151 volt a cs\u00edkszentm\u00e1rtoni j\u00e1r\u00e1si bankban, a cs\u00edkszeredai [&hellip;]<\/p>\n","protected":false},"featured_media":0,"comment_status":"open","ping_status":"closed","template":"","meta":[],"product_brand":[],"product_cat":[137],"product_tag":[],"class_list":{"0":"post-4146","1":"product","2":"type-product","3":"status-publish","5":"product_cat-maros-megyei-eletrajzi-lexikon","7":"first","8":"instock","9":"shipping-taxable","10":"product-type-simple"},"_links":{"self":[{"href":"https:\/\/uj.adatbank.ro\/lexikon\/wp-json\/wp\/v2\/product\/4146","targetHints":{"allow":["GET"]}}],"collection":[{"href":"https:\/\/uj.adatbank.ro\/lexikon\/wp-json\/wp\/v2\/product"}],"about":[{"href":"https:\/\/uj.adatbank.ro\/lexikon\/wp-json\/wp\/v2\/types\/product"}],"replies":[{"embeddable":true,"href":"https:\/\/uj.adatbank.ro\/lexikon\/wp-json\/wp\/v2\/comments?post=4146"}],"wp:attachment":[{"href":"https:\/\/uj.adatbank.ro\/lexikon\/wp-json\/wp\/v2\/media?parent=4146"}],"wp:term":[{"taxonomy":"product_brand","embeddable":true,"href":"https:\/\/uj.adatbank.ro\/lexikon\/wp-json\/wp\/v2\/product_brand?post=4146"},{"taxonomy":"product_cat","embeddable":true,"href":"https:\/\/uj.adatbank.ro\/lexikon\/wp-json\/wp\/v2\/product_cat?post=4146"},{"taxonomy":"product_tag","embeddable":true,"href":"https:\/\/uj.adatbank.ro\/lexikon\/wp-json\/wp\/v2\/product_tag?post=4146"}],"curies":[{"name":"wp","href":"https:\/\/api.w.org\/{rel}","templated":true}]}}