{"id":4147,"date":"2025-06-28T16:28:57","date_gmt":"2025-06-28T14:28:57","guid":{"rendered":"https:\/\/uj.adatbank.ro\/lexikon\/termek\/bartis-arpad-%c2%a7\/"},"modified":"2025-06-28T16:28:57","modified_gmt":"2025-06-28T14:28:57","slug":"bartis-arpad-%c2%a7","status":"publish","type":"product","link":"https:\/\/uj.adatbank.ro\/lexikon\/termek\/bartis-arpad-%c2%a7\/","title":{"rendered":"BARTIS \u00c1rp\u00e1d, \u00a7"},"content":{"rendered":"<p>Cs\u00edkszentdomokos, 1913. dec. 12., \u2020 Mv., 2006. dec. 20.: tan\u00e1r, tanfel\u00fcgyel\u0151. \u2013 Iskol\u00e1it sz\u00fcl\u0151faluj\u00e1ban, majd Cs\u00edkszered\u00e1ban a R. K. Gimn.-ban vegezte, Domokos P\u00e1l P\u00e9ter tan\u00edtv\u00e1nya. Mv.-en, a ferencesekn\u00e9l volt papn\u00f6vend\u00e9k, de kil\u00e9pett \u00e9s csaladot alap\u00edtott. Feles\u00e9g\u00e9vel Brass\u00f3ba k\u00f6lt\u00f6ztek, ahonnan visszamenek\u00fcltek Mv.-re (1940). Tan\u00edt\u00f3i diplom\u00e1t szerzett, Bardos k\u00f6zs\u00e9gben rom\u00e1n nyelven tan\u00edtott (1940\u201344). Az Oktat\u00e1s\u00fcgyi Miniszt\u00e9rium mellett l\u00e9trehozott Nemzetis\u00e9g\u00fcgyi Vez\u00e9rigazgat\u00f3s\u00e1gra helyezt\u00e9k, mint tanfel\u00fcgyl\u0151 a szorv\u00e1nyiskol\u00e1kkal foglalkozott (1956. dec, ). Megismerkedett a moldvai magyars\u00e1g sorsk\u00e9rd\u00e9seivel, \u00fajraind\u00edtott n\u00e9h\u00e1ny iskol\u00e1t, megpr\u00f3b\u00e1lta bevezetni a m. nyelv tant\u00e1rgyk\u00e9nti oktat\u00e1s\u00e1t, a hat\u00f3s\u00e1gok tudta n\u00e9lk\u00fcl k\u00e9t autobusz cs\u00e1ng\u00f3 gyereket hozott Erd\u00e9lybe \u00e9s sz\u00e9tosztotta k\u00fcl\u00f6nb\u00f6z\u0151 iskol\u00e1k bentlak\u00e1saiba (1956. dec. \u201358). A Nemzetis\u00e9gi Vez\u00e9rigazgat\u00f3s\u00e1g feloszlat\u00e1sa ut\u00e1n a MMAT tanfel\u00fcgyel\u0151jek\u00e9nt tev\u00e9kenykedett, majd iskolaigazgat\u00f3, v\u00e9g\u00fcl tan\u00e1r lett. N\u00e9gy gyermek apja volt, amikor elv\u00e9gezte a kv.-i BTE m.-francia szak\u00e1t (1962). Cs\u00e1ng\u00f3-magyars\u00e1gr\u00f3l k\u00f6z\u00f6lt cikkeket, tanulm\u00e1nyokat a Kerszt\u00e9ny Sz\u00f3, a Rom\u00e1niai M. Sz\u00f3, a Cs\u00e1ng\u00f3 \u00dajs\u00e1g \u00e9s a N\u00fa. has\u00e1bjain. R\u00e9szt vett a cs\u00e1ng\u00f3 gyermekek Maros megyei nyaraltat\u00e1s\u00e1nak megszervez\u00e9s\u00e9ben (1989 ut\u00e1n). Munk\u00e1ss\u00e1g\u00e1\u00e9rt Cs\u00edkszered\u00e1ban Julianus d\u00edjat kapott (1992). <br \/><strong>Irod.:<\/strong> Bodolai: B. \u00c1. K\u00f6sz\u00f6nt\u00e9se (N\u00fa., 1997. jan. 16.); csal\u00e1di inf.; Id\u0151t\u00e1r 4.; RMKK<\/br><\/p>\n","protected":false},"excerpt":{"rendered":"<p>Cs\u00edkszentdomokos, 1913. dec. 12., \u2020 Mv., 2006. dec. 20.: tan\u00e1r, tanfel\u00fcgyel\u0151. \u2013 Iskol\u00e1it sz\u00fcl\u0151faluj\u00e1ban, majd Cs\u00edkszered\u00e1ban a R. K. Gimn.-ban vegezte, Domokos P\u00e1l P\u00e9ter tan\u00edtv\u00e1nya. Mv.-en, a ferencesekn\u00e9l volt papn\u00f6vend\u00e9k, de kil\u00e9pett \u00e9s csaladot alap\u00edtott. Feles\u00e9g\u00e9vel Brass\u00f3ba k\u00f6lt\u00f6ztek, ahonnan visszamenek\u00fcltek Mv.-re (1940). Tan\u00edt\u00f3i diplom\u00e1t szerzett, Bardos k\u00f6zs\u00e9gben rom\u00e1n nyelven tan\u00edtott (1940\u201344). Az Oktat\u00e1s\u00fcgyi Miniszt\u00e9rium mellett [&hellip;]<\/p>\n","protected":false},"featured_media":0,"comment_status":"open","ping_status":"closed","template":"","meta":[],"product_brand":[],"product_cat":[137],"product_tag":[],"class_list":{"0":"post-4147","1":"product","2":"type-product","3":"status-publish","5":"product_cat-maros-megyei-eletrajzi-lexikon","7":"first","8":"instock","9":"shipping-taxable","10":"product-type-simple"},"_links":{"self":[{"href":"https:\/\/uj.adatbank.ro\/lexikon\/wp-json\/wp\/v2\/product\/4147","targetHints":{"allow":["GET"]}}],"collection":[{"href":"https:\/\/uj.adatbank.ro\/lexikon\/wp-json\/wp\/v2\/product"}],"about":[{"href":"https:\/\/uj.adatbank.ro\/lexikon\/wp-json\/wp\/v2\/types\/product"}],"replies":[{"embeddable":true,"href":"https:\/\/uj.adatbank.ro\/lexikon\/wp-json\/wp\/v2\/comments?post=4147"}],"wp:attachment":[{"href":"https:\/\/uj.adatbank.ro\/lexikon\/wp-json\/wp\/v2\/media?parent=4147"}],"wp:term":[{"taxonomy":"product_brand","embeddable":true,"href":"https:\/\/uj.adatbank.ro\/lexikon\/wp-json\/wp\/v2\/product_brand?post=4147"},{"taxonomy":"product_cat","embeddable":true,"href":"https:\/\/uj.adatbank.ro\/lexikon\/wp-json\/wp\/v2\/product_cat?post=4147"},{"taxonomy":"product_tag","embeddable":true,"href":"https:\/\/uj.adatbank.ro\/lexikon\/wp-json\/wp\/v2\/product_tag?post=4147"}],"curies":[{"name":"wp","href":"https:\/\/api.w.org\/{rel}","templated":true}]}}

BARTIS Árpád, §

<p>Csíkszentdomokos, 1913. dec. 12., † Mv., 2006. dec. 20.: tanár, tanfelügyelő. – Iskoláit szülőfalujában, majd Csíkszeredában a R. K. Gimn.-ban vegezte, Domokos Pál Péter tanítványa. Mv.-en, a ferenceseknél volt papnövendék, de kilépett és csaladot alapított. Feleségével Brassóba költöztek, ahonnan visszamenekültek Mv.-re (1940). Tanítói diplomát szerzett, Bardos községben román nyelven tanított (1940–44). Az Oktatásügyi Minisztérium mellett létrehozott Nemzetiségügyi Vezérigazgatóságra helyezték, mint tanfelügylő a szorványiskolákkal foglalkozott (1956. dec, ). Megismerkedett a moldvai magyarság sorskérdéseivel, újraindított néhány iskolát, megpróbálta bevezetni a m. nyelv tantárgykénti oktatását, a hatóságok tudta nélkül két autobusz csángó gyereket hozott Erdélybe és szétosztotta különböző iskolák bentlakásaiba (1956. dec. –58). A Nemzetiségi Vezérigazgatóság feloszlatása után a MMAT tanfelügyelőjeként tevékenykedett, majd iskolaigazgató, végül tanár lett. Négy gyermek apja volt, amikor elvégezte a kv.-i BTE m.-francia szakát (1962). Csángó-magyarságról közölt cikkeket, tanulmányokat a Kersztény Szó, a Romániai M. Szó, a Csángó Újság és a Nú. hasábjain. Részt vett a csángó gyermekek Maros megyei nyaraltatásának megszervezésében (1989 után). Munkásságáért Csíkszeredában Julianus díjat kapott (1992). <br /><strong>Irod.:</strong> Bodolai: B. Á. Köszöntése (Nú., 1997. jan. 16.); családi inf.; Időtár 4.; RMKK</br></p>

<p>Csíkszentdomokos, 1913. dec. 12., † Mv., 2006. dec. 20.: tanár, tanfelügyelő. – Iskoláit szülőfalujában, majd Csíkszeredában a R. K. Gimn.-ban vegezte, Domokos Pál Péter tanítványa. Mv.-en, a ferenceseknél volt papnövendék, de kilépett és csaladot alapított. Feleségével Brassóba költöztek, ahonnan visszamenekültek Mv.-re (1940). Tanítói diplomát szerzett, Bardos községben román nyelven tanított (1940–44). Az Oktatásügyi Minisztérium mellett [&hellip;]</p>
