{"id":4151,"date":"2025-06-28T16:29:11","date_gmt":"2025-06-28T14:29:11","guid":{"rendered":"https:\/\/uj.adatbank.ro\/lexikon\/termek\/bartok-ibolya-%c2%a7-bartok-viorica\/"},"modified":"2025-06-28T16:29:11","modified_gmt":"2025-06-28T14:29:11","slug":"bartok-ibolya-%c2%a7-bartok-viorica","status":"publish","type":"product","link":"https:\/\/uj.adatbank.ro\/lexikon\/termek\/bartok-ibolya-%c2%a7-bartok-viorica\/","title":{"rendered":"BART\u00d3K Ibolya, \u00a7 Bartok Viorica"},"content":{"rendered":"<p>? \u2020 Mv., 1957. jan. 1.: k\u00f6nyvt\u00e1ros. \u2013 Osz\u00e1lyvezet\u0151 volt a cs\u00edkszeredai rajoni k\u00f6nyvt\u00e1rban (1949\u2013), a szt\u00e1linv\u00e1rosi (ma Brass\u00f3) megyei k\u00f6nyvt\u00e1rban \u00e9s v\u00e9g\u00fcl a Mv.-i Tartom\u00e1nyi K\u00f6nyvt\u00e1rban dolgozott, amelynek igazgat\u00f3ja lett (1953.? \u2013 1957. jan. 1.). Az orsz\u00e1gos k\u00f6nyvt\u00e1rak k\u00f6z\u00f6tti szocialista versenyr\u0151l nyilatkozott a V. Z.-nak (1953. jan. 11.). Jelent\u0151s szakmai kezdem\u00e9nyez\u00e9sei \u00e9s megval\u00f3s\u00edt\u00e1sai voltak. A Mv.-en m\u0171k\u00f6d\u0151 k\u00f6nyvt\u00e1rosi k\u00f6z\u00e9piskol\u00e1ban mint tan\u00e1r vett r\u00e9szt a konyvt\u00e1rosk\u00e9pz\u00e9sben. <br \/><strong>Irod.:<\/strong> inf. Popt\u0103ma\u015f D.; Id\u0151t\u00e1r 4.; Mv. m\u0171v. v\u00e1r.; V. B.: Necrolog (C\u0103l\u0103uza bibliotecarului, 1957. 2. sz.); RMIL 3.<\/br><\/p>\n","protected":false},"excerpt":{"rendered":"<p>? \u2020 Mv., 1957. jan. 1.: k\u00f6nyvt\u00e1ros. \u2013 Osz\u00e1lyvezet\u0151 volt a cs\u00edkszeredai rajoni k\u00f6nyvt\u00e1rban (1949\u2013), a szt\u00e1linv\u00e1rosi (ma Brass\u00f3) megyei k\u00f6nyvt\u00e1rban \u00e9s v\u00e9g\u00fcl a Mv.-i Tartom\u00e1nyi K\u00f6nyvt\u00e1rban dolgozott, amelynek igazgat\u00f3ja lett (1953.? \u2013 1957. jan. 1.). Az orsz\u00e1gos k\u00f6nyvt\u00e1rak k\u00f6z\u00f6tti szocialista versenyr\u0151l nyilatkozott a V. Z.-nak (1953. jan. 11.). Jelent\u0151s szakmai kezdem\u00e9nyez\u00e9sei \u00e9s megval\u00f3s\u00edt\u00e1sai voltak. [&hellip;]<\/p>\n","protected":false},"featured_media":0,"comment_status":"open","ping_status":"closed","template":"","meta":[],"product_brand":[],"product_cat":[137],"product_tag":[],"class_list":{"0":"post-4151","1":"product","2":"type-product","3":"status-publish","5":"product_cat-maros-megyei-eletrajzi-lexikon","7":"first","8":"instock","9":"shipping-taxable","10":"product-type-simple"},"_links":{"self":[{"href":"https:\/\/uj.adatbank.ro\/lexikon\/wp-json\/wp\/v2\/product\/4151","targetHints":{"allow":["GET"]}}],"collection":[{"href":"https:\/\/uj.adatbank.ro\/lexikon\/wp-json\/wp\/v2\/product"}],"about":[{"href":"https:\/\/uj.adatbank.ro\/lexikon\/wp-json\/wp\/v2\/types\/product"}],"replies":[{"embeddable":true,"href":"https:\/\/uj.adatbank.ro\/lexikon\/wp-json\/wp\/v2\/comments?post=4151"}],"wp:attachment":[{"href":"https:\/\/uj.adatbank.ro\/lexikon\/wp-json\/wp\/v2\/media?parent=4151"}],"wp:term":[{"taxonomy":"product_brand","embeddable":true,"href":"https:\/\/uj.adatbank.ro\/lexikon\/wp-json\/wp\/v2\/product_brand?post=4151"},{"taxonomy":"product_cat","embeddable":true,"href":"https:\/\/uj.adatbank.ro\/lexikon\/wp-json\/wp\/v2\/product_cat?post=4151"},{"taxonomy":"product_tag","embeddable":true,"href":"https:\/\/uj.adatbank.ro\/lexikon\/wp-json\/wp\/v2\/product_tag?post=4151"}],"curies":[{"name":"wp","href":"https:\/\/api.w.org\/{rel}","templated":true}]}}

BARTÓK Ibolya, § Bartok Viorica

<p>? † Mv., 1957. jan. 1.: könyvtáros. – Oszályvezető volt a csíkszeredai rajoni könyvtárban (1949–), a sztálinvárosi (ma Brassó) megyei könyvtárban és végül a Mv.-i Tartományi Könyvtárban dolgozott, amelynek igazgatója lett (1953.? – 1957. jan. 1.). Az országos könyvtárak közötti szocialista versenyről nyilatkozott a V. Z.-nak (1953. jan. 11.). Jelentős szakmai kezdeményezései és megvalósításai voltak. A Mv.-en működő könyvtárosi középiskolában mint tanár vett részt a konyvtárosképzésben. <br /><strong>Irod.:</strong> inf. Poptămaş D.; Időtár 4.; Mv. műv. vár.; V. B.: Necrolog (Călăuza bibliotecarului, 1957. 2. sz.); RMIL 3.</br></p>

<p>? † Mv., 1957. jan. 1.: könyvtáros. – Oszályvezető volt a csíkszeredai rajoni könyvtárban (1949–), a sztálinvárosi (ma Brassó) megyei könyvtárban és végül a Mv.-i Tartományi Könyvtárban dolgozott, amelynek igazgatója lett (1953.? – 1957. jan. 1.). Az országos könyvtárak közötti szocialista versenyről nyilatkozott a V. Z.-nak (1953. jan. 11.). Jelentős szakmai kezdeményezései és megvalósításai voltak. [&hellip;]</p>
