{"id":4152,"date":"2025-06-28T16:29:13","date_gmt":"2025-06-28T14:29:13","guid":{"rendered":"https:\/\/uj.adatbank.ro\/lexikon\/termek\/bartok-janos\/"},"modified":"2025-06-28T16:29:13","modified_gmt":"2025-06-28T14:29:13","slug":"bartok-janos","status":"publish","type":"product","link":"https:\/\/uj.adatbank.ro\/lexikon\/termek\/bartok-janos\/","title":{"rendered":"BART\u00d3K J\u00e1nos"},"content":{"rendered":"<p>? \u2020\u00a0? : unit. lelk\u00e9sz. \u2013 Kiss\u00e1roson volt unit. llk\u00e9sz (1752, 1768, 1775). <br \/><strong>Irod.:<\/strong> Sim\u00e9n Dmokos: A K\u00fck\u00fcll\u0151i Unit egyh\u00e1zk\u00f6r k\u00f6zgy\u0171l\u00e9seinek sorrendje 1711\u20131816 k\u00f6z\u00f6tt (Kereszt\u00e9ny Magvet\u0151, 99. \u00e9vf. 4 sz., ?)<\/br><\/p>\n","protected":false},"excerpt":{"rendered":"<p>? \u2020\u00a0? : unit. lelk\u00e9sz. \u2013 Kiss\u00e1roson volt unit. llk\u00e9sz (1752, 1768, 1775). Irod.: Sim\u00e9n Dmokos: A K\u00fck\u00fcll\u0151i Unit egyh\u00e1zk\u00f6r k\u00f6zgy\u0171l\u00e9seinek sorrendje 1711\u20131816 k\u00f6z\u00f6tt (Kereszt\u00e9ny Magvet\u0151, 99. \u00e9vf. 4 sz., ?)<\/p>\n","protected":false},"featured_media":0,"comment_status":"open","ping_status":"closed","template":"","meta":[],"product_brand":[],"product_cat":[137],"product_tag":[],"class_list":{"0":"post-4152","1":"product","2":"type-product","3":"status-publish","5":"product_cat-maros-megyei-eletrajzi-lexikon","7":"first","8":"instock","9":"shipping-taxable","10":"product-type-simple"},"_links":{"self":[{"href":"https:\/\/uj.adatbank.ro\/lexikon\/wp-json\/wp\/v2\/product\/4152","targetHints":{"allow":["GET"]}}],"collection":[{"href":"https:\/\/uj.adatbank.ro\/lexikon\/wp-json\/wp\/v2\/product"}],"about":[{"href":"https:\/\/uj.adatbank.ro\/lexikon\/wp-json\/wp\/v2\/types\/product"}],"replies":[{"embeddable":true,"href":"https:\/\/uj.adatbank.ro\/lexikon\/wp-json\/wp\/v2\/comments?post=4152"}],"wp:attachment":[{"href":"https:\/\/uj.adatbank.ro\/lexikon\/wp-json\/wp\/v2\/media?parent=4152"}],"wp:term":[{"taxonomy":"product_brand","embeddable":true,"href":"https:\/\/uj.adatbank.ro\/lexikon\/wp-json\/wp\/v2\/product_brand?post=4152"},{"taxonomy":"product_cat","embeddable":true,"href":"https:\/\/uj.adatbank.ro\/lexikon\/wp-json\/wp\/v2\/product_cat?post=4152"},{"taxonomy":"product_tag","embeddable":true,"href":"https:\/\/uj.adatbank.ro\/lexikon\/wp-json\/wp\/v2\/product_tag?post=4152"}],"curies":[{"name":"wp","href":"https:\/\/api.w.org\/{rel}","templated":true}]}}