{"id":4155,"date":"2025-06-28T16:29:22","date_gmt":"2025-06-28T14:29:22","guid":{"rendered":"https:\/\/uj.adatbank.ro\/lexikon\/termek\/bartos-anaklet-daniel-p\/"},"modified":"2025-06-28T16:29:22","modified_gmt":"2025-06-28T14:29:22","slug":"bartos-anaklet-daniel-p","status":"publish","type":"product","link":"https:\/\/uj.adatbank.ro\/lexikon\/termek\/bartos-anaklet-daniel-p\/","title":{"rendered":"BARTOS Anakl\u00e9t D\u00e1niel, P."},"content":{"rendered":"<p>Szentkatolna, 1791. j\u00fal. 25., \u2020\u00a0Abaf\u00e1ja, 1848. nov 16. aug. 22.: r. k. szerzetes. \u2013 Ferencrendi szerzetes, be\u00f6lt\u00f6z\u00f6tt (1813. aug. 22. nov. 27.), papp\u00e1 szentelt\u00e9k (1816. dec. 15.). K\u00e1pl\u00e1n volt Meggyesfalv\u00e1n a L\u00e1z\u00e1r csal\u00e1d h\u00e1zi k\u00e1poln\u00e1j\u00e1ban (1821). A h\u00e1tszegi kolostorban h\u00e1zf\u0151n\u00f6k (1823); K\u00fck\u00fcll\u0151v\u00e1ron pl\u00e9b\u00e1nos (1833\u201341), majd Br. Bornemisza P\u00e1l h\u00e1zi k\u00e1pl\u00e1nja volt Abaf\u00e1j\u00e1n. Az Urb\u00e1n cs\u00e1sz\u00e1ri hadvez\u00e9r \u00e1ltal felb\u00fajtott \u201en\u00e9pfelkel\u0151k\u201d meg\u00f6lt\u00e9k. <br \/><strong>Irod.:<\/strong> Abaf\u00e1ja; Gy\u00f6rgy: A ferencrendiek; M\u00faltunkr\u00f3l<\/br><\/p>\n","protected":false},"excerpt":{"rendered":"<p>Szentkatolna, 1791. j\u00fal. 25., \u2020\u00a0Abaf\u00e1ja, 1848. nov 16. aug. 22.: r. k. szerzetes. \u2013 Ferencrendi szerzetes, be\u00f6lt\u00f6z\u00f6tt (1813. aug. 22. nov. 27.), papp\u00e1 szentelt\u00e9k (1816. dec. 15.). K\u00e1pl\u00e1n volt Meggyesfalv\u00e1n a L\u00e1z\u00e1r csal\u00e1d h\u00e1zi k\u00e1poln\u00e1j\u00e1ban (1821). A h\u00e1tszegi kolostorban h\u00e1zf\u0151n\u00f6k (1823); K\u00fck\u00fcll\u0151v\u00e1ron pl\u00e9b\u00e1nos (1833\u201341), majd Br. Bornemisza P\u00e1l h\u00e1zi k\u00e1pl\u00e1nja volt Abaf\u00e1j\u00e1n. Az Urb\u00e1n cs\u00e1sz\u00e1ri [&hellip;]<\/p>\n","protected":false},"featured_media":0,"comment_status":"open","ping_status":"closed","template":"","meta":[],"product_brand":[],"product_cat":[137],"product_tag":[],"class_list":{"0":"post-4155","1":"product","2":"type-product","3":"status-publish","5":"product_cat-maros-megyei-eletrajzi-lexikon","7":"first","8":"instock","9":"shipping-taxable","10":"product-type-simple"},"_links":{"self":[{"href":"https:\/\/uj.adatbank.ro\/lexikon\/wp-json\/wp\/v2\/product\/4155","targetHints":{"allow":["GET"]}}],"collection":[{"href":"https:\/\/uj.adatbank.ro\/lexikon\/wp-json\/wp\/v2\/product"}],"about":[{"href":"https:\/\/uj.adatbank.ro\/lexikon\/wp-json\/wp\/v2\/types\/product"}],"replies":[{"embeddable":true,"href":"https:\/\/uj.adatbank.ro\/lexikon\/wp-json\/wp\/v2\/comments?post=4155"}],"wp:attachment":[{"href":"https:\/\/uj.adatbank.ro\/lexikon\/wp-json\/wp\/v2\/media?parent=4155"}],"wp:term":[{"taxonomy":"product_brand","embeddable":true,"href":"https:\/\/uj.adatbank.ro\/lexikon\/wp-json\/wp\/v2\/product_brand?post=4155"},{"taxonomy":"product_cat","embeddable":true,"href":"https:\/\/uj.adatbank.ro\/lexikon\/wp-json\/wp\/v2\/product_cat?post=4155"},{"taxonomy":"product_tag","embeddable":true,"href":"https:\/\/uj.adatbank.ro\/lexikon\/wp-json\/wp\/v2\/product_tag?post=4155"}],"curies":[{"name":"wp","href":"https:\/\/api.w.org\/{rel}","templated":true}]}}

BARTOS Anaklét Dániel, P.

<p>Szentkatolna, 1791. júl. 25., † Abafája, 1848. nov 16. aug. 22.: r. k. szerzetes. – Ferencrendi szerzetes, beöltözött (1813. aug. 22. nov. 27.), pappá szentelték (1816. dec. 15.). Káplán volt Meggyesfalván a Lázár család házi kápolnájában (1821). A hátszegi kolostorban házfőnök (1823); Küküllőváron plébános (1833–41), majd Br. Bornemisza Pál házi káplánja volt Abafáján. Az Urbán császári hadvezér által felbújtott „népfelkelők” megölték. <br /><strong>Irod.:</strong> Abafája; György: A ferencrendiek; Múltunkról</br></p>

<p>Szentkatolna, 1791. júl. 25., † Abafája, 1848. nov 16. aug. 22.: r. k. szerzetes. – Ferencrendi szerzetes, beöltözött (1813. aug. 22. nov. 27.), pappá szentelték (1816. dec. 15.). Káplán volt Meggyesfalván a Lázár család házi kápolnájában (1821). A hátszegi kolostorban házfőnök (1823); Küküllőváron plébános (1833–41), majd Br. Bornemisza Pál házi káplánja volt Abafáján. Az Urbán császári [&hellip;]</p>
