{"id":4164,"date":"2025-06-28T16:29:49","date_gmt":"2025-06-28T14:29:49","guid":{"rendered":"https:\/\/uj.adatbank.ro\/lexikon\/termek\/bartos-mihaly\/"},"modified":"2025-06-28T16:29:49","modified_gmt":"2025-06-28T14:29:49","slug":"bartos-mihaly","status":"publish","type":"product","link":"https:\/\/uj.adatbank.ro\/lexikon\/termek\/bartos-mihaly\/","title":{"rendered":"BARTOS Mih\u00e1ly"},"content":{"rendered":"<p>Torja, 1877. okt. 8., \u2020\u00a0Torja, 1957. dec. 16.: r. k. pap. \u2013 A gimn.-ot K\u00e9zdiv\u00e1s\u00e1rhelyen \u00e9s Sz\u00e9kelyudvarhelyen, a teol\u00f3gi\u00e1t Gyulafeh\u00e9rv\u00e1ron v\u00e9gezte, ahol papp\u00e1 szentelt\u00e9k (1901. j\u00fal. 2.). K\u00e1pl\u00e1n Zetelak\u00e1n (1901) \u00e9s Cs\u00edkszered\u00e1ban, lelkip\u00e1sztor \u00d3sebeshelyen (1903), Magyarfenesen (1904), k\u00e1pl\u00e1n Gyulafef\u00e9rv\u00e1ron (1904), lelkip\u00e1sztor Fut\u00e1sfalv\u00e1n (1905), pl\u00e9b\u00e1nos Kozm\u00e1son (1908), Sz\u00e9kelyv\u00e9ck\u00e9n (1918\u201325), Zetelak\u00e1n (1925), Illyefalv\u00e1n (1941), \u00dajtusn\u00e1don (1942\u2013). <br \/><strong>Irod.:<\/strong> Ferenczi S\u00e1ndor 2009<\/br><\/p>\n","protected":false},"excerpt":{"rendered":"<p>Torja, 1877. okt. 8., \u2020\u00a0Torja, 1957. dec. 16.: r. k. pap. \u2013 A gimn.-ot K\u00e9zdiv\u00e1s\u00e1rhelyen \u00e9s Sz\u00e9kelyudvarhelyen, a teol\u00f3gi\u00e1t Gyulafeh\u00e9rv\u00e1ron v\u00e9gezte, ahol papp\u00e1 szentelt\u00e9k (1901. j\u00fal. 2.). K\u00e1pl\u00e1n Zetelak\u00e1n (1901) \u00e9s Cs\u00edkszered\u00e1ban, lelkip\u00e1sztor \u00d3sebeshelyen (1903), Magyarfenesen (1904), k\u00e1pl\u00e1n Gyulafef\u00e9rv\u00e1ron (1904), lelkip\u00e1sztor Fut\u00e1sfalv\u00e1n (1905), pl\u00e9b\u00e1nos Kozm\u00e1son (1908), Sz\u00e9kelyv\u00e9ck\u00e9n (1918\u201325), Zetelak\u00e1n (1925), Illyefalv\u00e1n (1941), \u00dajtusn\u00e1don (1942\u2013). Irod.: [&hellip;]<\/p>\n","protected":false},"featured_media":0,"comment_status":"open","ping_status":"closed","template":"","meta":[],"product_brand":[],"product_cat":[137],"product_tag":[],"class_list":{"0":"post-4164","1":"product","2":"type-product","3":"status-publish","5":"product_cat-maros-megyei-eletrajzi-lexikon","7":"first","8":"instock","9":"shipping-taxable","10":"product-type-simple"},"_links":{"self":[{"href":"https:\/\/uj.adatbank.ro\/lexikon\/wp-json\/wp\/v2\/product\/4164","targetHints":{"allow":["GET"]}}],"collection":[{"href":"https:\/\/uj.adatbank.ro\/lexikon\/wp-json\/wp\/v2\/product"}],"about":[{"href":"https:\/\/uj.adatbank.ro\/lexikon\/wp-json\/wp\/v2\/types\/product"}],"replies":[{"embeddable":true,"href":"https:\/\/uj.adatbank.ro\/lexikon\/wp-json\/wp\/v2\/comments?post=4164"}],"wp:attachment":[{"href":"https:\/\/uj.adatbank.ro\/lexikon\/wp-json\/wp\/v2\/media?parent=4164"}],"wp:term":[{"taxonomy":"product_brand","embeddable":true,"href":"https:\/\/uj.adatbank.ro\/lexikon\/wp-json\/wp\/v2\/product_brand?post=4164"},{"taxonomy":"product_cat","embeddable":true,"href":"https:\/\/uj.adatbank.ro\/lexikon\/wp-json\/wp\/v2\/product_cat?post=4164"},{"taxonomy":"product_tag","embeddable":true,"href":"https:\/\/uj.adatbank.ro\/lexikon\/wp-json\/wp\/v2\/product_tag?post=4164"}],"curies":[{"name":"wp","href":"https:\/\/api.w.org\/{rel}","templated":true}]}}