{"id":4167,"date":"2025-06-28T16:30:01","date_gmt":"2025-06-28T14:30:01","guid":{"rendered":"https:\/\/uj.adatbank.ro\/lexikon\/termek\/baruch-adolf\/"},"modified":"2025-06-28T16:30:01","modified_gmt":"2025-06-28T14:30:01","slug":"baruch-adolf","status":"publish","type":"product","link":"https:\/\/uj.adatbank.ro\/lexikon\/termek\/baruch-adolf\/","title":{"rendered":"BARUCH Adolf"},"content":{"rendered":"<p>? \u2020\u00a0Bp., 1890. j\u00fan. 25. Brass\u00f3ban a csal\u00e1di s\u00edrboltba temett\u00e9k: gy\u00e1rtulajdonos. \u2013 B. Jeremi\u00e1s \u00e9s Aronsohn Babette fia. Testv\u00e9rei: Samu; Hermine Deutsch Gyul\u00e1n\u00e9. Feles\u00e9ge: Henriette. \u2013 Egyike volt a v\u00e1ros legnagyobb ad\u00f3fizet\u0151 polg\u00e1rainak. Nemesi rangra emelt\u00e9k (1875. szept. 22.). B. Jeremi\u00e1s bp.-i \u00e9s mv.-i c\u00e9g beltagja. A mv.-i k\u0151olajfinom\u00edt\u00f3 gy\u00e1r tulajdonosa, a le\u00e9gett Kupferstick-f\u00e9le petr\u00f3leum gy\u00e1rat vette meg (1886.), m\u00e1r egy s\u00f6rgy\u00e1r \u00e9s egy malom volt a birtok\u00e1ban. A k\u0151olajfinom\u00edt\u00f3t fel\u00faj\u00edtotta, kib\u0151v\u00edtette, iparv\u00e1g\u00e1ny k\u00f6t\u00f6tte \u00f6ssze a nagy\u00e1llom\u00e1ssal \u00e9s majd RT-v\u00e9 alak\u00edtottott\u00e1k \u00e1t (1905). Ez a Petr\u00f3leumfinom\u00edt\u00f3 cs\u0151d\u00f6t jelentett (1939. aug. 8\u20139). A k\u0151olajat Rom\u00e1ni\u00e1b\u00f3l hozta. Az EMKE Maros-Torda vm. \u00e9s Mv. sz. kir. v\u00e1rosi v\u00e1lasztm\u00e1ny\u00e1nak tagja (1885). A v\u00e1rosi tan\u00e1cs enged\u00e9lyezte hogy mag\u00e1ntelefon h\u00e1lozatot l\u00e9tes\u00edtsen Mv.-en (1887). Tagja volt annak a k\u00f6vets\u00e9gnek, amelyet Ferenc J\u00f3zsef kir\u00e1ly Kv.-on fogadott (1887. szept. 23). A Mv.-i Sz\u00ednp\u00e1rtol\u00f3 Egyes\u00fcletet adom\u00e1nnyal t\u00e1mogatta (1884). <br \/><strong>Irod.:<\/strong> Bi\u00e1s Istv\u00e1n; EMKE 120; Gy\u00e1szjelent\u0151; Id\u0151t\u00e1r 2.; Id\u0151t\u00e1r 3.; \u00dajv\u00e1ri<\/br><\/p>\n","protected":false},"excerpt":{"rendered":"<p>? \u2020\u00a0Bp., 1890. j\u00fan. 25. Brass\u00f3ban a csal\u00e1di s\u00edrboltba temett\u00e9k: gy\u00e1rtulajdonos. \u2013 B. Jeremi\u00e1s \u00e9s Aronsohn Babette fia. Testv\u00e9rei: Samu; Hermine Deutsch Gyul\u00e1n\u00e9. Feles\u00e9ge: Henriette. \u2013 Egyike volt a v\u00e1ros legnagyobb ad\u00f3fizet\u0151 polg\u00e1rainak. Nemesi rangra emelt\u00e9k (1875. szept. 22.). B. Jeremi\u00e1s bp.-i \u00e9s mv.-i c\u00e9g beltagja. A mv.-i k\u0151olajfinom\u00edt\u00f3 gy\u00e1r tulajdonosa, a le\u00e9gett Kupferstick-f\u00e9le petr\u00f3leum [&hellip;]<\/p>\n","protected":false},"featured_media":0,"comment_status":"open","ping_status":"closed","template":"","meta":[],"product_brand":[],"product_cat":[137],"product_tag":[],"class_list":{"0":"post-4167","1":"product","2":"type-product","3":"status-publish","5":"product_cat-maros-megyei-eletrajzi-lexikon","7":"first","8":"instock","9":"shipping-taxable","10":"product-type-simple"},"_links":{"self":[{"href":"https:\/\/uj.adatbank.ro\/lexikon\/wp-json\/wp\/v2\/product\/4167","targetHints":{"allow":["GET"]}}],"collection":[{"href":"https:\/\/uj.adatbank.ro\/lexikon\/wp-json\/wp\/v2\/product"}],"about":[{"href":"https:\/\/uj.adatbank.ro\/lexikon\/wp-json\/wp\/v2\/types\/product"}],"replies":[{"embeddable":true,"href":"https:\/\/uj.adatbank.ro\/lexikon\/wp-json\/wp\/v2\/comments?post=4167"}],"wp:attachment":[{"href":"https:\/\/uj.adatbank.ro\/lexikon\/wp-json\/wp\/v2\/media?parent=4167"}],"wp:term":[{"taxonomy":"product_brand","embeddable":true,"href":"https:\/\/uj.adatbank.ro\/lexikon\/wp-json\/wp\/v2\/product_brand?post=4167"},{"taxonomy":"product_cat","embeddable":true,"href":"https:\/\/uj.adatbank.ro\/lexikon\/wp-json\/wp\/v2\/product_cat?post=4167"},{"taxonomy":"product_tag","embeddable":true,"href":"https:\/\/uj.adatbank.ro\/lexikon\/wp-json\/wp\/v2\/product_tag?post=4167"}],"curies":[{"name":"wp","href":"https:\/\/api.w.org\/{rel}","templated":true}]}}

<p>? † Bp., 1890. jún. 25. Brassóban a családi sírboltba temették: gyártulajdonos. – B. Jeremiás és Aronsohn Babette fia. Testvérei: Samu; Hermine Deutsch Gyuláné. Felesége: Henriette. – Egyike volt a város legnagyobb adófizető polgárainak. Nemesi rangra emelték (1875. szept. 22.). B. Jeremiás bp.-i és mv.-i cég beltagja. A mv.-i kőolajfinomító gyár tulajdonosa, a leégett Kupferstick-féle petróleum gyárat vette meg (1886.), már egy sörgyár és egy malom volt a birtokában. A kőolajfinomítót felújította, kibővítette, iparvágány kötötte össze a nagyállomással és majd RT-vé alakítottották át (1905). Ez a Petróleumfinomító csődöt jelentett (1939. aug. 8–9). A kőolajat Romániából hozta. Az EMKE Maros-Torda vm. és Mv. sz. kir. városi választmányának tagja (1885). A városi tanács engedélyezte hogy magántelefon hálozatot létesítsen Mv.-en (1887). Tagja volt annak a követségnek, amelyet Ferenc József király Kv.-on fogadott (1887. szept. 23). A Mv.-i Színpártoló Egyesületet adománnyal támogatta (1884). <br /><strong>Irod.:</strong> Biás István; EMKE 120; Gyászjelentő; Időtár 2.; Időtár 3.; Újvári</br></p>

<p>? † Bp., 1890. jún. 25. Brassóban a családi sírboltba temették: gyártulajdonos. – B. Jeremiás és Aronsohn Babette fia. Testvérei: Samu; Hermine Deutsch Gyuláné. Felesége: Henriette. – Egyike volt a város legnagyobb adófizető polgárainak. Nemesi rangra emelték (1875. szept. 22.). B. Jeremiás bp.-i és mv.-i cég beltagja. A mv.-i kőolajfinomító gyár tulajdonosa, a leégett Kupferstick-féle petróleum [&hellip;]</p>
