{"id":4170,"date":"2025-06-28T16:30:10","date_gmt":"2025-06-28T14:30:10","guid":{"rendered":"https:\/\/uj.adatbank.ro\/lexikon\/termek\/baruch-samuel-felsovanyi-felsovanyi-samuel-1913\/"},"modified":"2025-06-28T16:30:10","modified_gmt":"2025-06-28T14:30:10","slug":"baruch-samuel-felsovanyi-felsovanyi-samuel-1913","status":"publish","type":"product","link":"https:\/\/uj.adatbank.ro\/lexikon\/termek\/baruch-samuel-felsovanyi-felsovanyi-samuel-1913\/","title":{"rendered":"BARUCH S\u00e1muel, fels\u0151v\u00e1nyi, Fels\u0151v\u00e1nyi S\u00e1muel (1913)"},"content":{"rendered":"<p>? \u2020\u00a0? : izraelita v\u00e1llalkoz\u00f3. \u2013 B. Jeremi\u00e1s \u00e9s Aronsohn Babette fia. \u2013 Gy\u00e1rtulajdonos \u00e9s birtokos Mv.-en. Apja szeszgy\u00e1rat l\u00e9tes\u00edtett, amely els\u0151 volt Erd\u00e9lyben (1850, b\u0151v\u00edtette 1857.); miut\u00e1n le\u00e9gett (1882) \u00fajj\u00e1\u00e9p\u00edtett\u00e9k \u00e9s megalap\u00edtott\u00e1k az Els\u0151 Erd\u00e9lyi Szeszgy\u00e1r \u00e9s Szeszfinom\u00edt\u00f3 Rt.-t. A Mv.-i Sz\u00ednp\u00e1rtol\u00f3 Egyes\u00fcletet adom\u00e1nnyal t\u00e1mogatta (1884). A mv.-i Sancta M\u00e1ria z\u00e1rdaint\u00e9zet (ma M\u0171v\u00e9szeti L\u00edc.) \u00e9p\u00edt\u00e9si k\u00f6lts\u00e9geinek egy r\u00e9sz\u00e9t adom\u00e1nyaib\u00f3l fedezt\u00e9k (1891\u201393). Az els\u0151 25 mag\u00e1n t\u00e1vbesz\u00e9l\u0151 el\u0151fizet\u0151 egyike volt Mv.-en (1893). Nemesi rangra emelt\u00e9k (1878. \u00e1pr. 11), felv\u00e9ve a fels\u0151v\u00e1nyi el\u0151nevet, majd nev\u00e9t megv\u00e1ltoztatta Fels\u0151v\u00e1nyira (1913. m\u00e1rc. 23). <br \/><strong>Irod.:<\/strong> Bi\u00e1s Istv\u00e1n; Kov\u00e1cs Ferenc kat. pap; Mv. zsid\u00f3s\u00e1ga; Orb\u00e1n \u2013 Oniga<\/br><\/p>\n","protected":false},"excerpt":{"rendered":"<p>? \u2020\u00a0? : izraelita v\u00e1llalkoz\u00f3. \u2013 B. Jeremi\u00e1s \u00e9s Aronsohn Babette fia. \u2013 Gy\u00e1rtulajdonos \u00e9s birtokos Mv.-en. Apja szeszgy\u00e1rat l\u00e9tes\u00edtett, amely els\u0151 volt Erd\u00e9lyben (1850, b\u0151v\u00edtette 1857.); miut\u00e1n le\u00e9gett (1882) \u00fajj\u00e1\u00e9p\u00edtett\u00e9k \u00e9s megalap\u00edtott\u00e1k az Els\u0151 Erd\u00e9lyi Szeszgy\u00e1r \u00e9s Szeszfinom\u00edt\u00f3 Rt.-t. A Mv.-i Sz\u00ednp\u00e1rtol\u00f3 Egyes\u00fcletet adom\u00e1nnyal t\u00e1mogatta (1884). A mv.-i Sancta M\u00e1ria z\u00e1rdaint\u00e9zet (ma M\u0171v\u00e9szeti L\u00edc.) [&hellip;]<\/p>\n","protected":false},"featured_media":0,"comment_status":"open","ping_status":"closed","template":"","meta":[],"product_brand":[],"product_cat":[137],"product_tag":[],"class_list":{"0":"post-4170","1":"product","2":"type-product","3":"status-publish","5":"product_cat-maros-megyei-eletrajzi-lexikon","7":"first","8":"instock","9":"shipping-taxable","10":"product-type-simple"},"_links":{"self":[{"href":"https:\/\/uj.adatbank.ro\/lexikon\/wp-json\/wp\/v2\/product\/4170","targetHints":{"allow":["GET"]}}],"collection":[{"href":"https:\/\/uj.adatbank.ro\/lexikon\/wp-json\/wp\/v2\/product"}],"about":[{"href":"https:\/\/uj.adatbank.ro\/lexikon\/wp-json\/wp\/v2\/types\/product"}],"replies":[{"embeddable":true,"href":"https:\/\/uj.adatbank.ro\/lexikon\/wp-json\/wp\/v2\/comments?post=4170"}],"wp:attachment":[{"href":"https:\/\/uj.adatbank.ro\/lexikon\/wp-json\/wp\/v2\/media?parent=4170"}],"wp:term":[{"taxonomy":"product_brand","embeddable":true,"href":"https:\/\/uj.adatbank.ro\/lexikon\/wp-json\/wp\/v2\/product_brand?post=4170"},{"taxonomy":"product_cat","embeddable":true,"href":"https:\/\/uj.adatbank.ro\/lexikon\/wp-json\/wp\/v2\/product_cat?post=4170"},{"taxonomy":"product_tag","embeddable":true,"href":"https:\/\/uj.adatbank.ro\/lexikon\/wp-json\/wp\/v2\/product_tag?post=4170"}],"curies":[{"name":"wp","href":"https:\/\/api.w.org\/{rel}","templated":true}]}}

BARUCH Sámuel, felsőványi, Felsőványi Sámuel (1913)

<p>? † ? : izraelita vállalkozó. – B. Jeremiás és Aronsohn Babette fia. – Gyártulajdonos és birtokos Mv.-en. Apja szeszgyárat létesített, amely első volt Erdélyben (1850, bővítette 1857.); miután leégett (1882) újjáépítették és megalapították az Első Erdélyi Szeszgyár és Szeszfinomító Rt.-t. A Mv.-i Színpártoló Egyesületet adománnyal támogatta (1884). A mv.-i Sancta Mária zárdaintézet (ma Művészeti Líc.) építési költségeinek egy részét adományaiból fedezték (1891–93). Az első 25 magán távbeszélő előfizető egyike volt Mv.-en (1893). Nemesi rangra emelték (1878. ápr. 11), felvéve a felsőványi előnevet, majd nevét megváltoztatta Felsőványira (1913. márc. 23). <br /><strong>Irod.:</strong> Biás István; Kovács Ferenc kat. pap; Mv. zsidósága; Orbán – Oniga</br></p>

<p>? † ? : izraelita vállalkozó. – B. Jeremiás és Aronsohn Babette fia. – Gyártulajdonos és birtokos Mv.-en. Apja szeszgyárat létesített, amely első volt Erdélyben (1850, bővítette 1857.); miután leégett (1882) újjáépítették és megalapították az Első Erdélyi Szeszgyár és Szeszfinomító Rt.-t. A Mv.-i Színpártoló Egyesületet adománnyal támogatta (1884). A mv.-i Sancta Mária zárdaintézet (ma Művészeti Líc.) [&hellip;]</p>
