{"id":4172,"date":"2025-06-28T16:30:15","date_gmt":"2025-06-28T14:30:15","guid":{"rendered":"https:\/\/uj.adatbank.ro\/lexikon\/termek\/basa-geza-%c2%a7-zabolai\/"},"modified":"2025-06-28T16:30:15","modified_gmt":"2025-06-28T14:30:15","slug":"basa-geza-%c2%a7-zabolai","status":"publish","type":"product","link":"https:\/\/uj.adatbank.ro\/lexikon\/termek\/basa-geza-%c2%a7-zabolai\/","title":{"rendered":"BASA G\u00e9za, \u00a7 zabolai"},"content":{"rendered":"<p>Mez\u0151s\u00e1msond, 1882., \u2020\u00a0? : f\u00f6ldbirtokos. \u2013 Iskol\u00e1it Mv.-en v\u00e9gezte. 200 holdas birtok\u00e1n gazd\u00e1lkodott (1906\u2013). F\u0151leg kendert, sz\u00f3j\u00e1t, cukorr\u00e9p\u00e1t termelt, valamint haszon\u00e1llatok teny\u00e9szt\u00e9s\u00e9vel is foglalkozott. Az I. vh.-ban a 9. husz\u00e1rezredben az orosz fronton harcolt, \u0151rmesteri rangban szerelt le. Kit\u00fcntett\u00e9k a II. ez\u00fcst vit. \u00e9remmel. A r. k. egyh\u00e1z f\u0151gondnoka volt. <br \/><strong>Irod.:<\/strong> Sz\u00e9kelyf\u00f6ld \u00ed. k.<\/br><\/p>\n","protected":false},"excerpt":{"rendered":"<p>Mez\u0151s\u00e1msond, 1882., \u2020\u00a0? : f\u00f6ldbirtokos. \u2013 Iskol\u00e1it Mv.-en v\u00e9gezte. 200 holdas birtok\u00e1n gazd\u00e1lkodott (1906\u2013). F\u0151leg kendert, sz\u00f3j\u00e1t, cukorr\u00e9p\u00e1t termelt, valamint haszon\u00e1llatok teny\u00e9szt\u00e9s\u00e9vel is foglalkozott. Az I. vh.-ban a 9. husz\u00e1rezredben az orosz fronton harcolt, \u0151rmesteri rangban szerelt le. Kit\u00fcntett\u00e9k a II. ez\u00fcst vit. \u00e9remmel. A r. k. egyh\u00e1z f\u0151gondnoka volt. Irod.: Sz\u00e9kelyf\u00f6ld \u00ed. k.<\/p>\n","protected":false},"featured_media":0,"comment_status":"open","ping_status":"closed","template":"","meta":[],"product_brand":[],"product_cat":[137],"product_tag":[],"class_list":{"0":"post-4172","1":"product","2":"type-product","3":"status-publish","5":"product_cat-maros-megyei-eletrajzi-lexikon","7":"first","8":"instock","9":"shipping-taxable","10":"product-type-simple"},"_links":{"self":[{"href":"https:\/\/uj.adatbank.ro\/lexikon\/wp-json\/wp\/v2\/product\/4172","targetHints":{"allow":["GET"]}}],"collection":[{"href":"https:\/\/uj.adatbank.ro\/lexikon\/wp-json\/wp\/v2\/product"}],"about":[{"href":"https:\/\/uj.adatbank.ro\/lexikon\/wp-json\/wp\/v2\/types\/product"}],"replies":[{"embeddable":true,"href":"https:\/\/uj.adatbank.ro\/lexikon\/wp-json\/wp\/v2\/comments?post=4172"}],"wp:attachment":[{"href":"https:\/\/uj.adatbank.ro\/lexikon\/wp-json\/wp\/v2\/media?parent=4172"}],"wp:term":[{"taxonomy":"product_brand","embeddable":true,"href":"https:\/\/uj.adatbank.ro\/lexikon\/wp-json\/wp\/v2\/product_brand?post=4172"},{"taxonomy":"product_cat","embeddable":true,"href":"https:\/\/uj.adatbank.ro\/lexikon\/wp-json\/wp\/v2\/product_cat?post=4172"},{"taxonomy":"product_tag","embeddable":true,"href":"https:\/\/uj.adatbank.ro\/lexikon\/wp-json\/wp\/v2\/product_tag?post=4172"}],"curies":[{"name":"wp","href":"https:\/\/api.w.org\/{rel}","templated":true}]}}