{"id":4174,"date":"2025-06-28T16:30:23","date_gmt":"2025-06-28T14:30:23","guid":{"rendered":"https:\/\/uj.adatbank.ro\/lexikon\/termek\/basa-istvan-egerpataki\/"},"modified":"2025-06-28T16:30:23","modified_gmt":"2025-06-28T14:30:23","slug":"basa-istvan-egerpataki","status":"publish","type":"product","link":"https:\/\/uj.adatbank.ro\/lexikon\/termek\/basa-istvan-egerpataki\/","title":{"rendered":"BASA Istv\u00e1n, egerpataki"},"content":{"rendered":"<p>1705. \u2020 Mv., 1750. j\u00fan. 29.: ref. lelk\u00e9sz. \u2013 Mv.-en subscrib\u00e1lt (1723). Kezdetben a Toldalagi L\u00e1szl\u00f3 gr. h\u00e1zitan\u00edt\u00f3ja volt, azut\u00e1n a g\u00f6rg\u00e9nyi egyh\u00e1zmegy\u00e9ben szolg\u00e1lt (1736\u2013): Kolozsnagyid\u00e1n (1737\u201338), Magyarr\u00e9genben (1738\u201341), Koronk\u00e1n (1741\u201349) majd Mv.-en a V\u00e1rtemplomban (1749\u2013) volt lelk\u00e9sz. A mv.-i ref. temet\u0151ben h\u00e1l\u00e1b\u00f3l eml\u00e9kk\u00f6vet gr. Toldalagi L\u00e1szl\u00f3 emeltette egykori nevel\u0151j\u00e9nek. A felirat szerint \u201eBasa Istv\u00e1n a tisztelt \u00far a tudom\u00e1nyban nagy, a j\u00e1mbors\u00e1gban sem kisebb, e k\u00e9t tulajdon\u00e1val p\u00e9ld\u00e1ul szolg\u00e1l az ut\u00e1na j\u00f6v\u0151knek&#8230;\u201d <br \/><strong>Irod.:<\/strong> Cs\u00e1ky; Csekme; Kr\u00f3n. F\u00fcz. (1940. 4\/10); Kov\u00e1sznai; A mv.-i ref. egyh\u00e1z (1727\u2013) anyak\u00f6nyve [k\u00e9zirat]; \u0150sz; V\u00e1rtemplomi lelk\u00e9szek n\u00e9vsora, 1571\u20132000 (\u00daj Kezdet, 2. sz., 2000)<\/br><\/p>\n","protected":false},"excerpt":{"rendered":"<p>1705. \u2020 Mv., 1750. j\u00fan. 29.: ref. lelk\u00e9sz. \u2013 Mv.-en subscrib\u00e1lt (1723). Kezdetben a Toldalagi L\u00e1szl\u00f3 gr. h\u00e1zitan\u00edt\u00f3ja volt, azut\u00e1n a g\u00f6rg\u00e9nyi egyh\u00e1zmegy\u00e9ben szolg\u00e1lt (1736\u2013): Kolozsnagyid\u00e1n (1737\u201338), Magyarr\u00e9genben (1738\u201341), Koronk\u00e1n (1741\u201349) majd Mv.-en a V\u00e1rtemplomban (1749\u2013) volt lelk\u00e9sz. A mv.-i ref. temet\u0151ben h\u00e1l\u00e1b\u00f3l eml\u00e9kk\u00f6vet gr. Toldalagi L\u00e1szl\u00f3 emeltette egykori nevel\u0151j\u00e9nek. A felirat szerint \u201eBasa Istv\u00e1n [&hellip;]<\/p>\n","protected":false},"featured_media":0,"comment_status":"open","ping_status":"closed","template":"","meta":[],"product_brand":[],"product_cat":[137],"product_tag":[],"class_list":{"0":"post-4174","1":"product","2":"type-product","3":"status-publish","5":"product_cat-maros-megyei-eletrajzi-lexikon","7":"first","8":"instock","9":"shipping-taxable","10":"product-type-simple"},"_links":{"self":[{"href":"https:\/\/uj.adatbank.ro\/lexikon\/wp-json\/wp\/v2\/product\/4174","targetHints":{"allow":["GET"]}}],"collection":[{"href":"https:\/\/uj.adatbank.ro\/lexikon\/wp-json\/wp\/v2\/product"}],"about":[{"href":"https:\/\/uj.adatbank.ro\/lexikon\/wp-json\/wp\/v2\/types\/product"}],"replies":[{"embeddable":true,"href":"https:\/\/uj.adatbank.ro\/lexikon\/wp-json\/wp\/v2\/comments?post=4174"}],"wp:attachment":[{"href":"https:\/\/uj.adatbank.ro\/lexikon\/wp-json\/wp\/v2\/media?parent=4174"}],"wp:term":[{"taxonomy":"product_brand","embeddable":true,"href":"https:\/\/uj.adatbank.ro\/lexikon\/wp-json\/wp\/v2\/product_brand?post=4174"},{"taxonomy":"product_cat","embeddable":true,"href":"https:\/\/uj.adatbank.ro\/lexikon\/wp-json\/wp\/v2\/product_cat?post=4174"},{"taxonomy":"product_tag","embeddable":true,"href":"https:\/\/uj.adatbank.ro\/lexikon\/wp-json\/wp\/v2\/product_tag?post=4174"}],"curies":[{"name":"wp","href":"https:\/\/api.w.org\/{rel}","templated":true}]}}

BASA István, egerpataki

<p>1705. † Mv., 1750. jún. 29.: ref. lelkész. – Mv.-en subscribált (1723). Kezdetben a Toldalagi László gr. házitanítója volt, azután a görgényi egyházmegyében szolgált (1736–): Kolozsnagyidán (1737–38), Magyarrégenben (1738–41), Koronkán (1741–49) majd Mv.-en a Vártemplomban (1749–) volt lelkész. A mv.-i ref. temetőben hálából emlékkövet gr. Toldalagi László emeltette egykori nevelőjének. A felirat szerint „Basa István a tisztelt úr a tudományban nagy, a jámborságban sem kisebb, e két tulajdonával például szolgál az utána jövőknek&#8230;” <br /><strong>Irod.:</strong> Csáky; Csekme; Krón. Füz. (1940. 4/10); Kovásznai; A mv.-i ref. egyház (1727–) anyakönyve [kézirat]; Ősz; Vártemplomi lelkészek névsora, 1571–2000 (Új Kezdet, 2. sz., 2000)</br></p>

<p>1705. † Mv., 1750. jún. 29.: ref. lelkész. – Mv.-en subscribált (1723). Kezdetben a Toldalagi László gr. házitanítója volt, azután a görgényi egyházmegyében szolgált (1736–): Kolozsnagyidán (1737–38), Magyarrégenben (1738–41), Koronkán (1741–49) majd Mv.-en a Vártemplomban (1749–) volt lelkész. A mv.-i ref. temetőben hálából emlékkövet gr. Toldalagi László emeltette egykori nevelőjének. A felirat szerint „Basa István [&hellip;]</p>
