{"id":4188,"date":"2025-06-28T16:31:07","date_gmt":"2025-06-28T14:31:07","guid":{"rendered":"https:\/\/uj.adatbank.ro\/lexikon\/termek\/bathori-istvan-%c2%a7-ecsedi-bathory-istvan\/"},"modified":"2025-06-28T16:31:07","modified_gmt":"2025-06-28T14:31:07","slug":"bathori-istvan-%c2%a7-ecsedi-bathory-istvan","status":"publish","type":"product","link":"https:\/\/uj.adatbank.ro\/lexikon\/termek\/bathori-istvan-%c2%a7-ecsedi-bathory-istvan\/","title":{"rendered":"B\u00c1THORI Istv\u00e1n, \u00a7 ecsedi, B\u00e1thory Istv\u00e1n"},"content":{"rendered":"<p>1430., \u2020 1493.: hadvez\u00e9r, orsz\u00e1gb\u00edr\u00f3 (1479\u201393), erd\u00e9lyi vajda, sz\u00e9kely isp\u00e1n. \u2013 Feles\u00e9ge Telegdy Katalin. Fi\u00fak: Istv\u00e1n, Erd\u00e9ly fejedelme, \u00e9s Mikl\u00f3s. \u2013 A keny\u00e9rmezei csat\u00e1ban Kinizsi P\u00e1llal vezette a m. csapatokat, s aratott gy\u0151zelmet Ali b\u00e9g serege felett (1479. okt. 13.). T\u00f6bb hadj\u00e1ratott vezetett a t\u00f6r\u00f6k\u00f6k \u00e9s Moldva ellen. G\u00f6rg\u00e9ny v\u00e1r\u00e1b\u00f3l rendelte el (1481. \u00e1pr. 9.) a sz\u00e9kelyv\u00e1s\u00e1rhelyiek \u0151si szabadalmainak tov\u00e1bbi betart\u00e1s\u00e1t. Figyelmeztette Marossz\u00e9ket, hogy a v\u00e1ros r\u00e9gi szabads\u00e1gjogait ne h\u00e1borgassa. Itt tartott it\u00e9l\u0151sz\u00e9ket M\u00e1ty\u00e1s kir\u00e1ly (1482. j\u00fal. 15\u2013). Az \u0151 k\u00f6zbenj\u00e1r\u00e1s\u00e1ra szabadalomlevelet adott V\u00e1s\u00e1rhelynek (1482. aug. 28), amelyben felmentette a v\u00e1rost az orsz\u00e1gos v\u00e1mfizet\u00e9s, a nemeseket pedig a fejad\u00f3 al\u00f3l. Ekkor nevezt\u00e9k els\u0151 alkalommal a telep\u00fcl\u00e9st Zekelvasarhely-nek. A v\u00e1ros a kor\u00e1bban megl\u00e9v\u0151 hetipiaca mell\u00e9 \u00e9vente h\u00e1romszor orsz\u00e1gos v\u00e1s\u00e1rra kapott jogosults\u00e1got; Sz\u00e9kelyv\u00e1s\u00e1rhely mez\u0151v\u00e1ros lak\u00f3it szok\u00e1suknak \u00e9s t\u00f6rv\u00e9ny\u00fcknek megfelel\u0151en az Erd\u00e9ly hat\u00e1rain t\u00falra t\u00f6rt\u00e9n\u0151 hadba vonul\u00e1s al\u00f3l felmentette (1484. nov. 23). Megtiltotta Marossz\u00e9knek, hogy a v\u00e1s\u00e1rhelyi polg\u00e1rok \u00fcgy\u00e9ben it\u00e9lkezz\u00e9k, mert a r\u00e9gi szabads\u00e1g- \u00e9s szok\u00e1sjog szerint a polg\u00e1rok k\u00f6z\u00f6tt t\u00e1madt \u00fcgyekben a mez\u0151v\u00e1ros (oppidum) jogosult d\u00f6nteni \u00e9s nem a marossz\u00e9ki b\u00edr\u00f3 (1485. okt. 28.), V\u00e1s\u00e1rhelyen a v\u00e1rban tart\u00f3zkodott ahol a sz\u00e9kely sz\u00e9kek kapit\u00e1nyaival \u00e9s el\u0151lj\u00e1r\u00f3ival tartott gy\u0171l\u00e9sen a v\u00e1ros r\u00e9gi jogait \u00e9s k\u00f6telezetts\u00e9geit szab\u00e1lyoz\u00f3 oklevelet bocs\u00e1tott ki (1487. febr. 4\u201323); a v\u00e1rbeli templom k\u00f6r\u00e9 er\u0151d\u00edt\u00e9st \u00e9p\u00edttetett k\u0151b\u0151l \u00e9s t\u00e9gl\u00e1b\u00f3l, amely menhelyk\u00e9nt szolg\u00e1lt a kolostornak \u00e9s a lak\u00f3ss\u00e1gnak a porty\u00e1z\u00f3 csapatokkal szemben (1492), de ad\u00f3t is vetett ki a v\u00e1rosra (1492). Zsarnoks\u00e1ga miatt a sz\u00e9kelyek l\u00e1zadozni kezdtek, de hamarosan meghalt. <br \/><strong>Irod.:<\/strong> Aranka Gy\u00f6rgy; Benk\u0151 K.: Mv.; Benk\u0151-Demeter-Sz\u00e9kely; Egyed \u00c1. 2013; Id\u0151t\u00e1r 1; Keresztes; Kir\u00e1ly P\u00e9ter: Somlyai (ifj.) B. I. \u00e9s a zene = Zenetud. \u00edr\u00e1sok 1998; Orb\u00e1n Dezs\u0151; P\u00e1l-Antal 2002; P\u00e1l-Antal 2009; P\u00e1l Antal S\u00e1ndor: Mv. \u2013 a szabad kir\u00e1lyi v\u00e1ros. (N\u00fa., 2016. m\u00e1j. 20); SzOkl, 1; Sz\u00e9kelys\u00e9g t\u00f6rt.<\/br><\/p>\n","protected":false},"excerpt":{"rendered":"<p>1430., \u2020 1493.: hadvez\u00e9r, orsz\u00e1gb\u00edr\u00f3 (1479\u201393), erd\u00e9lyi vajda, sz\u00e9kely isp\u00e1n. \u2013 Feles\u00e9ge Telegdy Katalin. Fi\u00fak: Istv\u00e1n, Erd\u00e9ly fejedelme, \u00e9s Mikl\u00f3s. \u2013 A keny\u00e9rmezei csat\u00e1ban Kinizsi P\u00e1llal vezette a m. csapatokat, s aratott gy\u0151zelmet Ali b\u00e9g serege felett (1479. okt. 13.). T\u00f6bb hadj\u00e1ratott vezetett a t\u00f6r\u00f6k\u00f6k \u00e9s Moldva ellen. G\u00f6rg\u00e9ny v\u00e1r\u00e1b\u00f3l rendelte el (1481. \u00e1pr. 9.) [&hellip;]<\/p>\n","protected":false},"featured_media":0,"comment_status":"open","ping_status":"closed","template":"","meta":[],"product_brand":[],"product_cat":[137],"product_tag":[],"class_list":{"0":"post-4188","1":"product","2":"type-product","3":"status-publish","5":"product_cat-maros-megyei-eletrajzi-lexikon","7":"first","8":"instock","9":"shipping-taxable","10":"product-type-simple"},"_links":{"self":[{"href":"https:\/\/uj.adatbank.ro\/lexikon\/wp-json\/wp\/v2\/product\/4188","targetHints":{"allow":["GET"]}}],"collection":[{"href":"https:\/\/uj.adatbank.ro\/lexikon\/wp-json\/wp\/v2\/product"}],"about":[{"href":"https:\/\/uj.adatbank.ro\/lexikon\/wp-json\/wp\/v2\/types\/product"}],"replies":[{"embeddable":true,"href":"https:\/\/uj.adatbank.ro\/lexikon\/wp-json\/wp\/v2\/comments?post=4188"}],"wp:attachment":[{"href":"https:\/\/uj.adatbank.ro\/lexikon\/wp-json\/wp\/v2\/media?parent=4188"}],"wp:term":[{"taxonomy":"product_brand","embeddable":true,"href":"https:\/\/uj.adatbank.ro\/lexikon\/wp-json\/wp\/v2\/product_brand?post=4188"},{"taxonomy":"product_cat","embeddable":true,"href":"https:\/\/uj.adatbank.ro\/lexikon\/wp-json\/wp\/v2\/product_cat?post=4188"},{"taxonomy":"product_tag","embeddable":true,"href":"https:\/\/uj.adatbank.ro\/lexikon\/wp-json\/wp\/v2\/product_tag?post=4188"}],"curies":[{"name":"wp","href":"https:\/\/api.w.org\/{rel}","templated":true}]}}

BÁTHORI István, § ecsedi, Báthory István

<p>1430., † 1493.: hadvezér, országbíró (1479–93), erdélyi vajda, székely ispán. – Felesége Telegdy Katalin. Fiúk: István, Erdély fejedelme, és Miklós. – A kenyérmezei csatában Kinizsi Pállal vezette a m. csapatokat, s aratott győzelmet Ali bég serege felett (1479. okt. 13.). Több hadjáratott vezetett a törökök és Moldva ellen. Görgény várából rendelte el (1481. ápr. 9.) a székelyvásárhelyiek ősi szabadalmainak további betartását. Figyelmeztette Marosszéket, hogy a város régi szabadságjogait ne háborgassa. Itt tartott itélőszéket Mátyás király (1482. júl. 15–). Az ő közbenjárására szabadalomlevelet adott Vásárhelynek (1482. aug. 28), amelyben felmentette a várost az országos vámfizetés, a nemeseket pedig a fejadó alól. Ekkor nevezték első alkalommal a települést Zekelvasarhely-nek. A város a korábban meglévő hetipiaca mellé évente háromszor országos vásárra kapott jogosultságot; Székelyvásárhely mezőváros lakóit szokásuknak és törvényüknek megfelelően az Erdély határain túlra történő hadba vonulás alól felmentette (1484. nov. 23). Megtiltotta Marosszéknek, hogy a vásárhelyi polgárok ügyében itélkezzék, mert a régi szabadság- és szokásjog szerint a polgárok között támadt ügyekben a mezőváros (oppidum) jogosult dönteni és nem a marosszéki bíró (1485. okt. 28.), Vásárhelyen a várban tartózkodott ahol a székely székek kapitányaival és előljáróival tartott gyűlésen a város régi jogait és kötelezettségeit szabályozó oklevelet bocsátott ki (1487. febr. 4–23); a várbeli templom köré erődítést építtetett kőből és téglából, amely menhelyként szolgált a kolostornak és a lakósságnak a portyázó csapatokkal szemben (1492), de adót is vetett ki a városra (1492). Zsarnoksága miatt a székelyek lázadozni kezdtek, de hamarosan meghalt. <br /><strong>Irod.:</strong> Aranka György; Benkő K.: Mv.; Benkő-Demeter-Székely; Egyed Á. 2013; Időtár 1; Keresztes; Király Péter: Somlyai (ifj.) B. I. és a zene = Zenetud. írások 1998; Orbán Dezső; Pál-Antal 2002; Pál-Antal 2009; Pál Antal Sándor: Mv. – a szabad királyi város. (Nú., 2016. máj. 20); SzOkl, 1; Székelység tört.</br></p>

<p>1430., † 1493.: hadvezér, országbíró (1479–93), erdélyi vajda, székely ispán. – Felesége Telegdy Katalin. Fiúk: István, Erdély fejedelme, és Miklós. – A kenyérmezei csatában Kinizsi Pállal vezette a m. csapatokat, s aratott győzelmet Ali bég serege felett (1479. okt. 13.). Több hadjáratott vezetett a törökök és Moldva ellen. Görgény várából rendelte el (1481. ápr. 9.) [&hellip;]</p>
