{"id":4189,"date":"2025-06-28T16:31:09","date_gmt":"2025-06-28T14:31:09","guid":{"rendered":"https:\/\/uj.adatbank.ro\/lexikon\/termek\/bathori-istvan-%c2%a7-somlyoi-bathory-istvan-batori-istvan\/"},"modified":"2025-06-28T16:31:09","modified_gmt":"2025-06-28T14:31:09","slug":"bathori-istvan-%c2%a7-somlyoi-bathory-istvan-batori-istvan","status":"publish","type":"product","link":"https:\/\/uj.adatbank.ro\/lexikon\/termek\/bathori-istvan-%c2%a7-somlyoi-bathory-istvan-batori-istvan\/","title":{"rendered":"B\u00c1THORI Istv\u00e1n, \u00a7 somly\u00f3i; B\u00e1thory Istv\u00e1n, B\u00e1tori Istv\u00e1n"},"content":{"rendered":"<p>Somly\u00f3, 1533. szept. 27., \u2020 Grodno (ma Belorusszia), 1586. dec. 12.: erd\u00e9lyi fejedelem (1571\u201386), lengyel kir\u00e1ly is. \u2013 B. Istv\u00e1n \u00e9s Telegdi Katalin fia. \u2013 Gyulafeh\u00e9rv\u00e1ron v\u00e1lasztott\u00e1k vajd\u00e1v\u00e1 (fejedelemm\u00e9) (1571. m\u00e1j. 25.). Kiv\u00e1lts\u00e1got kapott t\u0151le V\u00e1s\u00e1rhely v\u00e1ros: felmentette Sz\u00e9kelyv\u00e1s\u00e1rhelyt \u00e9s Marosszerdahelyet az ad\u00f3teher al\u00f3l, kiv\u00e9tel a t\u00f6r\u00f6k\u00f6knek \u00e9s a v\u00e1radi v\u00e1r \u00e9p\u00edt\u00e9s\u00e9re fizetend\u0151 ad\u00f3 (1572. jan. 7.). B\u00e1thori Krist\u00f3f (1577. febr. 11.) \u00e9s B\u00e1thori Zsigmond (1581. dec. 15.) meger\u0151s\u00edtette ezt a felment\u00e9st. Leverte a szabads\u00e1gukt\u00f3l megfosztott cs\u00edki k\u00f6zsz\u00e9kelyek l\u00e1zad\u00e1s\u00e1t, majd a kerel\u0151szentp\u00e1li csat\u00e1ban (1575) lesz\u00e1molt a b\u00e9csi udvar t\u00e1mogat\u00e1s\u00e1t \u00e9lvez\u0151 tr\u00f3nk\u00f6vetel\u0151 Bekes G\u00e1sp\u00e1rral. Miut\u00e1n Zsigmond \u00c1gost lengyel kir. meghalt, Krakk\u00f3ban lengyel kir\u00e1lly\u00e1 koron\u00e1zt\u00e1k (1575. dec. 15. \u2013 1586. dec. 12.), itt erd\u00e9lyi kancell\u00e1ri\u00e1t \u00e1ll\u00edtott fel, melynek vezet\u00e9s\u00e9t Berzeviczy M\u00e1rtonra \u00e9s Kovacs\u00f3czy Farkasra b\u00edzta. V\u00e1s\u00e1rhelyen tart\u00f3zkodott, ogy.-t tartott (1574. j\u00fan. 15\u201318 \u00e9s 1577.-ben k\u00e9tizben is). Kov\u00e1cs\u00f3czi Farkas kancell\u00e1r\u00e1nak \u00e9s mindk\u00e9t \u00e1g\u00fa \u00f6r\u00f6k\u00f6sseinek \u00e9s ut\u00f3dainak adom\u00e1nyozta a G\u00f6rg\u00e9nyhez csatolt h\u00e9t falu k\u00f6z\u00fcl Remet\u00e9t, Hodost, Jobb\u00e1gytelk\u00e9t \u00e9s Ehedet (1580. \u00e1pr. 24.). Maross\u00e1rpatakon fel\u00e1ll\u00edtott\u00e1k a mellszobr\u00e1t, Miholcsa J\u00f3zsef alkot\u00e1s\u00e1t (2006. m\u00e1j. 25.). \u2013 <strong>F. m.:<\/strong> B\u00e1thory Istv\u00e1n erd\u00e9lyi fejedelem \u00e9s lengyel kir\u00e1ly levelez\u00e9se \/ hazai \u00e9s k\u00fclf\u00fcldi lev\u00e9lt\u00e1rakban gy\u0171jt\u00f6tte \u00e9s k\u00f6zrebocs\u00e1tja Veress Endre. 2. k\u00f6t. (1. k\u00f6t. 1556\u20131575.; 2. k\u00f6t. 1576\u20131586. (Kv., 1944). <br \/><strong>Irod.:<\/strong> Aranka Gy\u00f6rgy; Benk\u0151 K.: Mv.; Cat. Bibl. T.-B.; Deidrich, Egyed \u00c1. 2013; Georgius: Epigramma in admirandam conservationem&#8230; principis Transylvaniae&#8230; Sigismundi, nec non&#8230; Balthasaris et Stephani Bathoreorum (Cibinii, 1593); Erd\u00e9lyi fejedelmek; Id\u0151t\u00e1r 1; Jakab; Kir\u00e1ly P\u00e9ter Kov\u00e1cs Andr\u00e1s; Kraus: Erd\u00e9lyi kr\u00f3nika; Orb\u00e1n Dezs\u0151; P\u00e1l-Antal 2002; P\u00e1l-Antal 2009; Szentgy\u00f6rgyi; Testamentum; Tr\u00f3cs\u00e1nyi 1988; \u00daM\u00c9L; Sz\u00e9kelys\u00e9g t\u00f6rt;. Varr\u00f3 J\u00e1nos: Ki csat\u00e1t nyer, koron\u00e1t nyer (Buk., 1976); B\u00e1thori Istv\u00e1n nyom\u00e1ban. Az Erd\u00e9lyi C\u00edmer- \u00e9s Z\u00e1szl\u00f3tudom\u00e1nyi Egyes\u00fclet Vilniusban (N\u00e9p\u00fajs\u00e1g, 2023. j\u00fan. 23.).<\/br><\/p>\n","protected":false},"excerpt":{"rendered":"<p>Somly\u00f3, 1533. szept. 27., \u2020 Grodno (ma Belorusszia), 1586. dec. 12.: erd\u00e9lyi fejedelem (1571\u201386), lengyel kir\u00e1ly is. \u2013 B. Istv\u00e1n \u00e9s Telegdi Katalin fia. \u2013 Gyulafeh\u00e9rv\u00e1ron v\u00e1lasztott\u00e1k vajd\u00e1v\u00e1 (fejedelemm\u00e9) (1571. m\u00e1j. 25.). Kiv\u00e1lts\u00e1got kapott t\u0151le V\u00e1s\u00e1rhely v\u00e1ros: felmentette Sz\u00e9kelyv\u00e1s\u00e1rhelyt \u00e9s Marosszerdahelyet az ad\u00f3teher al\u00f3l, kiv\u00e9tel a t\u00f6r\u00f6k\u00f6knek \u00e9s a v\u00e1radi v\u00e1r \u00e9p\u00edt\u00e9s\u00e9re fizetend\u0151 ad\u00f3 (1572. [&hellip;]<\/p>\n","protected":false},"featured_media":0,"comment_status":"open","ping_status":"closed","template":"","meta":[],"product_brand":[],"product_cat":[137],"product_tag":[],"class_list":{"0":"post-4189","1":"product","2":"type-product","3":"status-publish","5":"product_cat-maros-megyei-eletrajzi-lexikon","7":"first","8":"instock","9":"shipping-taxable","10":"product-type-simple"},"_links":{"self":[{"href":"https:\/\/uj.adatbank.ro\/lexikon\/wp-json\/wp\/v2\/product\/4189","targetHints":{"allow":["GET"]}}],"collection":[{"href":"https:\/\/uj.adatbank.ro\/lexikon\/wp-json\/wp\/v2\/product"}],"about":[{"href":"https:\/\/uj.adatbank.ro\/lexikon\/wp-json\/wp\/v2\/types\/product"}],"replies":[{"embeddable":true,"href":"https:\/\/uj.adatbank.ro\/lexikon\/wp-json\/wp\/v2\/comments?post=4189"}],"wp:attachment":[{"href":"https:\/\/uj.adatbank.ro\/lexikon\/wp-json\/wp\/v2\/media?parent=4189"}],"wp:term":[{"taxonomy":"product_brand","embeddable":true,"href":"https:\/\/uj.adatbank.ro\/lexikon\/wp-json\/wp\/v2\/product_brand?post=4189"},{"taxonomy":"product_cat","embeddable":true,"href":"https:\/\/uj.adatbank.ro\/lexikon\/wp-json\/wp\/v2\/product_cat?post=4189"},{"taxonomy":"product_tag","embeddable":true,"href":"https:\/\/uj.adatbank.ro\/lexikon\/wp-json\/wp\/v2\/product_tag?post=4189"}],"curies":[{"name":"wp","href":"https:\/\/api.w.org\/{rel}","templated":true}]}}