{"id":4191,"date":"2025-06-28T16:31:15","date_gmt":"2025-06-28T14:31:15","guid":{"rendered":"https:\/\/uj.adatbank.ro\/lexikon\/termek\/bathori-janos-2\/"},"modified":"2025-06-28T16:31:15","modified_gmt":"2025-06-28T14:31:15","slug":"bathori-janos-2","status":"publish","type":"product","link":"https:\/\/uj.adatbank.ro\/lexikon\/termek\/bathori-janos-2\/","title":{"rendered":"B\u00c1THORI J\u00e1nos"},"content":{"rendered":"<p>Dics\u0151szentm\u00e1rton, 1826. febr. 18.,\u2020 Kir\u00e1lyfalva, 1905. aug. 31. Dics\u0151szentm\u00e1rton temet\u0151j\u00e9be nyugszik: lelk\u00e9sz, h\u00e1zitan\u00edt\u00f3. \u2013 Feles\u00e9ge: 1. Sebesty\u00e9n \u00c1gnes (\u2020 1868. \u00e1pr. 4.), 12 \u00e9vi h\u00e1zass\u00e1g ut\u00e1n hunyt el, 6 \u00e1rva maradt; 2. Szikszai \u00c1gnes, aki h\u00e1rom gyermek anyja. \u2013 Nagyenyeden a Bethlen Koll.-ban tanult. A teol\u00f3gia elv\u00e9gz\u00e9se ut\u00e1n Bal\u00e1zstelk\u00e9n a Haller J\u00e1nos uradalm\u00e1ban volt h\u00e1zitan\u00edt\u00f3. R\u00e9szt vett az 1848\u201349-es szabads\u00e1gharcban, Bem t\u00e1bornok vezet\u00e9se alatt hacolt a kv.-i csat\u00e1ban \u00e9s k\u00e9tszer s\u00falyosan  megsebes\u00fclt. Fel\u00e9p\u00fcl\u00e9se ut\u00e1n Kem\u00e9ny Farkas sereg\u00e9vel v\u00e9gig harcolta a 6 h\u00e9tig tart\u00f3 feh\u00e9rv\u00e1ri ostromot, ott szint\u00e9n megsebes\u00fclt. A fegyverlet\u00e9telig r\u00e9szt vett a szabads\u00e1gharcban majd visszah\u00fazodott a h\u00e9tk\u00f6znapi \u00e9letbe, h\u00e1zitan\u00edt\u00f3skodott (\u20131856). Szamos\u00fajv\u00e1r-N\u00e9metiben lelk\u00e9sz lett (1856\u201361), majd Magyarkir\u00e1lyfalv\u00e1n m\u0171k\u00f6d\u00f6tt lelk\u00e9szk\u00e9nt hal\u00e1l\u00e1ig (1861. j\u00fal. 1. \u2013 1905). <br \/><strong>Irod.:<\/strong> Dics\u0151szentm\u00e1rton; Illy\u00e9s Andrea. Dics\u0151szentm\u00e1rtonban is tal\u00e1lni 1848-as harcost (N\u00fa., 2001. m\u00e1rc. 15.)<\/br><\/p>\n","protected":false},"excerpt":{"rendered":"<p>Dics\u0151szentm\u00e1rton, 1826. febr. 18.,\u2020 Kir\u00e1lyfalva, 1905. aug. 31. Dics\u0151szentm\u00e1rton temet\u0151j\u00e9be nyugszik: lelk\u00e9sz, h\u00e1zitan\u00edt\u00f3. \u2013 Feles\u00e9ge: 1. Sebesty\u00e9n \u00c1gnes (\u2020 1868. \u00e1pr. 4.), 12 \u00e9vi h\u00e1zass\u00e1g ut\u00e1n hunyt el, 6 \u00e1rva maradt; 2. Szikszai \u00c1gnes, aki h\u00e1rom gyermek anyja. \u2013 Nagyenyeden a Bethlen Koll.-ban tanult. A teol\u00f3gia elv\u00e9gz\u00e9se ut\u00e1n Bal\u00e1zstelk\u00e9n a Haller J\u00e1nos uradalm\u00e1ban volt h\u00e1zitan\u00edt\u00f3. [&hellip;]<\/p>\n","protected":false},"featured_media":0,"comment_status":"open","ping_status":"closed","template":"","meta":[],"product_brand":[],"product_cat":[137],"product_tag":[],"class_list":{"0":"post-4191","1":"product","2":"type-product","3":"status-publish","5":"product_cat-maros-megyei-eletrajzi-lexikon","7":"first","8":"instock","9":"shipping-taxable","10":"product-type-simple"},"_links":{"self":[{"href":"https:\/\/uj.adatbank.ro\/lexikon\/wp-json\/wp\/v2\/product\/4191","targetHints":{"allow":["GET"]}}],"collection":[{"href":"https:\/\/uj.adatbank.ro\/lexikon\/wp-json\/wp\/v2\/product"}],"about":[{"href":"https:\/\/uj.adatbank.ro\/lexikon\/wp-json\/wp\/v2\/types\/product"}],"replies":[{"embeddable":true,"href":"https:\/\/uj.adatbank.ro\/lexikon\/wp-json\/wp\/v2\/comments?post=4191"}],"wp:attachment":[{"href":"https:\/\/uj.adatbank.ro\/lexikon\/wp-json\/wp\/v2\/media?parent=4191"}],"wp:term":[{"taxonomy":"product_brand","embeddable":true,"href":"https:\/\/uj.adatbank.ro\/lexikon\/wp-json\/wp\/v2\/product_brand?post=4191"},{"taxonomy":"product_cat","embeddable":true,"href":"https:\/\/uj.adatbank.ro\/lexikon\/wp-json\/wp\/v2\/product_cat?post=4191"},{"taxonomy":"product_tag","embeddable":true,"href":"https:\/\/uj.adatbank.ro\/lexikon\/wp-json\/wp\/v2\/product_tag?post=4191"}],"curies":[{"name":"wp","href":"https:\/\/api.w.org\/{rel}","templated":true}]}}

BÁTHORI János

<p>Dicsőszentmárton, 1826. febr. 18.,† Királyfalva, 1905. aug. 31. Dicsőszentmárton temetőjébe nyugszik: lelkész, házitanító. – Felesége: 1. Sebestyén Ágnes († 1868. ápr. 4.), 12 évi házasság után hunyt el, 6 árva maradt; 2. Szikszai Ágnes, aki három gyermek anyja. – Nagyenyeden a Bethlen Koll.-ban tanult. A teológia elvégzése után Balázstelkén a Haller János uradalmában volt házitanító. Részt vett az 1848–49-es szabadságharcban, Bem tábornok vezetése alatt hacolt a kv.-i csatában és kétszer súlyosan  megsebesült. Felépülése után Kemény Farkas seregével végig harcolta a 6 hétig tartó fehérvári ostromot, ott szintén megsebesült. A fegyverletételig részt vett a szabadságharcban majd visszahúzodott a hétköznapi életbe, házitanítóskodott (–1856). Szamosújvár-Németiben lelkész lett (1856–61), majd Magyarkirályfalván működött lelkészként haláláig (1861. júl. 1. – 1905). <br /><strong>Irod.:</strong> Dicsőszentmárton; Illyés Andrea. Dicsőszentmártonban is találni 1848-as harcost (Nú., 2001. márc. 15.)</br></p>

<p>Dicsőszentmárton, 1826. febr. 18.,† Királyfalva, 1905. aug. 31. Dicsőszentmárton temetőjébe nyugszik: lelkész, házitanító. – Felesége: 1. Sebestyén Ágnes († 1868. ápr. 4.), 12 évi házasság után hunyt el, 6 árva maradt; 2. Szikszai Ágnes, aki három gyermek anyja. – Nagyenyeden a Bethlen Koll.-ban tanult. A teológia elvégzése után Balázstelkén a Haller János uradalmában volt házitanító. [&hellip;]</p>
