{"id":4193,"date":"2025-06-28T16:31:21","date_gmt":"2025-06-28T14:31:21","guid":{"rendered":"https:\/\/uj.adatbank.ro\/lexikon\/termek\/bathori-kristof-somlyoi-bathory-kristof\/"},"modified":"2025-06-28T16:31:21","modified_gmt":"2025-06-28T14:31:21","slug":"bathori-kristof-somlyoi-bathory-kristof","status":"publish","type":"product","link":"https:\/\/uj.adatbank.ro\/lexikon\/termek\/bathori-kristof-somlyoi-bathory-kristof\/","title":{"rendered":"B\u00c1THORI Krist\u00f3f, somly\u00f3i, B\u00e1thory Krist\u00f3f"},"content":{"rendered":"<p>1530., \u2020\u00a01581. m\u00e1j. 27.: erd\u00e9lyi vajda. \u2013 Fia: Zsigmond, 9 \u00e9ves, amikor az apja meghalt. \u2013 Erd\u00e9lyi vajda (1576\u201381), b\u00e1tyja B. Istv\u00e1n lengyel kir\u00e1ly nev\u00e9ben korm\u00e1nyzott Erd\u00e9lyben. Z\u00e9kes, ma Sz\u00e9kes, faluban a fejedelmi adom\u00e1nyozhat\u00f3 javakb\u00f3l adott Bercs\u00e9nyi Imr\u00e9nek (1577). Int\u00e9zked\u00e9st hozott a szov\u00e1tai s\u00f3lop\u00e1sok megg\u00e1tol\u00e1s\u00e1ra, amelyek cs\u00f6kkentett\u00e9k a kincst\u00e1r j\u00f6vedelm\u00e9t. It\u00e9l\u0151sz\u00e9ket tartott Sz\u00e9kelyv\u00e1s\u00e1rhelyen (1577. febr. 11.; 1577. j\u00fan. 8.; 1579. m\u00e1j. 20.). G\u00f6csi M\u00e1t\u00e9 lelk\u00e9szt beiktatta \u00faj h\u00e1z\u00e1ba (1576. okt. 21. \u00e9s 1577. j\u00fan. 8.). Megtiltotta Marossz\u00e9knek, hogy a v\u00e1rosi lakosok \u00e9s nemesek \u00fcgyeiben \u00edt\u00e9lkezzen, mert a v\u00e1ros illet\u00e9kes ezen \u00fcgyekben (1578. j\u00fal. 11.). <br \/><strong>Irod.:<\/strong> Aranka Gy\u00f6rgy; Benk\u0151 K.: Mv.; Erd\u00e9lyi fejedelmek; Id\u0151t\u00e1r 1; M. t\u00f6rt. t\u00e1r 18.; J\u00f3zsa Andr\u00e1s: Szov\u00e1ta els\u0151 telepesei (N\u00fa., Sz\u00ednes Vil\u00e1g, 2015. jan. 23.); P\u00e1l Antal S\u00e1ndor: Mv. \u2013 a szabad kir\u00e1lyi v\u00e1ros. (N\u00fa., 2016. m\u00e1j. 20.; 2016. m\u00e1j. 27); Pesty 2014<\/br><\/p>\n","protected":false},"excerpt":{"rendered":"<p>1530., \u2020\u00a01581. m\u00e1j. 27.: erd\u00e9lyi vajda. \u2013 Fia: Zsigmond, 9 \u00e9ves, amikor az apja meghalt. \u2013 Erd\u00e9lyi vajda (1576\u201381), b\u00e1tyja B. Istv\u00e1n lengyel kir\u00e1ly nev\u00e9ben korm\u00e1nyzott Erd\u00e9lyben. Z\u00e9kes, ma Sz\u00e9kes, faluban a fejedelmi adom\u00e1nyozhat\u00f3 javakb\u00f3l adott Bercs\u00e9nyi Imr\u00e9nek (1577). Int\u00e9zked\u00e9st hozott a szov\u00e1tai s\u00f3lop\u00e1sok megg\u00e1tol\u00e1s\u00e1ra, amelyek cs\u00f6kkentett\u00e9k a kincst\u00e1r j\u00f6vedelm\u00e9t. It\u00e9l\u0151sz\u00e9ket tartott Sz\u00e9kelyv\u00e1s\u00e1rhelyen (1577. febr. [&hellip;]<\/p>\n","protected":false},"featured_media":0,"comment_status":"open","ping_status":"closed","template":"","meta":[],"product_brand":[],"product_cat":[137],"product_tag":[],"class_list":{"0":"post-4193","1":"product","2":"type-product","3":"status-publish","5":"product_cat-maros-megyei-eletrajzi-lexikon","7":"first","8":"instock","9":"shipping-taxable","10":"product-type-simple"},"_links":{"self":[{"href":"https:\/\/uj.adatbank.ro\/lexikon\/wp-json\/wp\/v2\/product\/4193","targetHints":{"allow":["GET"]}}],"collection":[{"href":"https:\/\/uj.adatbank.ro\/lexikon\/wp-json\/wp\/v2\/product"}],"about":[{"href":"https:\/\/uj.adatbank.ro\/lexikon\/wp-json\/wp\/v2\/types\/product"}],"replies":[{"embeddable":true,"href":"https:\/\/uj.adatbank.ro\/lexikon\/wp-json\/wp\/v2\/comments?post=4193"}],"wp:attachment":[{"href":"https:\/\/uj.adatbank.ro\/lexikon\/wp-json\/wp\/v2\/media?parent=4193"}],"wp:term":[{"taxonomy":"product_brand","embeddable":true,"href":"https:\/\/uj.adatbank.ro\/lexikon\/wp-json\/wp\/v2\/product_brand?post=4193"},{"taxonomy":"product_cat","embeddable":true,"href":"https:\/\/uj.adatbank.ro\/lexikon\/wp-json\/wp\/v2\/product_cat?post=4193"},{"taxonomy":"product_tag","embeddable":true,"href":"https:\/\/uj.adatbank.ro\/lexikon\/wp-json\/wp\/v2\/product_tag?post=4193"}],"curies":[{"name":"wp","href":"https:\/\/api.w.org\/{rel}","templated":true}]}}

BÁTHORI Kristóf, somlyói, Báthory Kristóf

<p>1530., † 1581. máj. 27.: erdélyi vajda. – Fia: Zsigmond, 9 éves, amikor az apja meghalt. – Erdélyi vajda (1576–81), bátyja B. István lengyel király nevében kormányzott Erdélyben. Zékes, ma Székes, faluban a fejedelmi adományozható javakból adott Bercsényi Imrének (1577). Intézkedést hozott a szovátai sólopások meggátolására, amelyek csökkentették a kincstár jövedelmét. Itélőszéket tartott Székelyvásárhelyen (1577. febr. 11.; 1577. jún. 8.; 1579. máj. 20.). Göcsi Máté lelkészt beiktatta új házába (1576. okt. 21. és 1577. jún. 8.). Megtiltotta Marosszéknek, hogy a városi lakosok és nemesek ügyeiben ítélkezzen, mert a város illetékes ezen ügyekben (1578. júl. 11.). <br /><strong>Irod.:</strong> Aranka György; Benkő K.: Mv.; Erdélyi fejedelmek; Időtár 1; M. tört. tár 18.; Józsa András: Szováta első telepesei (Nú., Színes Világ, 2015. jan. 23.); Pál Antal Sándor: Mv. – a szabad királyi város. (Nú., 2016. máj. 20.; 2016. máj. 27); Pesty 2014</br></p>

<p>1530., † 1581. máj. 27.: erdélyi vajda. – Fia: Zsigmond, 9 éves, amikor az apja meghalt. – Erdélyi vajda (1576–81), bátyja B. István lengyel király nevében kormányzott Erdélyben. Zékes, ma Székes, faluban a fejedelmi adományozható javakból adott Bercsényi Imrének (1577). Intézkedést hozott a szovátai sólopások meggátolására, amelyek csökkentették a kincstár jövedelmét. Itélőszéket tartott Székelyvásárhelyen (1577. febr. [&hellip;]</p>
