{"id":4194,"date":"2025-06-28T16:31:26","date_gmt":"2025-06-28T14:31:26","guid":{"rendered":"https:\/\/uj.adatbank.ro\/lexikon\/termek\/bathori-zsigmond-somlyoi-bathory-zsigmond-batori-sigmond\/"},"modified":"2025-06-28T16:31:26","modified_gmt":"2025-06-28T14:31:26","slug":"bathori-zsigmond-somlyoi-bathory-zsigmond-batori-sigmond","status":"publish","type":"product","link":"https:\/\/uj.adatbank.ro\/lexikon\/termek\/bathori-zsigmond-somlyoi-bathory-zsigmond-batori-sigmond\/","title":{"rendered":"B\u00c1THORI Zsigmond, somly\u00f3i, B\u00e1thory Zsigmond, B\u00e1tori Sigmond"},"content":{"rendered":"<p>1572., \u2020 Csehf\u00f6ld\u00f6n, 1613: vajda, erd\u00e9lyi fejedelem. \u2013 B. Krist\u00f3f fia. Nem maradtak ut\u00f3dai. \u2013 Erd\u00e9ly fejedelme (1581\u20131602). Baranyai Decsi J\u00e1nos volt a fejedelem udvari t\u00f6rt\u00e9net\u00edr\u00f3ja. Kiv\u00e1lts\u00e1gokat adott a v\u00e1rosnak: szab\u00e1lyozta a v\u00e1rosi polg\u00e1rok \u00e9s a v\u00e1rosban birtokkal rendelkez\u0151 nemesek k\u00f6ztehervisel\u00e9si k\u00f6telezetts\u00e9geit, \u00e9s a v\u00e1ros kocsmajog\u00e1t (1581. j\u00fal. 27. \u00e9s 1581. aug. 3.); meger\u0151s\u00edtette a v\u00e1ros szabad b\u00edr\u00e1skod\u00e1si jog\u00e1t, a sz\u00e9k ne foglalkozzon a v\u00e1rosi lakosokat \u00e9rint\u0151 \u00fcgyekkel (1582); meger\u0151s\u00edtette a nemesek ad\u00f3mentess\u00e9get biztos\u00edt\u00f3 r\u00e9gi kiv\u00e1lts\u00e1gait (1583); meger\u0151s\u00edtette a szab\u00f3-, borb\u00e9lyok \u00e9s kirurgusok-, t\u00edm\u00e1r-, varga c\u00e9h kiv\u00e1lts\u00e1gait (1584\u201391); kiv\u00e1lts\u00e1glev\u00e9lben tiltotta meg az idegen bor behozatal\u00e1t a v\u00e1rosba (1585). V\u00e1s\u00e1rhelyen tart\u00f3zkodott (1586. jan. 27.); It\u00e9l\u0151sz\u00e9ket tartott Mv.-en (1587. febr.); mentes\u00edtette a v\u00e1ros el\u0151lj\u00e1r\u00f3it a bor- \u00e9s egy\u00e9b d\u00e9zsm\u00e1k fizet\u00e9se al\u00f3l (1592); megengedte hogy az \u00f6r\u00f6k\u00f6s\u00f6k n\u00e9lk\u00fcl elhalt v\u00e1roslak\u00f3k minden java a v\u00e1rosra sz\u00e1lljon, amelyeket a tan\u00e1cs a v\u00e1ros k\u00f6zhaszn\u00e1ra tartozik ford\u00edtani (1593). Meger\u0151s\u00edtette Sz\u00e9kelyv\u00e1s\u00e1rhelyt r\u00e9gi kiv\u00e1lts\u00e1gaiban (1594. m\u00e1rc. 25.); \u00e1tengedte a v\u00e1rosnak az ott eddig szedett kir\u00e1lyi haszonv\u00e9telek jog\u00e1t: kocsmatart\u00e1s, m\u00e9sz\u00e1rossz\u00e9ktart\u00e1s, hal\u00e1szat, v\u00e1mszed\u00e9s, v\u00e1s\u00e1rtart\u00e1s (1595. \u00e1pr.). Havasalf\u00f6ldi t\u00f6r\u00f6kellenes hadj\u00e1rat\u00e1ban V\u00e1s\u00e1rhely h\u00e1rom sz\u00e1zaddal vett r\u00e9szt (1595. szept.-okt.) saj\u00e1t z\u00e1szl\u00f3aljjal. A g\u00f6rg\u00e9nyi kir. v\u00e1r tulajdonosa (16. sz. v\u00e9ge). <br \/><strong>Irod.:<\/strong> Basta; Benk\u0151 K.: Mv.; Egyed \u00c1. 2006; Sz\u00e9kelys\u00e9g t\u00f6rt.<\/br><\/p>\n","protected":false},"excerpt":{"rendered":"<p>1572., \u2020 Csehf\u00f6ld\u00f6n, 1613: vajda, erd\u00e9lyi fejedelem. \u2013 B. Krist\u00f3f fia. Nem maradtak ut\u00f3dai. \u2013 Erd\u00e9ly fejedelme (1581\u20131602). Baranyai Decsi J\u00e1nos volt a fejedelem udvari t\u00f6rt\u00e9net\u00edr\u00f3ja. Kiv\u00e1lts\u00e1gokat adott a v\u00e1rosnak: szab\u00e1lyozta a v\u00e1rosi polg\u00e1rok \u00e9s a v\u00e1rosban birtokkal rendelkez\u0151 nemesek k\u00f6ztehervisel\u00e9si k\u00f6telezetts\u00e9geit, \u00e9s a v\u00e1ros kocsmajog\u00e1t (1581. j\u00fal. 27. \u00e9s 1581. aug. 3.); meger\u0151s\u00edtette a [&hellip;]<\/p>\n","protected":false},"featured_media":0,"comment_status":"open","ping_status":"closed","template":"","meta":[],"product_brand":[],"product_cat":[137],"product_tag":[],"class_list":{"0":"post-4194","1":"product","2":"type-product","3":"status-publish","5":"product_cat-maros-megyei-eletrajzi-lexikon","7":"first","8":"instock","9":"shipping-taxable","10":"product-type-simple"},"_links":{"self":[{"href":"https:\/\/uj.adatbank.ro\/lexikon\/wp-json\/wp\/v2\/product\/4194","targetHints":{"allow":["GET"]}}],"collection":[{"href":"https:\/\/uj.adatbank.ro\/lexikon\/wp-json\/wp\/v2\/product"}],"about":[{"href":"https:\/\/uj.adatbank.ro\/lexikon\/wp-json\/wp\/v2\/types\/product"}],"replies":[{"embeddable":true,"href":"https:\/\/uj.adatbank.ro\/lexikon\/wp-json\/wp\/v2\/comments?post=4194"}],"wp:attachment":[{"href":"https:\/\/uj.adatbank.ro\/lexikon\/wp-json\/wp\/v2\/media?parent=4194"}],"wp:term":[{"taxonomy":"product_brand","embeddable":true,"href":"https:\/\/uj.adatbank.ro\/lexikon\/wp-json\/wp\/v2\/product_brand?post=4194"},{"taxonomy":"product_cat","embeddable":true,"href":"https:\/\/uj.adatbank.ro\/lexikon\/wp-json\/wp\/v2\/product_cat?post=4194"},{"taxonomy":"product_tag","embeddable":true,"href":"https:\/\/uj.adatbank.ro\/lexikon\/wp-json\/wp\/v2\/product_tag?post=4194"}],"curies":[{"name":"wp","href":"https:\/\/api.w.org\/{rel}","templated":true}]}}

BÁTHORI Zsigmond, somlyói, Báthory Zsigmond, Bátori Sigmond

<p>1572., † Csehföldön, 1613: vajda, erdélyi fejedelem. – B. Kristóf fia. Nem maradtak utódai. – Erdély fejedelme (1581–1602). Baranyai Decsi János volt a fejedelem udvari történetírója. Kiváltságokat adott a városnak: szabályozta a városi polgárok és a városban birtokkal rendelkező nemesek közteherviselési kötelezettségeit, és a város kocsmajogát (1581. júl. 27. és 1581. aug. 3.); megerősítette a város szabad bíráskodási jogát, a szék ne foglalkozzon a városi lakosokat érintő ügyekkel (1582); megerősítette a nemesek adómentességet biztosító régi kiváltságait (1583); megerősítette a szabó-, borbélyok és kirurgusok-, tímár-, varga céh kiváltságait (1584–91); kiváltságlevélben tiltotta meg az idegen bor behozatalát a városba (1585). Vásárhelyen tartózkodott (1586. jan. 27.); Itélőszéket tartott Mv.-en (1587. febr.); mentesítette a város előljáróit a bor- és egyéb dézsmák fizetése alól (1592); megengedte hogy az örökösök nélkül elhalt városlakók minden java a városra szálljon, amelyeket a tanács a város közhasznára tartozik fordítani (1593). Megerősítette Székelyvásárhelyt régi kiváltságaiban (1594. márc. 25.); átengedte a városnak az ott eddig szedett királyi haszonvételek jogát: kocsmatartás, mészárosszéktartás, halászat, vámszedés, vásártartás (1595. ápr.). Havasalföldi törökellenes hadjáratában Vásárhely három századdal vett részt (1595. szept.-okt.) saját zászlóaljjal. A görgényi kir. vár tulajdonosa (16. sz. vége). <br /><strong>Irod.:</strong> Basta; Benkő K.: Mv.; Egyed Á. 2006; Székelység tört.</br></p>

<p>1572., † Csehföldön, 1613: vajda, erdélyi fejedelem. – B. Kristóf fia. Nem maradtak utódai. – Erdély fejedelme (1581–1602). Baranyai Decsi János volt a fejedelem udvari történetírója. Kiváltságokat adott a városnak: szabályozta a városi polgárok és a városban birtokkal rendelkező nemesek közteherviselési kötelezettségeit, és a város kocsmajogát (1581. júl. 27. és 1581. aug. 3.); megerősítette a [&hellip;]</p>
