{"id":4198,"date":"2025-06-28T16:31:38","date_gmt":"2025-06-28T14:31:38","guid":{"rendered":"https:\/\/uj.adatbank.ro\/lexikon\/termek\/batizi-janos-batizfalvi-batiz-janos\/"},"modified":"2025-06-28T16:31:38","modified_gmt":"2025-06-28T14:31:38","slug":"batizi-janos-batizfalvi-batiz-janos","status":"publish","type":"product","link":"https:\/\/uj.adatbank.ro\/lexikon\/termek\/batizi-janos-batizfalvi-batiz-janos\/","title":{"rendered":"BATIZI J\u00e1nos, batizfalvi, Bat\u00edz J\u00e1nos"},"content":{"rendered":"<p>1548, \u2020\u00a0Mv., 1628. szept. 12 : ref. lelk\u00e9sz, senior. \u2013 Feles\u00e9ge: Homonnai Zs\u00f3fia. \u2013 Mv.-en a v\u00e1rtemplomban ref. lelk\u00e9sz (1602\u201328), a marosi traktus esperese. B\u00e1sta hajd\u00fai felgy\u00fajtott\u00e1k \u00e9s el\u00e9gett\u00e9k a templomot \u00e9s papilakot. Nagy buzgalommal igyekezett fel\u00e9p\u00edteni a romokban lev\u0151 templomot \u00e9s meger\u0151s\u00edteni \u00e9s anyagilag megalapozni az egyh\u00e1zat. \u0150 v\u00e1s\u00e1rolta az els\u0151 egyh\u00e1zi f\u00f6ldeket \u00e9s erd\u0151ket (1601 ut\u00e1n). Maga is j\u00f3m\u00f3d\u00fa ember volt, aki vagyon\u00e1t egyre gyarap\u00edtotta: sz\u0151l\u0151t a Nagyhegyben, h\u00e1zakat Mv.-en \u00e9s Hagym\u00e1sbodonban, sz\u00e1nt\u00f3f\u00f6ldet Bodonban v\u00e1s\u00e1rolt, jobb\u00e1gyai is voltak. Feles\u00e9g\u00e9vel Bethlen G\u00e1bort\u00f3l nemesi levelet nyertek (1610. febr. 2.). Bodoni j\u00f3sz\u00e1g\u00e1t a ref. V\u00e1rtemplomra hagyta (1644). <br \/><strong>Irod.:<\/strong> Farcz\u00e1dy; Id\u0151t\u00e1r 1; Marossz\u00e9ki kr\u00f3nik\u00e1k 1.; A mv.-i ref. egyh\u00e1z (1727\u2013) anyak\u00f6nyve [k\u00e9zirat]; P\u00e1l-Antal 2009; P\u00e1lmay; SzOkl, 6; A ref. V\u00e1rtemplom lelk\u00e9szei (dr. Pusk\u00e1s Katalin k\u00e9zirata); V\u00e1rtemplomi lelk\u00e9szek n\u00e9vsora, 1571\u20132000 (\u00daj Kezdet, 2. sz., 2000)<\/br><\/p>\n","protected":false},"excerpt":{"rendered":"<p>1548, \u2020\u00a0Mv., 1628. szept. 12 : ref. lelk\u00e9sz, senior. \u2013 Feles\u00e9ge: Homonnai Zs\u00f3fia. \u2013 Mv.-en a v\u00e1rtemplomban ref. lelk\u00e9sz (1602\u201328), a marosi traktus esperese. B\u00e1sta hajd\u00fai felgy\u00fajtott\u00e1k \u00e9s el\u00e9gett\u00e9k a templomot \u00e9s papilakot. Nagy buzgalommal igyekezett fel\u00e9p\u00edteni a romokban lev\u0151 templomot \u00e9s meger\u0151s\u00edteni \u00e9s anyagilag megalapozni az egyh\u00e1zat. \u0150 v\u00e1s\u00e1rolta az els\u0151 egyh\u00e1zi f\u00f6ldeket \u00e9s [&hellip;]<\/p>\n","protected":false},"featured_media":0,"comment_status":"open","ping_status":"closed","template":"","meta":[],"product_brand":[],"product_cat":[137],"product_tag":[],"class_list":{"0":"post-4198","1":"product","2":"type-product","3":"status-publish","5":"product_cat-maros-megyei-eletrajzi-lexikon","7":"first","8":"instock","9":"shipping-taxable","10":"product-type-simple"},"_links":{"self":[{"href":"https:\/\/uj.adatbank.ro\/lexikon\/wp-json\/wp\/v2\/product\/4198","targetHints":{"allow":["GET"]}}],"collection":[{"href":"https:\/\/uj.adatbank.ro\/lexikon\/wp-json\/wp\/v2\/product"}],"about":[{"href":"https:\/\/uj.adatbank.ro\/lexikon\/wp-json\/wp\/v2\/types\/product"}],"replies":[{"embeddable":true,"href":"https:\/\/uj.adatbank.ro\/lexikon\/wp-json\/wp\/v2\/comments?post=4198"}],"wp:attachment":[{"href":"https:\/\/uj.adatbank.ro\/lexikon\/wp-json\/wp\/v2\/media?parent=4198"}],"wp:term":[{"taxonomy":"product_brand","embeddable":true,"href":"https:\/\/uj.adatbank.ro\/lexikon\/wp-json\/wp\/v2\/product_brand?post=4198"},{"taxonomy":"product_cat","embeddable":true,"href":"https:\/\/uj.adatbank.ro\/lexikon\/wp-json\/wp\/v2\/product_cat?post=4198"},{"taxonomy":"product_tag","embeddable":true,"href":"https:\/\/uj.adatbank.ro\/lexikon\/wp-json\/wp\/v2\/product_tag?post=4198"}],"curies":[{"name":"wp","href":"https:\/\/api.w.org\/{rel}","templated":true}]}}

BATIZI János, batizfalvi, Batíz János

<p>1548, † Mv., 1628. szept. 12 : ref. lelkész, senior. – Felesége: Homonnai Zsófia. – Mv.-en a vártemplomban ref. lelkész (1602–28), a marosi traktus esperese. Básta hajdúi felgyújtották és elégették a templomot és papilakot. Nagy buzgalommal igyekezett felépíteni a romokban levő templomot és megerősíteni és anyagilag megalapozni az egyházat. Ő vásárolta az első egyházi földeket és erdőket (1601 után). Maga is jómódú ember volt, aki vagyonát egyre gyarapította: szőlőt a Nagyhegyben, házakat Mv.-en és Hagymásbodonban, szántóföldet Bodonban vásárolt, jobbágyai is voltak. Feleségével Bethlen Gábortól nemesi levelet nyertek (1610. febr. 2.). Bodoni jószágát a ref. Vártemplomra hagyta (1644). <br /><strong>Irod.:</strong> Farczády; Időtár 1; Marosszéki krónikák 1.; A mv.-i ref. egyház (1727–) anyakönyve [kézirat]; Pál-Antal 2009; Pálmay; SzOkl, 6; A ref. Vártemplom lelkészei (dr. Puskás Katalin kézirata); Vártemplomi lelkészek névsora, 1571–2000 (Új Kezdet, 2. sz., 2000)</br></p>

<p>1548, † Mv., 1628. szept. 12 : ref. lelkész, senior. – Felesége: Homonnai Zsófia. – Mv.-en a vártemplomban ref. lelkész (1602–28), a marosi traktus esperese. Básta hajdúi felgyújtották és elégették a templomot és papilakot. Nagy buzgalommal igyekezett felépíteni a romokban levő templomot és megerősíteni és anyagilag megalapozni az egyházat. Ő vásárolta az első egyházi földeket és [&hellip;]</p>
