{"id":4203,"date":"2025-06-28T16:31:54","date_gmt":"2025-06-28T14:31:54","guid":{"rendered":"https:\/\/uj.adatbank.ro\/lexikon\/termek\/batraneanu-alexandru-baternay-chioreanu-chiorean-alexandru\/"},"modified":"2025-06-28T16:31:54","modified_gmt":"2025-06-28T14:31:54","slug":"batraneanu-alexandru-baternay-chioreanu-chiorean-alexandru","status":"publish","type":"product","link":"https:\/\/uj.adatbank.ro\/lexikon\/termek\/batraneanu-alexandru-baternay-chioreanu-chiorean-alexandru\/","title":{"rendered":"B\u0102TR\u00c2NEANU Alexandru; Baternay, Chioreanu, Chiorean Alexandru"},"content":{"rendered":"<p>B\u00e1ld, 1819\/1820, \u2020 Szamosfalva, 1848. okt.: egyh\u00e1zi ember, jog\u00e1sz, 1848-as m\u00e1rt\u00edr. \u2013 Apja, Ilie, g. kat. k\u00e1ntor volt B\u00e1ldon.-Sz\u00fcl\u0151fal\u00faj\u00e1ban \u00e9s S\u00e1rm\u00e1son v\u00e9gezte az elemi iskol\u00e1t, \u00e9s Kv.-on a piarist\u00e1kn\u00e1l tanult k\u00f6z\u00e9pfok\u00fa filoz\u00f3fia \u00e9s jogi oszt\u00e1lyokban, itt a Chiorean csal\u00e1dnevet Baternayra v\u00e1ltoztatta. A teol\u00f3gi\u00e1t Bal\u00e1zsfalv\u00e1n tanulta (1839 \u00f6sz\u00e9t\u0151l), ahol Simion B\u0103rnu\u0163iu hive lett, ez\u00e9rt a Lem\u00e9nyivel val\u00f3 konfliktusa idej\u00e9n exmatrikul\u00e1lt\u00e1k (1843. j\u00fan. 23). Kitagadott pap a Lem\u00e9nyi-per idej\u00e9n, Buk-ben a Schewitz nevel\u0151int\u00e9zetben volt tan\u00e1r (1843\u201346); visszat\u00e9rt Erd\u00e9lybe \u00e9s Kv.-on jogot tanul. Kancellista Mv- en a Kir\u00e1lyi T\u00e1bl\u00e1n\u00e1l (1848). A 48-as forradalomban akt\u00edvan r\u00e9szt vett, a szebeni rom\u00e1n nemzet tan\u00e1cs kinevezte Top\u00e1nfalv\u00e1ra n\u00e9ptrib\u00fcnnek, mint Avram Iancu n\u00e9pt\u00f6rzsf\u0151n\u00f6ke \u00e9s a kolozsi l\u00e9gi\u00f3 els\u0151 prefektusa, tev\u00e9kenys\u00e9gi ter\u00fclete a Mez\u0151s\u00e9gi j\u00e1r\u00e1sra terjedt ki B\u00e1ldon volt a k\u00f6zpontja, j\u00e1rta a falvakat, lelkes\u00edt\u0151 besz\u00e9deket tartott, toborozta a r\u00e9sztvev\u0151ket a bal\u00e1zsfalvi nagygy\u0171l\u00e9sekre, amelyeken cselekv\u0151en r\u00e9sztvett. Tagja volt az els\u0151 Rom\u00e1n Nemzeti Bizotts\u00e1gnak Szebenben. Vezet\u0151je az Erd\u00e9lyszerte kibontakoz\u00f3 rom\u00e1n parasztmegmozdul\u00e1soknak (1848 nyara), t\u00e1mogattaa havasalf\u00f6ldi forradalmi harcokat Dolzs megy\u00e9ben. R\u00e9szt vett a bal\u00e1zsfalvi nagygy\u0171l\u00e9sen (1848. szept. 3\/15), ahol kinevezt\u00e9k a Mez\u0151s\u00e9g f\u0151kapit\u00e1ny\u00e1v\u00e1 Ludas sz\u00e9khellyel, amelyhez 100 falu tartozott. Megszervezte \u00e9s f\u00f6lfegyverezte a prefekt\u00far\u00e1ja lakoss\u00e1g\u00e1t, a tervek szerint \u00e1ltal\u00e1nos katonai felkel\u00e9s k\u00e9sz\u00fclt (1848. okt. 23.), ami hamarabb (okt. 20.-\u00e1n) elkezd\u0151d\u00f6tt. Felfegyverzett paraszt harcosokkal falur\u00f3l-falura j\u00e1rt Katon\u00e1ra \u00f6sszej\u00f6vetelt hirdetett (1948. okt. 9.-re), de B\u00e1r\u00e9n\u00e1l a parasztok \u00f6sszet\u0171ztek Vay \u00e9s Bethlen \u00e1ltal k\u00fcld\u00f6tt felfegyverzett m. K\u00fcl\u00f6nitm\u00e9nnyel, amelynek feladata volt a l\u00e1zong\u00e1sok lever\u00e9se. B\u00e1r\u00e9 faluban harcost\u00e1rs\u00e1val Vasile Simion-nal egy\u00fctt nagygy\u0171l\u00e9st tartott (1848. okt. 12-\u00e9n), itt elfogt\u00e1k \u00e9s beb\u00f6rt\u00f6n\u00f6zt\u00e9k. A kv.-i t\u00f6rv\u00e9nysz\u00e9k forradalmi tev\u00e9kenys\u00e9ge miatt k\u00f6t\u00e9l \u00e1ltali hal\u00e1lra \u00edt\u00e9lte, amely \u00edt\u00e9letet v\u00e9gre is hajtottak Szamosfalv\u00e1n. Hal\u00e1l\u00e1nak 150. \u00e9vfordul\u00f3j\u00e1n (1998. okt. 18-\u00e1n) sz\u00fcl\u0151fal\u00faj\u00e1ban \u00fcnneps\u00e9ggel eml\u00e9keztek meg r\u00f3la. Nagys\u00e1rm\u00e1s d\u00edszpolg\u00e1ra post-mortem (1999). <br \/><strong>Irod.:<\/strong> Borda; C. L. (1998. okt. 20); Dragomir, Silviu: Studii \u015fi documente privitoare la revolu\u0163ia rom\u00e2nilor din Transilvania \u00een anii 1848\u201349 (Sibiu, 1944) 2; Predescu; Profiluri mure\u015fene, 2.; S\u0103rma\u015fu 670; \u015eerban 2006; Transilvania 1848\u201349<\/br><\/p>\n","protected":false},"excerpt":{"rendered":"<p>B\u00e1ld, 1819\/1820, \u2020 Szamosfalva, 1848. okt.: egyh\u00e1zi ember, jog\u00e1sz, 1848-as m\u00e1rt\u00edr. \u2013 Apja, Ilie, g. kat. k\u00e1ntor volt B\u00e1ldon.-Sz\u00fcl\u0151fal\u00faj\u00e1ban \u00e9s S\u00e1rm\u00e1son v\u00e9gezte az elemi iskol\u00e1t, \u00e9s Kv.-on a piarist\u00e1kn\u00e1l tanult k\u00f6z\u00e9pfok\u00fa filoz\u00f3fia \u00e9s jogi oszt\u00e1lyokban, itt a Chiorean csal\u00e1dnevet Baternayra v\u00e1ltoztatta. A teol\u00f3gi\u00e1t Bal\u00e1zsfalv\u00e1n tanulta (1839 \u00f6sz\u00e9t\u0151l), ahol Simion B\u0103rnu\u0163iu hive lett, ez\u00e9rt a Lem\u00e9nyivel [&hellip;]<\/p>\n","protected":false},"featured_media":0,"comment_status":"open","ping_status":"closed","template":"","meta":[],"product_brand":[],"product_cat":[137],"product_tag":[],"class_list":{"0":"post-4203","1":"product","2":"type-product","3":"status-publish","5":"product_cat-maros-megyei-eletrajzi-lexikon","7":"first","8":"instock","9":"shipping-taxable","10":"product-type-simple"},"_links":{"self":[{"href":"https:\/\/uj.adatbank.ro\/lexikon\/wp-json\/wp\/v2\/product\/4203","targetHints":{"allow":["GET"]}}],"collection":[{"href":"https:\/\/uj.adatbank.ro\/lexikon\/wp-json\/wp\/v2\/product"}],"about":[{"href":"https:\/\/uj.adatbank.ro\/lexikon\/wp-json\/wp\/v2\/types\/product"}],"replies":[{"embeddable":true,"href":"https:\/\/uj.adatbank.ro\/lexikon\/wp-json\/wp\/v2\/comments?post=4203"}],"wp:attachment":[{"href":"https:\/\/uj.adatbank.ro\/lexikon\/wp-json\/wp\/v2\/media?parent=4203"}],"wp:term":[{"taxonomy":"product_brand","embeddable":true,"href":"https:\/\/uj.adatbank.ro\/lexikon\/wp-json\/wp\/v2\/product_brand?post=4203"},{"taxonomy":"product_cat","embeddable":true,"href":"https:\/\/uj.adatbank.ro\/lexikon\/wp-json\/wp\/v2\/product_cat?post=4203"},{"taxonomy":"product_tag","embeddable":true,"href":"https:\/\/uj.adatbank.ro\/lexikon\/wp-json\/wp\/v2\/product_tag?post=4203"}],"curies":[{"name":"wp","href":"https:\/\/api.w.org\/{rel}","templated":true}]}}

BĂTRÂNEANU Alexandru; Baternay, Chioreanu, Chiorean Alexandru

<p>Báld, 1819/1820, † Szamosfalva, 1848. okt.: egyházi ember, jogász, 1848-as mártír. – Apja, Ilie, g. kat. kántor volt Báldon.-Szülőfalújában és Sármáson végezte az elemi iskolát, és Kv.-on a piaristáknál tanult középfokú filozófia és jogi osztályokban, itt a Chiorean családnevet Baternayra változtatta. A teológiát Balázsfalván tanulta (1839 öszétől), ahol Simion Bărnuţiu hive lett, ezért a Leményivel való konfliktusa idején exmatrikulálták (1843. jún. 23). Kitagadott pap a Leményi-per idején, Buk-ben a Schewitz nevelőintézetben volt tanár (1843–46); visszatért Erdélybe és Kv.-on jogot tanul. Kancellista Mv- en a Királyi Táblánál (1848). A 48-as forradalomban aktívan részt vett, a szebeni román nemzet tanács kinevezte Topánfalvára néptribünnek, mint Avram Iancu néptörzsfőnöke és a kolozsi légió első prefektusa, tevékenységi területe a Mezőségi járásra terjedt ki Báldon volt a központja, járta a falvakat, lelkesítő beszédeket tartott, toborozta a résztvevőket a balázsfalvi nagygyűlésekre, amelyeken cselekvően résztvett. Tagja volt az első Román Nemzeti Bizottságnak Szebenben. Vezetője az Erdélyszerte kibontakozó román parasztmegmozdulásoknak (1848 nyara), támogattaa havasalföldi forradalmi harcokat Dolzs megyében. Részt vett a balázsfalvi nagygyűlésen (1848. szept. 3/15), ahol kinevezték a Mezőség főkapitányává Ludas székhellyel, amelyhez 100 falu tartozott. Megszervezte és fölfegyverezte a prefektúrája lakosságát, a tervek szerint általános katonai felkelés készült (1848. okt. 23.), ami hamarabb (okt. 20.-án) elkezdődött. Felfegyverzett paraszt harcosokkal faluról-falura járt Katonára összejövetelt hirdetett (1948. okt. 9.-re), de Bárénál a parasztok összetűztek Vay és Bethlen által küldött felfegyverzett m. Különitménnyel, amelynek feladata volt a lázongások leverése. Báré faluban harcostársával Vasile Simion-nal együtt nagygyűlést tartott (1848. okt. 12-én), itt elfogták és bebörtönözték. A kv.-i törvényszék forradalmi tevékenysége miatt kötél általi halálra ítélte, amely ítéletet végre is hajtottak Szamosfalván. Halálának 150. évfordulóján (1998. okt. 18-án) szülőfalújában ünnepséggel emlékeztek meg róla. Nagysármás díszpolgára post-mortem (1999). <br /><strong>Irod.:</strong> Borda; C. L. (1998. okt. 20); Dragomir, Silviu: Studii şi documente privitoare la revoluţia românilor din Transilvania în anii 1848–49 (Sibiu, 1944) 2; Predescu; Profiluri mureşene, 2.; Sărmaşu 670; Şerban 2006; Transilvania 1848–49</br></p>

<p>Báld, 1819/1820, † Szamosfalva, 1848. okt.: egyházi ember, jogász, 1848-as mártír. – Apja, Ilie, g. kat. kántor volt Báldon.-Szülőfalújában és Sármáson végezte az elemi iskolát, és Kv.-on a piaristáknál tanult középfokú filozófia és jogi osztályokban, itt a Chiorean családnevet Baternayra változtatta. A teológiát Balázsfalván tanulta (1839 öszétől), ahol Simion Bărnuţiu hive lett, ezért a Leményivel [&hellip;]</p>
