{"id":4212,"date":"2025-06-28T16:32:21","date_gmt":"2025-06-28T14:32:21","guid":{"rendered":"https:\/\/uj.adatbank.ro\/lexikon\/termek\/bayer-jacobus\/"},"modified":"2025-06-28T16:32:21","modified_gmt":"2025-06-28T14:32:21","slug":"bayer-jacobus","status":"publish","type":"product","link":"https:\/\/uj.adatbank.ro\/lexikon\/termek\/bayer-jacobus\/","title":{"rendered":"BAYER Jacobus"},"content":{"rendered":"<p>Segesv\u00e1r, 1742., \u2020 1819. \u00e1pr. 5.: tan\u00e1r, lelk\u00e9sz.- Teol\u00f3gi\u00e1t Erlagenben (1765) \u00e9s T\u00fcbingenben (1765) tanult. Tan\u00edtott Segesv\u00e1ron (1768\u20131770), majd rektor ugyanott (1770\u20131772); lelk\u00e9sz Mirkv\u00e1s\u00e1ron, Kac\u00e1n. <br \/><strong>Irod.:<\/strong> Szab\u00f3\u2013Sz\u00f6gi<\/br><\/p>\n","protected":false},"excerpt":{"rendered":"<p>Segesv\u00e1r, 1742., \u2020 1819. \u00e1pr. 5.: tan\u00e1r, lelk\u00e9sz.- Teol\u00f3gi\u00e1t Erlagenben (1765) \u00e9s T\u00fcbingenben (1765) tanult. Tan\u00edtott Segesv\u00e1ron (1768\u20131770), majd rektor ugyanott (1770\u20131772); lelk\u00e9sz Mirkv\u00e1s\u00e1ron, Kac\u00e1n. Irod.: Szab\u00f3\u2013Sz\u00f6gi<\/p>\n","protected":false},"featured_media":0,"comment_status":"open","ping_status":"closed","template":"","meta":[],"product_brand":[],"product_cat":[137],"product_tag":[],"class_list":{"0":"post-4212","1":"product","2":"type-product","3":"status-publish","5":"product_cat-maros-megyei-eletrajzi-lexikon","7":"first","8":"instock","9":"shipping-taxable","10":"product-type-simple"},"_links":{"self":[{"href":"https:\/\/uj.adatbank.ro\/lexikon\/wp-json\/wp\/v2\/product\/4212","targetHints":{"allow":["GET"]}}],"collection":[{"href":"https:\/\/uj.adatbank.ro\/lexikon\/wp-json\/wp\/v2\/product"}],"about":[{"href":"https:\/\/uj.adatbank.ro\/lexikon\/wp-json\/wp\/v2\/types\/product"}],"replies":[{"embeddable":true,"href":"https:\/\/uj.adatbank.ro\/lexikon\/wp-json\/wp\/v2\/comments?post=4212"}],"wp:attachment":[{"href":"https:\/\/uj.adatbank.ro\/lexikon\/wp-json\/wp\/v2\/media?parent=4212"}],"wp:term":[{"taxonomy":"product_brand","embeddable":true,"href":"https:\/\/uj.adatbank.ro\/lexikon\/wp-json\/wp\/v2\/product_brand?post=4212"},{"taxonomy":"product_cat","embeddable":true,"href":"https:\/\/uj.adatbank.ro\/lexikon\/wp-json\/wp\/v2\/product_cat?post=4212"},{"taxonomy":"product_tag","embeddable":true,"href":"https:\/\/uj.adatbank.ro\/lexikon\/wp-json\/wp\/v2\/product_tag?post=4212"}],"curies":[{"name":"wp","href":"https:\/\/api.w.org\/{rel}","templated":true}]}}