{"id":4213,"date":"2025-06-28T16:32:24","date_gmt":"2025-06-28T14:32:24","guid":{"rendered":"https:\/\/uj.adatbank.ro\/lexikon\/termek\/bayer-joseph-bayer-jozsef\/"},"modified":"2025-06-28T16:32:24","modified_gmt":"2025-06-28T14:32:24","slug":"bayer-joseph-bayer-jozsef","status":"publish","type":"product","link":"https:\/\/uj.adatbank.ro\/lexikon\/termek\/bayer-joseph-bayer-jozsef\/","title":{"rendered":"BAYER Joseph, Bayer J\u00f3zsef"},"content":{"rendered":"<p>? \u2020\u00a01754.: gy\u00f3gyszer\u00e9sz.- Nagyszebeni patik\u00e1rius, \u00e1tvette Schwarz Simon patik\u00e1j\u00e1t Mv.-en (1752\u201354), a v\u00e1rost\u00f3l kiv\u00e1lts\u00e1got nyert, a gy\u00f3gyszert\u00e1rnak ad\u00f3mentess\u00e9get szerzett a F\u0151korm\u00e1nysz\u00e9kt\u0151l (1752). Az 1753-ban tartott ellen\u0151rz\u00e9s sor\u00e1n elmarasztal\u00f3an nyilatkoztak a gy\u00f3gyszert\u00e1r \u00e1llapot\u00e1r\u00f3l (hi\u00e1nyos felszerel\u00e9s, kev\u00e9s \u00e9s gyenge min\u0151s\u00e9g\u0171 patikaszer). <br \/><strong>Irod.:<\/strong> Id\u0151t\u00e1r 1; Man: Tg. M., P\u00e1l-Antal 2009; P\u00e1l Antal S\u00e1ndor: K\u00f6zeg\u00e9szs\u00e9g\u00fcgy \u00e9s szoci\u00e1lis gondoskod\u00e1s a 18\u201319. sz\u00e1zadi Mv.-en (N\u00fa., Sz\u00ednes Vil\u00e1g, 2010. j\u00fan. 12.); P\u00e9ter H. M.<\/br><\/p>\n","protected":false},"excerpt":{"rendered":"<p>? \u2020\u00a01754.: gy\u00f3gyszer\u00e9sz.- Nagyszebeni patik\u00e1rius, \u00e1tvette Schwarz Simon patik\u00e1j\u00e1t Mv.-en (1752\u201354), a v\u00e1rost\u00f3l kiv\u00e1lts\u00e1got nyert, a gy\u00f3gyszert\u00e1rnak ad\u00f3mentess\u00e9get szerzett a F\u0151korm\u00e1nysz\u00e9kt\u0151l (1752). Az 1753-ban tartott ellen\u0151rz\u00e9s sor\u00e1n elmarasztal\u00f3an nyilatkoztak a gy\u00f3gyszert\u00e1r \u00e1llapot\u00e1r\u00f3l (hi\u00e1nyos felszerel\u00e9s, kev\u00e9s \u00e9s gyenge min\u0151s\u00e9g\u0171 patikaszer). Irod.: Id\u0151t\u00e1r 1; Man: Tg. M., P\u00e1l-Antal 2009; P\u00e1l Antal S\u00e1ndor: K\u00f6zeg\u00e9szs\u00e9g\u00fcgy \u00e9s szoci\u00e1lis gondoskod\u00e1s a [&hellip;]<\/p>\n","protected":false},"featured_media":0,"comment_status":"open","ping_status":"closed","template":"","meta":[],"product_brand":[],"product_cat":[137],"product_tag":[],"class_list":{"0":"post-4213","1":"product","2":"type-product","3":"status-publish","5":"product_cat-maros-megyei-eletrajzi-lexikon","7":"first","8":"instock","9":"shipping-taxable","10":"product-type-simple"},"_links":{"self":[{"href":"https:\/\/uj.adatbank.ro\/lexikon\/wp-json\/wp\/v2\/product\/4213","targetHints":{"allow":["GET"]}}],"collection":[{"href":"https:\/\/uj.adatbank.ro\/lexikon\/wp-json\/wp\/v2\/product"}],"about":[{"href":"https:\/\/uj.adatbank.ro\/lexikon\/wp-json\/wp\/v2\/types\/product"}],"replies":[{"embeddable":true,"href":"https:\/\/uj.adatbank.ro\/lexikon\/wp-json\/wp\/v2\/comments?post=4213"}],"wp:attachment":[{"href":"https:\/\/uj.adatbank.ro\/lexikon\/wp-json\/wp\/v2\/media?parent=4213"}],"wp:term":[{"taxonomy":"product_brand","embeddable":true,"href":"https:\/\/uj.adatbank.ro\/lexikon\/wp-json\/wp\/v2\/product_brand?post=4213"},{"taxonomy":"product_cat","embeddable":true,"href":"https:\/\/uj.adatbank.ro\/lexikon\/wp-json\/wp\/v2\/product_cat?post=4213"},{"taxonomy":"product_tag","embeddable":true,"href":"https:\/\/uj.adatbank.ro\/lexikon\/wp-json\/wp\/v2\/product_tag?post=4213"}],"curies":[{"name":"wp","href":"https:\/\/api.w.org\/{rel}","templated":true}]}}

BAYER Joseph, Bayer József

<p>? † 1754.: gyógyszerész.- Nagyszebeni patikárius, átvette Schwarz Simon patikáját Mv.-en (1752–54), a várostól kiváltságot nyert, a gyógyszertárnak adómentességet szerzett a Főkormányszéktől (1752). Az 1753-ban tartott ellenőrzés során elmarasztalóan nyilatkoztak a gyógyszertár állapotáról (hiányos felszerelés, kevés és gyenge minőségű patikaszer). <br /><strong>Irod.:</strong> Időtár 1; Man: Tg. M., Pál-Antal 2009; Pál Antal Sándor: Közegészségügy és szociális gondoskodás a 18–19. századi Mv.-en (Nú., Színes Világ, 2010. jún. 12.); Péter H. M.</br></p>

<p>? † 1754.: gyógyszerész.- Nagyszebeni patikárius, átvette Schwarz Simon patikáját Mv.-en (1752–54), a várostól kiváltságot nyert, a gyógyszertárnak adómentességet szerzett a Főkormányszéktől (1752). Az 1753-ban tartott ellenőrzés során elmarasztalóan nyilatkoztak a gyógyszertár állapotáról (hiányos felszerelés, kevés és gyenge minőségű patikaszer). Irod.: Időtár 1; Man: Tg. M., Pál-Antal 2009; Pál Antal Sándor: Közegészségügy és szociális gondoskodás a [&hellip;]</p>
