{"id":4219,"date":"2025-06-28T16:32:43","date_gmt":"2025-06-28T14:32:43","guid":{"rendered":"https:\/\/uj.adatbank.ro\/lexikon\/termek\/beck-bela\/"},"modified":"2025-06-28T16:32:43","modified_gmt":"2025-06-28T14:32:43","slug":"beck-bela","status":"publish","type":"product","link":"https:\/\/uj.adatbank.ro\/lexikon\/termek\/beck-bela\/","title":{"rendered":"BECK B\u00e9la"},"content":{"rendered":"<p>1850.? \u2020 1900. febr. 6.: gy\u00f3gyszer\u00e9sz. \u2013 Gy\u00f3gyszer\u00e9sz oklevelet Pesten kapott (1871\u201372). Gy\u00f3gyszer\u00e9sz Kadark\u00faton (1886), Mv.-en a M. Korona gy\u00f3gyszert\u00e1r b\u00e9rl\u0151je (1892\u201396). A Marostorda vm.-i \u00e9s a Mv.-i Orvos-Gy\u00f3gyszer\u00e9sz Egylet p\u00e9nzt\u00e1rosa \u00e9s k\u00f6nyvt\u00e1rosa (1890. dec. 20.-\u00e1n alakult meg). \u00c1tvette Gunth\u00e1r Lip\u00f3t b\u00e9rl\u0151t\u0151 a Binder-f\u00e9le patik\u00e1t, korszer\u0171ss\u00edtette \u00e9s saj\u00e1t kezel\u00e9ssel megny\u00edtotta (1892. m\u00e1rc. 22 ). <br \/><strong>Irod.:<\/strong> Id\u0151t\u00e1r 5 \/1.; P\u00e9ter H. M. 2013<\/br><\/p>\n","protected":false},"excerpt":{"rendered":"<p>1850.? \u2020 1900. febr. 6.: gy\u00f3gyszer\u00e9sz. \u2013 Gy\u00f3gyszer\u00e9sz oklevelet Pesten kapott (1871\u201372). Gy\u00f3gyszer\u00e9sz Kadark\u00faton (1886), Mv.-en a M. Korona gy\u00f3gyszert\u00e1r b\u00e9rl\u0151je (1892\u201396). A Marostorda vm.-i \u00e9s a Mv.-i Orvos-Gy\u00f3gyszer\u00e9sz Egylet p\u00e9nzt\u00e1rosa \u00e9s k\u00f6nyvt\u00e1rosa (1890. dec. 20.-\u00e1n alakult meg). \u00c1tvette Gunth\u00e1r Lip\u00f3t b\u00e9rl\u0151t\u0151 a Binder-f\u00e9le patik\u00e1t, korszer\u0171ss\u00edtette \u00e9s saj\u00e1t kezel\u00e9ssel megny\u00edtotta (1892. m\u00e1rc. 22 ). Irod.: [&hellip;]<\/p>\n","protected":false},"featured_media":0,"comment_status":"open","ping_status":"closed","template":"","meta":[],"product_brand":[],"product_cat":[137],"product_tag":[],"class_list":{"0":"post-4219","1":"product","2":"type-product","3":"status-publish","5":"product_cat-maros-megyei-eletrajzi-lexikon","7":"first","8":"instock","9":"shipping-taxable","10":"product-type-simple"},"_links":{"self":[{"href":"https:\/\/uj.adatbank.ro\/lexikon\/wp-json\/wp\/v2\/product\/4219","targetHints":{"allow":["GET"]}}],"collection":[{"href":"https:\/\/uj.adatbank.ro\/lexikon\/wp-json\/wp\/v2\/product"}],"about":[{"href":"https:\/\/uj.adatbank.ro\/lexikon\/wp-json\/wp\/v2\/types\/product"}],"replies":[{"embeddable":true,"href":"https:\/\/uj.adatbank.ro\/lexikon\/wp-json\/wp\/v2\/comments?post=4219"}],"wp:attachment":[{"href":"https:\/\/uj.adatbank.ro\/lexikon\/wp-json\/wp\/v2\/media?parent=4219"}],"wp:term":[{"taxonomy":"product_brand","embeddable":true,"href":"https:\/\/uj.adatbank.ro\/lexikon\/wp-json\/wp\/v2\/product_brand?post=4219"},{"taxonomy":"product_cat","embeddable":true,"href":"https:\/\/uj.adatbank.ro\/lexikon\/wp-json\/wp\/v2\/product_cat?post=4219"},{"taxonomy":"product_tag","embeddable":true,"href":"https:\/\/uj.adatbank.ro\/lexikon\/wp-json\/wp\/v2\/product_tag?post=4219"}],"curies":[{"name":"wp","href":"https:\/\/api.w.org\/{rel}","templated":true}]}}

BECK Béla

<p>1850.? † 1900. febr. 6.: gyógyszerész. – Gyógyszerész oklevelet Pesten kapott (1871–72). Gyógyszerész Kadarkúton (1886), Mv.-en a M. Korona gyógyszertár bérlője (1892–96). A Marostorda vm.-i és a Mv.-i Orvos-Gyógyszerész Egylet pénztárosa és könyvtárosa (1890. dec. 20.-án alakult meg). Átvette Gunthár Lipót bérlőtő a Binder-féle patikát, korszerűssítette és saját kezeléssel megnyította (1892. márc. 22 ). <br /><strong>Irod.:</strong> Időtár 5 /1.; Péter H. M. 2013</br></p>

<p>1850.? † 1900. febr. 6.: gyógyszerész. – Gyógyszerész oklevelet Pesten kapott (1871–72). Gyógyszerész Kadarkúton (1886), Mv.-en a M. Korona gyógyszertár bérlője (1892–96). A Marostorda vm.-i és a Mv.-i Orvos-Gyógyszerész Egylet pénztárosa és könyvtárosa (1890. dec. 20.-án alakult meg). Átvette Gunthár Lipót bérlőtő a Binder-féle patikát, korszerűssítette és saját kezeléssel megnyította (1892. márc. 22 ). Irod.: [&hellip;]</p>
