{"id":4222,"date":"2025-06-28T16:32:52","date_gmt":"2025-06-28T14:32:52","guid":{"rendered":"https:\/\/uj.adatbank.ro\/lexikon\/termek\/becsy-istvan\/"},"modified":"2025-06-28T16:32:52","modified_gmt":"2025-06-28T14:32:52","slug":"becsy-istvan","status":"publish","type":"product","link":"https:\/\/uj.adatbank.ro\/lexikon\/termek\/becsy-istvan\/","title":{"rendered":"B\u00c9CSY Istv\u00e1n"},"content":{"rendered":"<p>Kun\u00e1gota, 1891., \u2020\u00a0? : vend\u00e9gl\u0151s. \u2013 Iskol\u00e1i elv\u00e9gz\u00e9se ut\u00e1n a vend\u00e9gl\u00e1t\u00f3i iparban Temesv\u00e1r, Debrecen, Arad, Szeged, Kv. legjobb vend\u00e9gl\u0151iben fejlesztette tud\u00e1s\u00e1t. Az els\u0151 vh.-ban a 2. h. gy. e.-ben az orosz, rom\u00e1n \u00e9s olasz fronton harcolt, megsebes\u00fclt, olasz fogs\u00e1gba ker\u00fclt, mint 45 % rokkant szerelt le. Kit\u00fcntet\u00e9se\u00a0: II. o. ez\u00fcst, bronz v. \u00e9rem a K\u00e1roly csapatkereszt. Mv.-re ker\u00fclt (1921\u2013), ahol a Transilvania \u00e9tterem b\u00e9rl\u0151je volt. Szov\u00e1t\u00e1n telepedett le (1930). A hazafias, kultur\u00e1lis, t\u00e1rsadalmi egyes\u0151letek lelkes t\u00e1mogat\u00f3ja volt. <br \/><strong>Irod.:<\/strong> Sz\u00e9kelyf\u00f6ld \u00ed. k<\/br><\/p>\n","protected":false},"excerpt":{"rendered":"<p>Kun\u00e1gota, 1891., \u2020\u00a0? : vend\u00e9gl\u0151s. \u2013 Iskol\u00e1i elv\u00e9gz\u00e9se ut\u00e1n a vend\u00e9gl\u00e1t\u00f3i iparban Temesv\u00e1r, Debrecen, Arad, Szeged, Kv. legjobb vend\u00e9gl\u0151iben fejlesztette tud\u00e1s\u00e1t. Az els\u0151 vh.-ban a 2. h. gy. e.-ben az orosz, rom\u00e1n \u00e9s olasz fronton harcolt, megsebes\u00fclt, olasz fogs\u00e1gba ker\u00fclt, mint 45 % rokkant szerelt le. Kit\u00fcntet\u00e9se\u00a0: II. o. ez\u00fcst, bronz v. \u00e9rem a K\u00e1roly [&hellip;]<\/p>\n","protected":false},"featured_media":0,"comment_status":"open","ping_status":"closed","template":"","meta":[],"product_brand":[],"product_cat":[137],"product_tag":[],"class_list":{"0":"post-4222","1":"product","2":"type-product","3":"status-publish","5":"product_cat-maros-megyei-eletrajzi-lexikon","7":"first","8":"instock","9":"shipping-taxable","10":"product-type-simple"},"_links":{"self":[{"href":"https:\/\/uj.adatbank.ro\/lexikon\/wp-json\/wp\/v2\/product\/4222","targetHints":{"allow":["GET"]}}],"collection":[{"href":"https:\/\/uj.adatbank.ro\/lexikon\/wp-json\/wp\/v2\/product"}],"about":[{"href":"https:\/\/uj.adatbank.ro\/lexikon\/wp-json\/wp\/v2\/types\/product"}],"replies":[{"embeddable":true,"href":"https:\/\/uj.adatbank.ro\/lexikon\/wp-json\/wp\/v2\/comments?post=4222"}],"wp:attachment":[{"href":"https:\/\/uj.adatbank.ro\/lexikon\/wp-json\/wp\/v2\/media?parent=4222"}],"wp:term":[{"taxonomy":"product_brand","embeddable":true,"href":"https:\/\/uj.adatbank.ro\/lexikon\/wp-json\/wp\/v2\/product_brand?post=4222"},{"taxonomy":"product_cat","embeddable":true,"href":"https:\/\/uj.adatbank.ro\/lexikon\/wp-json\/wp\/v2\/product_cat?post=4222"},{"taxonomy":"product_tag","embeddable":true,"href":"https:\/\/uj.adatbank.ro\/lexikon\/wp-json\/wp\/v2\/product_tag?post=4222"}],"curies":[{"name":"wp","href":"https:\/\/api.w.org\/{rel}","templated":true}]}}

BÉCSY István

<p>Kunágota, 1891., † ? : vendéglős. – Iskolái elvégzése után a vendéglátói iparban Temesvár, Debrecen, Arad, Szeged, Kv. legjobb vendéglőiben fejlesztette tudását. Az első vh.-ban a 2. h. gy. e.-ben az orosz, román és olasz fronton harcolt, megsebesült, olasz fogságba került, mint 45 % rokkant szerelt le. Kitüntetése : II. o. ezüst, bronz v. érem a Károly csapatkereszt. Mv.-re került (1921–), ahol a Transilvania étterem bérlője volt. Szovátán telepedett le (1930). A hazafias, kulturális, társadalmi egyesőletek lelkes támogatója volt. <br /><strong>Irod.:</strong> Székelyföld í. k</br></p>

<p>Kunágota, 1891., † ? : vendéglős. – Iskolái elvégzése után a vendéglátói iparban Temesvár, Debrecen, Arad, Szeged, Kv. legjobb vendéglőiben fejlesztette tudását. Az első vh.-ban a 2. h. gy. e.-ben az orosz, román és olasz fronton harcolt, megsebesült, olasz fogságba került, mint 45 % rokkant szerelt le. Kitüntetése : II. o. ezüst, bronz v. érem a Károly [&hellip;]</p>
