{"id":4229,"date":"2025-06-28T16:33:16","date_gmt":"2025-06-28T14:33:16","guid":{"rendered":"https:\/\/uj.adatbank.ro\/lexikon\/termek\/bednay-rozsika-bendaljai-mme-de-thebes\/"},"modified":"2025-06-28T16:33:16","modified_gmt":"2025-06-28T14:33:16","slug":"bednay-rozsika-bendaljai-mme-de-thebes","status":"publish","type":"product","link":"https:\/\/uj.adatbank.ro\/lexikon\/termek\/bednay-rozsika-bendaljai-mme-de-thebes\/","title":{"rendered":"BEDNAY R\u00f3zsika, bendaljai, Mme de Th\u00e9bes"},"content":{"rendered":"<p>Mv., 1873. m\u00e1rc. 31., \u2020 Mv., 1939. m\u00e1rc. 15.: \u00edr\u00f3, j\u00f3sn\u0151. \u2013 Mme de Th\u00e9bes n\u00e9ven emlegetett j\u00f3sn\u0151. Lecs\u00faszott kisnemesi tisztvisel\u0151i csal\u00e1db\u00f3l sz\u00e1rmazott. Iskol\u00e1it Temesv\u00e1rt \u00e9s Beszterceb\u00e1ny\u00e1n v\u00e9gezte. Mv.-en \u00e9lt (1925\u2013). J\u00f3sn\u0151, k\u00e1rtyavet\u0151, szellemid\u00e9z\u0151 \u00e9s politikai j\u00f3sn\u0151 volt. \u00c1llami k\u00f3rh\u00e1zban halt meg, k\u00f6zadakoz\u00e1sb\u00f3l temett\u00e9k el. Els\u0151 novell\u00e1ja: Tavasz \u00e9s szerelem c. a Sz\u00e9kely Lapok c. hetilapban jelent meg (1897. febr. 21.). T\u00f6bb verse, novell\u00e1ja \u00e9s \u00e1llatv\u00e9delmi cikke jelent meg mv.-i \u00e9s m\u00e1s erd\u00e9lyi lapokban. \u2013 <strong>F. m.:<\/strong> Novell\u00e1k (Mv., 1902); A faji j\u00f6v\u0151\u00e9rt (Mv., 1932). <br \/><strong>Irod.:<\/strong> Guly\u00e1s; Gy\u00f6rgy 1926; Id\u0151t\u00e1r 3; Marosi-KZST<\/br><\/p>\n","protected":false},"excerpt":{"rendered":"<p>Mv., 1873. m\u00e1rc. 31., \u2020 Mv., 1939. m\u00e1rc. 15.: \u00edr\u00f3, j\u00f3sn\u0151. \u2013 Mme de Th\u00e9bes n\u00e9ven emlegetett j\u00f3sn\u0151. Lecs\u00faszott kisnemesi tisztvisel\u0151i csal\u00e1db\u00f3l sz\u00e1rmazott. Iskol\u00e1it Temesv\u00e1rt \u00e9s Beszterceb\u00e1ny\u00e1n v\u00e9gezte. Mv.-en \u00e9lt (1925\u2013). J\u00f3sn\u0151, k\u00e1rtyavet\u0151, szellemid\u00e9z\u0151 \u00e9s politikai j\u00f3sn\u0151 volt. \u00c1llami k\u00f3rh\u00e1zban halt meg, k\u00f6zadakoz\u00e1sb\u00f3l temett\u00e9k el. Els\u0151 novell\u00e1ja: Tavasz \u00e9s szerelem c. a Sz\u00e9kely Lapok c. [&hellip;]<\/p>\n","protected":false},"featured_media":0,"comment_status":"open","ping_status":"closed","template":"","meta":[],"product_brand":[],"product_cat":[137],"product_tag":[],"class_list":{"0":"post-4229","1":"product","2":"type-product","3":"status-publish","5":"product_cat-maros-megyei-eletrajzi-lexikon","7":"first","8":"instock","9":"shipping-taxable","10":"product-type-simple"},"_links":{"self":[{"href":"https:\/\/uj.adatbank.ro\/lexikon\/wp-json\/wp\/v2\/product\/4229","targetHints":{"allow":["GET"]}}],"collection":[{"href":"https:\/\/uj.adatbank.ro\/lexikon\/wp-json\/wp\/v2\/product"}],"about":[{"href":"https:\/\/uj.adatbank.ro\/lexikon\/wp-json\/wp\/v2\/types\/product"}],"replies":[{"embeddable":true,"href":"https:\/\/uj.adatbank.ro\/lexikon\/wp-json\/wp\/v2\/comments?post=4229"}],"wp:attachment":[{"href":"https:\/\/uj.adatbank.ro\/lexikon\/wp-json\/wp\/v2\/media?parent=4229"}],"wp:term":[{"taxonomy":"product_brand","embeddable":true,"href":"https:\/\/uj.adatbank.ro\/lexikon\/wp-json\/wp\/v2\/product_brand?post=4229"},{"taxonomy":"product_cat","embeddable":true,"href":"https:\/\/uj.adatbank.ro\/lexikon\/wp-json\/wp\/v2\/product_cat?post=4229"},{"taxonomy":"product_tag","embeddable":true,"href":"https:\/\/uj.adatbank.ro\/lexikon\/wp-json\/wp\/v2\/product_tag?post=4229"}],"curies":[{"name":"wp","href":"https:\/\/api.w.org\/{rel}","templated":true}]}}

BEDNAY Rózsika, bendaljai, Mme de Thébes

<p>Mv., 1873. márc. 31., † Mv., 1939. márc. 15.: író, jósnő. – Mme de Thébes néven emlegetett jósnő. Lecsúszott kisnemesi tisztviselői családból származott. Iskoláit Temesvárt és Besztercebányán végezte. Mv.-en élt (1925–). Jósnő, kártyavető, szellemidéző és politikai jósnő volt. Állami kórházban halt meg, közadakozásból temették el. Első novellája: Tavasz és szerelem c. a Székely Lapok c. hetilapban jelent meg (1897. febr. 21.). Több verse, novellája és állatvédelmi cikke jelent meg mv.-i és más erdélyi lapokban. – <strong>F. m.:</strong> Novellák (Mv., 1902); A faji jövőért (Mv., 1932). <br /><strong>Irod.:</strong> Gulyás; György 1926; Időtár 3; Marosi-KZST</br></p>

<p>Mv., 1873. márc. 31., † Mv., 1939. márc. 15.: író, jósnő. – Mme de Thébes néven emlegetett jósnő. Lecsúszott kisnemesi tisztviselői családból származott. Iskoláit Temesvárt és Besztercebányán végezte. Mv.-en élt (1925–). Jósnő, kártyavető, szellemidéző és politikai jósnő volt. Állami kórházban halt meg, közadakozásból temették el. Első novellája: Tavasz és szerelem c. a Székely Lapok c. [&hellip;]</p>
