{"id":4232,"date":"2025-06-28T16:33:26","date_gmt":"2025-06-28T14:33:26","guid":{"rendered":"https:\/\/uj.adatbank.ro\/lexikon\/termek\/bedo-borbala-kelemen-imrene\/"},"modified":"2025-06-28T16:33:26","modified_gmt":"2025-06-28T14:33:26","slug":"bedo-borbala-kelemen-imrene","status":"publish","type":"product","link":"https:\/\/uj.adatbank.ro\/lexikon\/termek\/bedo-borbala-kelemen-imrene\/","title":{"rendered":"BED\u0150 Borb\u00e1la, Kelemen Imr\u00e9n\u00e9"},"content":{"rendered":"<p>Fogaras, 1913. okt. 26., \u2020 Mv., 1991. szept. 29.: unit. lelk\u00e9sz. \u2013 F\u00e9rje: Kelemen Imre, ref. lelk\u00e9sz. H\u00e1rom gyermek\u00fck sz\u00fcletett. \u2013 Az elemi iskol\u00e1t Fogarason kezdte (1927-ig), elv\u00e9gezte a n\u00e9gy polg\u00e1rit, Kv \u2013on a ref. le\u00e1nygimn.-ban folytatta. A kv.-i teol\u00f3gi\u00e1n az els\u0151 n\u0151i hallgat\u00f3k\u00e9nt v\u00e9gzett (1934), p\u00e1r h\u00f3napot Bp.-en volt seg\u00e9dlelk\u00e9sz. Sikeresen letette a lelk\u00e9szk\u00e9pes\u00edt\u0151 vizsg\u00e1t, vall\u00e1stan\u00e1ri k\u00e9pes\u00edt\u00e9st nyert. Fogarason seg\u00e9dlelk\u00e9sz (1936. nov.- 1937. febr.). Az angol n\u0151sz\u00f6vets\u00e9g megh\u00edv\u00e1s\u00e1ra elj\u00fatott Angli\u00e1ba, ahol az angol nyelvtud\u00e1s\u00e1t gyarap\u00edtotta, istentiszteleteket tartott. Visszat\u00e9rte ut\u00e1n vall\u00e1stan\u00e1r helyettes Kv.-on. F\u00e9rjhez menetele ut\u00e1n Okl\u00e1ndon az algimn.-ban tan\u00edtott, amig az meg nem sz\u00fcnt, f\u00e9rj\u00e9vel egy\u00fctt. A gyermekekkel, az ifj\u00fas\u00e1ggal, a n\u0151bizotts\u00e1ggal foglalkozott, a f\u00e9rj\u00e9vel egy\u00fctt dolgozott a szeretetotthon \u00e9p\u00edt\u00e9s\u00e9n: megfestette a mennyezet kazett\u00e1it, dolgozott a templom d\u00edszit\u00e9s\u00e9n, a kertje parkos\u00edt\u00e1s\u00e1n, a j\u00e1tsz\u00f3t\u00e9r kialak\u00edt\u00e1s\u00e1n. F\u00e9rj\u00e9t \u00e9s nagyobbik fi\u00e1t bez\u00e1rt\u00e1k (1958\u201364), \u00e1ll\u00e1s n\u00e9lk\u00fcl egyed\u00fcl maradt a k\u00e9t kisebb gyerekkel. Lup\u00e9nyba ker\u00fcltek (1964\u201371), nyugd\u00edjaz\u00e1suk ut\u00e1n Mv.-en telepedtek le. <br \/><strong>Irod.:<\/strong> csal\u00e1di inf.; Kelemen Imre: IV. Imre \u00f6n\u00e9letrajz [K\u00e9zirat] BENKE J\u00f3zsef, \u00a7 *? \u2020 Mv., 1954. febr. 4.: k\u00f6m\u0171ves, politikus, igazgat\u00f3. \u2013 K\u0151m\u0171ves mesters\u00e9get tanult. Az illegal\u00edt\u00e1s \u00e9veiben az RKP szimpatiz\u00e1nsa, a V\u00f6r\u00f6sseg\u00e9ly mv.-i bizotts\u00e1g\u00e1nak tagja. A p\u00e1rt tagja (1945), \u00f6nk\u00e9ntes aktivista a n\u00e9pv\u00e9delmi szervezetn\u00e9l (1944\u201347), t\u00f6bb fontos p\u00e1rtmegb\u00edzat\u00e1sa volt (1948\u201350). A v\u00e1rosi B\u00e9keharcbizotts\u00e1g eln\u00f6ke (1950\u2013). A mv.-i n\u00e9ptan\u00e1csi k\u00e9pvisel\u0151 (els\u0151 v\u00e1laszt\u00e1s, 1950; 2. v\u00e1laszt\u00e1s, 1953), a v\u00e1rosi p\u00e1rtbizotts\u00e1g tagja (1951\u201354), feladata volt a t\u00f6megszervezetek ir\u00e1ny\u00edt\u00e1sa. \u00c9p\u00edt\u00e9szeti Szakiskola igazgat\u00f3ja (1949\u201354), nev\u00e9hez f\u0171z\u0151dik az iskola \u00faj \u00e9p\u00fclet\u00e9nek fel\u00e9p\u00edt\u00e9se \u00e9s fejleszt\u00e9se. A Nagy Nemzetgy\u0171l\u00e9s a \u201eRom\u00e1n N\u00e9pk\u00f6zt\u00e1rsas\u00e1g fenn\u00e1ll\u00e1s\u00e1nak 5. \u00e9vfordul\u00f3ja\u201d \u00e9remmel t\u00fcntette ki. <br \/><strong>Irod.:<\/strong> B. J. [Nekrol\u00f3g] (V. Z., 1954. febr. 7.); Szikszai<\/br><\/p>\n","protected":false},"excerpt":{"rendered":"<p>Fogaras, 1913. okt. 26., \u2020 Mv., 1991. szept. 29.: unit. lelk\u00e9sz. \u2013 F\u00e9rje: Kelemen Imre, ref. lelk\u00e9sz. H\u00e1rom gyermek\u00fck sz\u00fcletett. \u2013 Az elemi iskol\u00e1t Fogarason kezdte (1927-ig), elv\u00e9gezte a n\u00e9gy polg\u00e1rit, Kv \u2013on a ref. le\u00e1nygimn.-ban folytatta. A kv.-i teol\u00f3gi\u00e1n az els\u0151 n\u0151i hallgat\u00f3k\u00e9nt v\u00e9gzett (1934), p\u00e1r h\u00f3napot Bp.-en volt seg\u00e9dlelk\u00e9sz. Sikeresen letette a lelk\u00e9szk\u00e9pes\u00edt\u0151 [&hellip;]<\/p>\n","protected":false},"featured_media":0,"comment_status":"open","ping_status":"closed","template":"","meta":[],"product_brand":[],"product_cat":[137],"product_tag":[],"class_list":{"0":"post-4232","1":"product","2":"type-product","3":"status-publish","5":"product_cat-maros-megyei-eletrajzi-lexikon","7":"first","8":"instock","9":"shipping-taxable","10":"product-type-simple"},"_links":{"self":[{"href":"https:\/\/uj.adatbank.ro\/lexikon\/wp-json\/wp\/v2\/product\/4232","targetHints":{"allow":["GET"]}}],"collection":[{"href":"https:\/\/uj.adatbank.ro\/lexikon\/wp-json\/wp\/v2\/product"}],"about":[{"href":"https:\/\/uj.adatbank.ro\/lexikon\/wp-json\/wp\/v2\/types\/product"}],"replies":[{"embeddable":true,"href":"https:\/\/uj.adatbank.ro\/lexikon\/wp-json\/wp\/v2\/comments?post=4232"}],"wp:attachment":[{"href":"https:\/\/uj.adatbank.ro\/lexikon\/wp-json\/wp\/v2\/media?parent=4232"}],"wp:term":[{"taxonomy":"product_brand","embeddable":true,"href":"https:\/\/uj.adatbank.ro\/lexikon\/wp-json\/wp\/v2\/product_brand?post=4232"},{"taxonomy":"product_cat","embeddable":true,"href":"https:\/\/uj.adatbank.ro\/lexikon\/wp-json\/wp\/v2\/product_cat?post=4232"},{"taxonomy":"product_tag","embeddable":true,"href":"https:\/\/uj.adatbank.ro\/lexikon\/wp-json\/wp\/v2\/product_tag?post=4232"}],"curies":[{"name":"wp","href":"https:\/\/api.w.org\/{rel}","templated":true}]}}

BEDŐ Borbála, Kelemen Imréné

<p>Fogaras, 1913. okt. 26., † Mv., 1991. szept. 29.: unit. lelkész. – Férje: Kelemen Imre, ref. lelkész. Három gyermekük született. – Az elemi iskolát Fogarason kezdte (1927-ig), elvégezte a négy polgárit, Kv –on a ref. leánygimn.-ban folytatta. A kv.-i teológián az első női hallgatóként végzett (1934), pár hónapot Bp.-en volt segédlelkész. Sikeresen letette a lelkészképesítő vizsgát, vallástanári képesítést nyert. Fogarason segédlelkész (1936. nov.- 1937. febr.). Az angol nőszövetség meghívására eljútott Angliába, ahol az angol nyelvtudását gyarapította, istentiszteleteket tartott. Visszatérte után vallástanár helyettes Kv.-on. Férjhez menetele után Oklándon az algimn.-ban tanított, amig az meg nem szünt, férjével együtt. A gyermekekkel, az ifjúsággal, a nőbizottsággal foglalkozott, a férjével együtt dolgozott a szeretetotthon építésén: megfestette a mennyezet kazettáit, dolgozott a templom díszitésén, a kertje parkosításán, a játszótér kialakításán. Férjét és nagyobbik fiát bezárták (1958–64), állás nélkül egyedül maradt a két kisebb gyerekkel. Lupényba kerültek (1964–71), nyugdíjazásuk után Mv.-en telepedtek le. <br /><strong>Irod.:</strong> családi inf.; Kelemen Imre: IV. Imre önéletrajz [Kézirat] BENKE József, § *? † Mv., 1954. febr. 4.: köműves, politikus, igazgató. – Kőműves mesterséget tanult. Az illegalítás éveiben az RKP szimpatizánsa, a Vörössegély mv.-i bizottságának tagja. A párt tagja (1945), önkéntes aktivista a népvédelmi szervezetnél (1944–47), több fontos pártmegbízatása volt (1948–50). A városi Békeharcbizottság elnöke (1950–). A mv.-i néptanácsi képviselő (első választás, 1950; 2. választás, 1953), a városi pártbizottság tagja (1951–54), feladata volt a tömegszervezetek irányítása. Építészeti Szakiskola igazgatója (1949–54), nevéhez fűződik az iskola új épületének felépítése és fejlesztése. A Nagy Nemzetgyűlés a „Román Népköztársaság fennállásának 5. évfordulója” éremmel tüntette ki. <br /><strong>Irod.:</strong> B. J. [Nekrológ] (V. Z., 1954. febr. 7.); Szikszai</br></p>

<p>Fogaras, 1913. okt. 26., † Mv., 1991. szept. 29.: unit. lelkész. – Férje: Kelemen Imre, ref. lelkész. Három gyermekük született. – Az elemi iskolát Fogarason kezdte (1927-ig), elvégezte a négy polgárit, Kv –on a ref. leánygimn.-ban folytatta. A kv.-i teológián az első női hallgatóként végzett (1934), pár hónapot Bp.-en volt segédlelkész. Sikeresen letette a lelkészképesítő [&hellip;]</p>
