{"id":4234,"date":"2025-06-28T16:33:31","date_gmt":"2025-06-28T14:33:31","guid":{"rendered":"https:\/\/uj.adatbank.ro\/lexikon\/termek\/bedo-geza\/"},"modified":"2025-06-28T16:33:31","modified_gmt":"2025-06-28T14:33:31","slug":"bedo-geza","status":"publish","type":"product","link":"https:\/\/uj.adatbank.ro\/lexikon\/termek\/bedo-geza\/","title":{"rendered":"BED\u0150 G\u00e9za"},"content":{"rendered":"<p>? \u2020\u00a0? : vit\u00e9z, rend\u0151rf\u0151kapit\u00e1ny. \u2013 Doktor\u00e1tusa volt. Rend\u0151rtan\u00e1csos Mv.-en (1941). L\u00e9goltalmi parancsnok (1942) a X. csend\u0151rker\u00fclet parancsnoka (1944). Megszervezte \u00e9s seg\u00edtette a mv.-i gett\u00f3 l\u00e9trehoz\u00e1s\u00e1t, a koronkai t\u00e9glagy\u00e1rban \u00e9s a v\u00e1rossz\u00e9li marhav\u00e1s\u00e1r ter\u00e9n volt. A koronkai t\u00e9glagy\u00e1r gett\u00f3parancsnoka, ide \u00f6sszezs\u00fafoltak 7380 zsid\u00f3 szem\u00e9lyt, ebb\u0151l 5500 volt mv.-i (1944. m\u00e1j. 3. \u20134). Auschwitz fel\u00e9 hurcolt\u00e1k el \u0151ket h\u00e1rom csoportban (1944. m\u00e1j. 27.-j\u00fan. 8.). Ennek a gett\u00f3nak volt a parancsnoka, akit k\u00f6zvetlen felel\u0151s\u00e9g terhel az \u00e1rtatlanok hal\u00e1l\u00e1\u00e9rt. A kv, -i N\u00e9pb\u00edr\u00f3s\u00e1g v\u00e1dirata szerint azon mv.-i k\u00f6zigazgat\u00e1si \u00e9s katonai m. tisztvisel\u0151k egyike, akik akt\u00edvan el\u0151mozd\u00edtott\u00e1k a zsid\u00f3s\u00e1g gett\u00f3ba z\u00e1r\u00e1s\u00e1t \u00e9s deport\u00e1l\u00e1s\u00e1t 1944. \u00e1pr.- j\u00fan. k\u00f6z\u00f6tt (1946. m\u00e1rc.-j\u00fan.). Ismeretlen helyen tart\u00f3zkodott. <br \/><strong>Irod.:<\/strong> B\u0103la\u015f-Kocsis; Id\u0151t\u00e1r 3.; Id\u0151t\u00e1r 4.; Sebesty\u00e9n Mih\u00e1ly 2000<\/br><\/p>\n","protected":false},"excerpt":{"rendered":"<p>? \u2020\u00a0? : vit\u00e9z, rend\u0151rf\u0151kapit\u00e1ny. \u2013 Doktor\u00e1tusa volt. Rend\u0151rtan\u00e1csos Mv.-en (1941). L\u00e9goltalmi parancsnok (1942) a X. csend\u0151rker\u00fclet parancsnoka (1944). Megszervezte \u00e9s seg\u00edtette a mv.-i gett\u00f3 l\u00e9trehoz\u00e1s\u00e1t, a koronkai t\u00e9glagy\u00e1rban \u00e9s a v\u00e1rossz\u00e9li marhav\u00e1s\u00e1r ter\u00e9n volt. A koronkai t\u00e9glagy\u00e1r gett\u00f3parancsnoka, ide \u00f6sszezs\u00fafoltak 7380 zsid\u00f3 szem\u00e9lyt, ebb\u0151l 5500 volt mv.-i (1944. m\u00e1j. 3. \u20134). Auschwitz fel\u00e9 hurcolt\u00e1k [&hellip;]<\/p>\n","protected":false},"featured_media":0,"comment_status":"open","ping_status":"closed","template":"","meta":[],"product_brand":[],"product_cat":[137],"product_tag":[],"class_list":{"0":"post-4234","1":"product","2":"type-product","3":"status-publish","5":"product_cat-maros-megyei-eletrajzi-lexikon","7":"first","8":"instock","9":"shipping-taxable","10":"product-type-simple"},"_links":{"self":[{"href":"https:\/\/uj.adatbank.ro\/lexikon\/wp-json\/wp\/v2\/product\/4234","targetHints":{"allow":["GET"]}}],"collection":[{"href":"https:\/\/uj.adatbank.ro\/lexikon\/wp-json\/wp\/v2\/product"}],"about":[{"href":"https:\/\/uj.adatbank.ro\/lexikon\/wp-json\/wp\/v2\/types\/product"}],"replies":[{"embeddable":true,"href":"https:\/\/uj.adatbank.ro\/lexikon\/wp-json\/wp\/v2\/comments?post=4234"}],"wp:attachment":[{"href":"https:\/\/uj.adatbank.ro\/lexikon\/wp-json\/wp\/v2\/media?parent=4234"}],"wp:term":[{"taxonomy":"product_brand","embeddable":true,"href":"https:\/\/uj.adatbank.ro\/lexikon\/wp-json\/wp\/v2\/product_brand?post=4234"},{"taxonomy":"product_cat","embeddable":true,"href":"https:\/\/uj.adatbank.ro\/lexikon\/wp-json\/wp\/v2\/product_cat?post=4234"},{"taxonomy":"product_tag","embeddable":true,"href":"https:\/\/uj.adatbank.ro\/lexikon\/wp-json\/wp\/v2\/product_tag?post=4234"}],"curies":[{"name":"wp","href":"https:\/\/api.w.org\/{rel}","templated":true}]}}

BEDŐ Géza

<p>? † ? : vitéz, rendőrfőkapitány. – Doktorátusa volt. Rendőrtanácsos Mv.-en (1941). Légoltalmi parancsnok (1942) a X. csendőrkerület parancsnoka (1944). Megszervezte és segítette a mv.-i gettó létrehozását, a koronkai téglagyárban és a városszéli marhavásár terén volt. A koronkai téglagyár gettóparancsnoka, ide összezsúfoltak 7380 zsidó személyt, ebből 5500 volt mv.-i (1944. máj. 3. –4). Auschwitz felé hurcolták el őket három csoportban (1944. máj. 27.-jún. 8.). Ennek a gettónak volt a parancsnoka, akit közvetlen felelőség terhel az ártatlanok haláláért. A kv, -i Népbíróság vádirata szerint azon mv.-i közigazgatási és katonai m. tisztviselők egyike, akik aktívan előmozdították a zsidóság gettóba zárását és deportálását 1944. ápr.- jún. között (1946. márc.-jún.). Ismeretlen helyen tartózkodott. <br /><strong>Irod.:</strong> Bălaş-Kocsis; Időtár 3.; Időtár 4.; Sebestyén Mihály 2000</br></p>

<p>? † ? : vitéz, rendőrfőkapitány. – Doktorátusa volt. Rendőrtanácsos Mv.-en (1941). Légoltalmi parancsnok (1942) a X. csendőrkerület parancsnoka (1944). Megszervezte és segítette a mv.-i gettó létrehozását, a koronkai téglagyárban és a városszéli marhavásár terén volt. A koronkai téglagyár gettóparancsnoka, ide összezsúfoltak 7380 zsidó személyt, ebből 5500 volt mv.-i (1944. máj. 3. –4). Auschwitz felé hurcolták [&hellip;]</p>
