{"id":4242,"date":"2025-06-28T16:33:59","date_gmt":"2025-06-28T14:33:59","guid":{"rendered":"https:\/\/uj.adatbank.ro\/lexikon\/termek\/bedo-sandor-k-kalnoki-es-hodgyai-dr\/"},"modified":"2025-06-28T16:33:59","modified_gmt":"2025-06-28T14:33:59","slug":"bedo-sandor-k-kalnoki-es-hodgyai-dr","status":"publish","type":"product","link":"https:\/\/uj.adatbank.ro\/lexikon\/termek\/bedo-sandor-k-kalnoki-es-hodgyai-dr\/","title":{"rendered":"BED\u0150 S\u00c1NDOR, K., k\u00e1lnoki \u00e9s hodgyai, dr."},"content":{"rendered":"<p>Sz\u00e9kelyd\u00e1lya, 1874. febr. 2., \u2020 Bp., 1948. j\u00fal. 16.: jog\u00e1sz, \u00fcgyv\u00e9d, politikus, \u00edr\u00f3. \u2013 B. Albert \u00e9s homor\u00f3dalm\u00e1si Mih\u00e1ly Zsuzsanna fia. Feles\u00e9ge: K. Nagy Gizella, a mv.-i polg\u00e1ri le\u00e1nyiskola zongoratan\u00e1rn\u0151je. \u2013 A kv.-i egy.-en jogtud. \u00e9s \u00e1llamtud. dr. (1898), Mv.-en \u00fcgyv\u00e9di oklevelet szerzett (1899) \u00e9s \u00fcgyv\u00e9di gya\u00adkorlatot folytatott (1898\u20131922). A v\u00e1rosi tan\u00e1cs tagja (1902\u2013), tiszteletbeli tiszti f\u0151\u00fcgy\u00e9sz c. kapott (1908), Bern\u00e1dy h\u00edve. A b\u00edr\u00f3i \u00e9s \u00fcgyv\u00e9di vizsg\u00e1l\u00f3bizotts\u00e1g tagja (1902\u201322), az \u00fcgyv\u00e9di kamara eln\u00f6ke (1914\u201319), t\u00f6rv\u00e9nysz\u00e9ki eln\u00f6k (1915), a Ref. Koll. gondnoka lemond\u00e1s\u00e1ig (1916. m\u00e1rc. \u2013 1922. j\u00fal.). Az egyh\u00e1z jog\u00e1sza. Udvari tan\u00e1csos (1917), az Erd\u00e9lyi Sz\u00f6v. T\u00e1rseln\u00f6ke (1917\u201322). Mint koll.-i gondnok 50 ezer koron\u00e1s alap\u00edtv\u00e1nyt tett a tan\u00e1rok tov\u00e1bbk\u00e9pz\u00e9s\u00e9re (1920). A Mv.-i Kaszin\u00f3 jogtan\u00e1csosa (1905\u2013), v\u00e1lasztm\u00e1nyi tagja (1919). A rom\u00e1n hat\u00f3s\u00e1gok kiutas\u00edtott\u00e1k Erd\u00e9lyb\u0151l, Bp.-en \u00e9lt \u00e9s \u00fcgyv\u00e9di irod\u00e1t tartott fenn (1922\u2013), a Nemzeti Hitelint\u00e9zet \u00fcgyvezet\u0151 aleln\u00f6ke (1924\u201331), egys\u00e9gesp\u00e1rti programmal a ny\u00edrb\u00e1tori v\u00e1laszt\u00f3ker. ogy.-i k\u00e9pvisel\u0151je (1926\u201334), ism\u00e9t \u00fcgyv\u00e9d volt (1934\u2013), a fels\u0151szabolcsi ref. egyh\u00e1zm. gondnoka (1931\u201348), az Orsz. \u00dcgyv\u00e9dsz\u00f6v. eln\u00f6ke (1935\u201344). Gr. Bethlen Istv\u00e1n min. eln\u00f6k sz\u0171kebb k\u00f6rnyezet\u00e9hez tartozott. \u2013 <strong>F. m.:<\/strong> Egyetemlegess\u00e9g a v\u00e1lt\u00f3jogban (Kv., 1917); Az ing\u00f3jelz\u00e1log (P\u00e9cs, 1927); A jelz\u00e1logt\u00f6rv\u00e9ny (1927. \u00e9vi XXXV. T.-c.) magyar\u00e1zata (Bp., 1928); A v\u00e1lt\u00f3jogi egye\u00adtemlegess\u00e9g probl\u00e9m\u00e1ja (Bp., 1930); A megtart\u00e1si jog (Bp., \u00e9. n.). <br \/><strong>Irod.:<\/strong> Bern\u00e1dy; Bi\u00e1s Istv\u00e1n; Id\u0151t\u00e1r 2; Id\u0151t\u00e1r 3; M. Johannita csal\u00e1dt\u00f6rt.; M\u00c9L; A Sz\u00e9kely Kongresszus szervezet, tagjainak n\u00e9vsora, t\u00e1rgyal\u00e1sai \u00e9s hat\u00e1rozatai (Bp., 1902), Sebesty\u00e9n; \u00daM\u00c9L<\/br><\/p>\n","protected":false},"excerpt":{"rendered":"<p>Sz\u00e9kelyd\u00e1lya, 1874. febr. 2., \u2020 Bp., 1948. j\u00fal. 16.: jog\u00e1sz, \u00fcgyv\u00e9d, politikus, \u00edr\u00f3. \u2013 B. Albert \u00e9s homor\u00f3dalm\u00e1si Mih\u00e1ly Zsuzsanna fia. Feles\u00e9ge: K. Nagy Gizella, a mv.-i polg\u00e1ri le\u00e1nyiskola zongoratan\u00e1rn\u0151je. \u2013 A kv.-i egy.-en jogtud. \u00e9s \u00e1llamtud. dr. (1898), Mv.-en \u00fcgyv\u00e9di oklevelet szerzett (1899) \u00e9s \u00fcgyv\u00e9di gya\u00adkorlatot folytatott (1898\u20131922). A v\u00e1rosi tan\u00e1cs tagja (1902\u2013), tiszteletbeli [&hellip;]<\/p>\n","protected":false},"featured_media":0,"comment_status":"open","ping_status":"closed","template":"","meta":[],"product_brand":[],"product_cat":[137],"product_tag":[],"class_list":{"0":"post-4242","1":"product","2":"type-product","3":"status-publish","5":"product_cat-maros-megyei-eletrajzi-lexikon","7":"first","8":"instock","9":"shipping-taxable","10":"product-type-simple"},"_links":{"self":[{"href":"https:\/\/uj.adatbank.ro\/lexikon\/wp-json\/wp\/v2\/product\/4242","targetHints":{"allow":["GET"]}}],"collection":[{"href":"https:\/\/uj.adatbank.ro\/lexikon\/wp-json\/wp\/v2\/product"}],"about":[{"href":"https:\/\/uj.adatbank.ro\/lexikon\/wp-json\/wp\/v2\/types\/product"}],"replies":[{"embeddable":true,"href":"https:\/\/uj.adatbank.ro\/lexikon\/wp-json\/wp\/v2\/comments?post=4242"}],"wp:attachment":[{"href":"https:\/\/uj.adatbank.ro\/lexikon\/wp-json\/wp\/v2\/media?parent=4242"}],"wp:term":[{"taxonomy":"product_brand","embeddable":true,"href":"https:\/\/uj.adatbank.ro\/lexikon\/wp-json\/wp\/v2\/product_brand?post=4242"},{"taxonomy":"product_cat","embeddable":true,"href":"https:\/\/uj.adatbank.ro\/lexikon\/wp-json\/wp\/v2\/product_cat?post=4242"},{"taxonomy":"product_tag","embeddable":true,"href":"https:\/\/uj.adatbank.ro\/lexikon\/wp-json\/wp\/v2\/product_tag?post=4242"}],"curies":[{"name":"wp","href":"https:\/\/api.w.org\/{rel}","templated":true}]}}

BEDŐ SÁNDOR, K., kálnoki és hodgyai, dr.

<p>Székelydálya, 1874. febr. 2., † Bp., 1948. júl. 16.: jogász, ügyvéd, politikus, író. – B. Albert és homoródalmási Mihály Zsuzsanna fia. Felesége: K. Nagy Gizella, a mv.-i polgári leányiskola zongoratanárnője. – A kv.-i egy.-en jogtud. és államtud. dr. (1898), Mv.-en ügyvédi oklevelet szerzett (1899) és ügyvédi gya­korlatot folytatott (1898–1922). A városi tanács tagja (1902–), tiszteletbeli tiszti főügyész c. kapott (1908), Bernády híve. A bírói és ügyvédi vizsgálóbizottság tagja (1902–22), az ügyvédi kamara elnöke (1914–19), törvényszéki elnök (1915), a Ref. Koll. gondnoka lemondásáig (1916. márc. – 1922. júl.). Az egyház jogásza. Udvari tanácsos (1917), az Erdélyi Szöv. Társelnöke (1917–22). Mint koll.-i gondnok 50 ezer koronás alapítványt tett a tanárok továbbképzésére (1920). A Mv.-i Kaszinó jogtanácsosa (1905–), választmányi tagja (1919). A román hatóságok kiutasították Erdélyből, Bp.-en élt és ügyvédi irodát tartott fenn (1922–), a Nemzeti Hitelintézet ügyvezető alelnöke (1924–31), egységespárti programmal a nyírbátori választóker. ogy.-i képviselője (1926–34), ismét ügyvéd volt (1934–), a felsőszabolcsi ref. egyházm. gondnoka (1931–48), az Orsz. Ügyvédszöv. elnöke (1935–44). Gr. Bethlen István min. elnök szűkebb környezetéhez tartozott. – <strong>F. m.:</strong> Egyetemlegesség a váltójogban (Kv., 1917); Az ingójelzálog (Pécs, 1927); A jelzálogtörvény (1927. évi XXXV. T.-c.) magyarázata (Bp., 1928); A váltójogi egye­temlegesség problémája (Bp., 1930); A megtartási jog (Bp., é. n.). <br /><strong>Irod.:</strong> Bernády; Biás István; Időtár 2; Időtár 3; M. Johannita családtört.; MÉL; A Székely Kongresszus szervezet, tagjainak névsora, tárgyalásai és határozatai (Bp., 1902), Sebestyén; ÚMÉL</br></p>

<p>Székelydálya, 1874. febr. 2., † Bp., 1948. júl. 16.: jogász, ügyvéd, politikus, író. – B. Albert és homoródalmási Mihály Zsuzsanna fia. Felesége: K. Nagy Gizella, a mv.-i polgári leányiskola zongoratanárnője. – A kv.-i egy.-en jogtud. és államtud. dr. (1898), Mv.-en ügyvédi oklevelet szerzett (1899) és ügyvédi gya­korlatot folytatott (1898–1922). A városi tanács tagja (1902–), tiszteletbeli [&hellip;]</p>
