{"id":4243,"date":"2025-06-28T16:34:02","date_gmt":"2025-06-28T14:34:02","guid":{"rendered":"https:\/\/uj.adatbank.ro\/lexikon\/termek\/bedohazi-janos\/"},"modified":"2025-06-28T16:34:02","modified_gmt":"2025-06-28T14:34:02","slug":"bedohazi-janos","status":"publish","type":"product","link":"https:\/\/uj.adatbank.ro\/lexikon\/termek\/bedohazi-janos\/","title":{"rendered":"BED\u0150H\u00c1ZI J\u00e1nos"},"content":{"rendered":"<p>1821. febr. 18., \u2020 Mv., 1891. \u00e1pr. 23.: j\u00f3sz\u00e1gigazgat\u00f3, tan\u00e1r. \u2013 Gyermekei: Vilma, Schuster Ferencn\u00e9 (1851\u20131931); J\u00e1nos (1853\u20131915); P\u00e1l; B\u00e9la. \u2013 Kisk\u00fck\u00fcll\u0151 megye bizotts\u00e1gi tagja., gr. Degenfeld bizalmasa \u00e9s j\u00f3sz\u00e1gigazgat\u00f3ja. A mv.-i Ref. Koll. tan\u00e1ra. <br \/><strong>Irod.:<\/strong> s\u00edrk\u0151; Gy\u00e1szjelent\u0151; A mo.-i k\u00f6z\u00e9piskol\u00e1kban 1850\u201355 megjelent \u00f6sszes program\u00e9rtekez\u00e9seknek repert\u00f3riuma; Ol\u00e1h-G\u00e1l R\u00f3bert: B. J. eml\u00e9kezete (N\u00fa., Sz\u00ednes Vil\u00e1g, 2012. \u00e1pr. 28.)<\/br><\/p>\n","protected":false},"excerpt":{"rendered":"<p>1821. febr. 18., \u2020 Mv., 1891. \u00e1pr. 23.: j\u00f3sz\u00e1gigazgat\u00f3, tan\u00e1r. \u2013 Gyermekei: Vilma, Schuster Ferencn\u00e9 (1851\u20131931); J\u00e1nos (1853\u20131915); P\u00e1l; B\u00e9la. \u2013 Kisk\u00fck\u00fcll\u0151 megye bizotts\u00e1gi tagja., gr. Degenfeld bizalmasa \u00e9s j\u00f3sz\u00e1gigazgat\u00f3ja. A mv.-i Ref. Koll. tan\u00e1ra. Irod.: s\u00edrk\u0151; Gy\u00e1szjelent\u0151; A mo.-i k\u00f6z\u00e9piskol\u00e1kban 1850\u201355 megjelent \u00f6sszes program\u00e9rtekez\u00e9seknek repert\u00f3riuma; Ol\u00e1h-G\u00e1l R\u00f3bert: B. J. eml\u00e9kezete (N\u00fa., Sz\u00ednes Vil\u00e1g, 2012. [&hellip;]<\/p>\n","protected":false},"featured_media":0,"comment_status":"open","ping_status":"closed","template":"","meta":[],"product_brand":[],"product_cat":[137],"product_tag":[],"class_list":{"0":"post-4243","1":"product","2":"type-product","3":"status-publish","5":"product_cat-maros-megyei-eletrajzi-lexikon","7":"first","8":"instock","9":"shipping-taxable","10":"product-type-simple"},"_links":{"self":[{"href":"https:\/\/uj.adatbank.ro\/lexikon\/wp-json\/wp\/v2\/product\/4243","targetHints":{"allow":["GET"]}}],"collection":[{"href":"https:\/\/uj.adatbank.ro\/lexikon\/wp-json\/wp\/v2\/product"}],"about":[{"href":"https:\/\/uj.adatbank.ro\/lexikon\/wp-json\/wp\/v2\/types\/product"}],"replies":[{"embeddable":true,"href":"https:\/\/uj.adatbank.ro\/lexikon\/wp-json\/wp\/v2\/comments?post=4243"}],"wp:attachment":[{"href":"https:\/\/uj.adatbank.ro\/lexikon\/wp-json\/wp\/v2\/media?parent=4243"}],"wp:term":[{"taxonomy":"product_brand","embeddable":true,"href":"https:\/\/uj.adatbank.ro\/lexikon\/wp-json\/wp\/v2\/product_brand?post=4243"},{"taxonomy":"product_cat","embeddable":true,"href":"https:\/\/uj.adatbank.ro\/lexikon\/wp-json\/wp\/v2\/product_cat?post=4243"},{"taxonomy":"product_tag","embeddable":true,"href":"https:\/\/uj.adatbank.ro\/lexikon\/wp-json\/wp\/v2\/product_tag?post=4243"}],"curies":[{"name":"wp","href":"https:\/\/api.w.org\/{rel}","templated":true}]}}

BEDŐHÁZI János

<p>1821. febr. 18., † Mv., 1891. ápr. 23.: jószágigazgató, tanár. – Gyermekei: Vilma, Schuster Ferencné (1851–1931); János (1853–1915); Pál; Béla. – Kisküküllő megye bizottsági tagja., gr. Degenfeld bizalmasa és jószágigazgatója. A mv.-i Ref. Koll. tanára. <br /><strong>Irod.:</strong> sírkő; Gyászjelentő; A mo.-i középiskolákban 1850–55 megjelent összes programértekezéseknek repertóriuma; Oláh-Gál Róbert: B. J. emlékezete (Nú., Színes Világ, 2012. ápr. 28.)</br></p>

<p>1821. febr. 18., † Mv., 1891. ápr. 23.: jószágigazgató, tanár. – Gyermekei: Vilma, Schuster Ferencné (1851–1931); János (1853–1915); Pál; Béla. – Kisküküllő megye bizottsági tagja., gr. Degenfeld bizalmasa és jószágigazgatója. A mv.-i Ref. Koll. tanára. Irod.: sírkő; Gyászjelentő; A mo.-i középiskolákban 1850–55 megjelent összes programértekezéseknek repertóriuma; Oláh-Gál Róbert: B. J. emlékezete (Nú., Színes Világ, 2012. [&hellip;]</p>
