{"id":4244,"date":"2025-06-28T16:34:04","date_gmt":"2025-06-28T14:34:04","guid":{"rendered":"https:\/\/uj.adatbank.ro\/lexikon\/termek\/bedohazi-janos-%c2%a7-pakei-bedohazy-janos\/"},"modified":"2025-06-28T16:34:04","modified_gmt":"2025-06-28T14:34:04","slug":"bedohazi-janos-%c2%a7-pakei-bedohazy-janos","status":"publish","type":"product","link":"https:\/\/uj.adatbank.ro\/lexikon\/termek\/bedohazi-janos-%c2%a7-pakei-bedohazy-janos\/","title":{"rendered":"BED\u0150H\u00c1ZI J\u00e1nos, \u00a7 p\u00e1k\u00e9i, Bed\u0151h\u00e1zy J\u00e1nos"},"content":{"rendered":"<p>Sz\u00e1szvessz\u0151s, 1853. aug. 7., \u2020 Mv., 1915. j\u00fan. 22.: \u00edr\u00f3, tan\u00e1r, ogy.-i k\u00e9pvisel\u0151. \u2013 B. J. (1821\u20131891) fia. Testv\u00e9rei: B. Vilma, Schuster Ferencn\u00e9; P\u00e1l, feles\u00e9ge Albert Nina; B\u00e9la. \u2013 Medgyesen, Nagyenyeden \u00e9s Kv.-on a Ref. Koll.-ban tanult (1870). El\u0151bb Bp.-i J\u00f3zsef-M\u0171egyetemen vegy\u00e9szeti p\u00e1ly\u00e1ra k\u00e9sz\u00fclt (1870\u201373), majd a Kv.-i egyetemen vegytant, m. irodalmat \u00e9s nevel\u00e9stant tanult (1875\u201377), fizika- vegytan-term\u00e9szet\u00adrajz szakos tan\u00e1ri oklevelet szerzett (1881. m\u00e1j. 23.). K\u00f6zben 2 \u00e9vig gazd\u00e1lkodott. A mv-i Ref. Koll.-ban Mentovich hely\u00e9re megh\u00edvt\u00e1k tan\u00e1rnak, ahol helyettes tan\u00e9rk\u00e9nt tan\u00edtott term\u00e9szetrajzot \u00e9s mennyis\u00e9gtant (1879\u201380), rendes tan\u00e1r (1881. j\u00fan. \u2013 1902), mik\u00f6zben kilenc \u00e9s f\u00e9l \u00e9vig volt igazgat\u00f3 is. Ez id\u0151ben volt a koll. \u00faj \u00e9p\u00fclet\u00e9nek felavat\u00e1sa (1911. j\u00fan. 29\u201330.). A term\u00e9szettani szert\u00e1r \u0151re, az \u00fajonnan ind\u00edtott k\u00f6nyvt\u00e1r r\u00e9sz\u00e9re aj\u00e1nd\u00e9kozott 38 munk\u00e1t 110 k\u00f6tetben (1900\u20131901). A mv.-i Ref. Egyh\u00e1ztan\u00e1csnak, egyh\u00e1z k\u00e9pvisel\u0151-test\u00fclet\u00e9nek, egyh\u00e1zi iskolasz\u00e9knek tagja; a v\u00e1rosi k\u00e9pvisel\u0151 test\u00fclet \u00e9s a marostordamegyei \u00e1ll. tantest\u00fclet tagja. A Mv.-i Kaszin\u00f3 vezet\u0151s\u00e9gi tagja, A KZST eln\u00f6ke (1897\u20131904). A Marosv\u00e1s\u00e1rhely. c. lap ind\u00edt\u00f3ja \u00e9s szerkeszt\u0151je Csontos Oliv\u00e9rrel (1892. m\u00e1j. \u2013 1893. j\u00fal.). Megalak\u00edtotta a konviktus int\u00e9zm\u00e9ny\u00e9t (1901). Ogy.-i k\u00e9pvisel\u0151 Mv. II. ker\u00fclet\u00e9ben Kossuth P\u00e1rti programmal (1901\u201310), ahol a k\u00f6nyvt\u00e1ri bizotts\u00e1g tagja volt. K\u00e9pvisel\u0151 kor\u00e1ban f\u0151munkat\u00e1rsa volt a F\u00fcggetlen Magyarorsz\u00e1g c. lapnak. A KMTT tagja (1870). K\u00f6lt\u0151k\u00e9nt is nevet v\u00edvott ki mag\u00e1nak, verse\u00adket, t\u00e1rc\u00e1kat stb. \u00edrt, kisebb m\u0171ford\u00edt\u00e1sokat tett k\u00f6zz\u00e9, tudom\u00e1nyn\u00e9pszer\u0171s\u00edt\u0151-, politikai cikkeket k\u00f6z\u00f6lt a: Term\u00e9szettud. K\u00f6zl\u00f6ny, Vas\u00e1rnapi \u00dajs\u00e1g, a F\u0151v\u00e1rosi Lapok, Koszor\u00fa, a Mv.-i Figyel\u0151, Mv.-i f\u00fczetek, Mv.-i Ref. Kol. \u00c9rt., az \u00c9let \u00e9s Irodalom, Erd\u00e9lyi Protest\u00e1ns Lap, Sz\u00e9kely Lapok, K\u00e9pes Csal\u00e1di Lapok, Magyarorsz\u00e1g, Pesti Napl\u00f3, Erd\u00e9lyi Lapok-ban. Alkalmi besz\u00e9dei a Mv.-i Ref. Koll. \u00c9rtes\u00edt\u0151j\u00e9ben jelennek meg (1887\u201392). <strong>F. m..:<\/strong> A term\u00e9szettudom\u00e1nyok m\u00f3dszer\u00e9r\u0151l: \u00c9rtekez\u00e9s (Mv., 1882); K\u00f6ltem\u00e9nyek (Kv., 1895); Tr\u00e9f\u00e1s t\u00f6rt\u00e9netek (Mv., 1896); \u00dcnnepi besz\u00e9d (Mv., 1896); Mi tartott meg ezer\u00e9ven \u00e1t (Mv., 1896); K\u00e9t Bolyai: \u00c9let- \u00e9s jellemrajz (Mv., 1897); Ki a vall\u00e1sos ember (Mv., 1903); M\u00e1riakultusz (Mv., 1906); Ker\u00e9kv\u00e1g\u00e1sok \u00e9letem \u00fatj\u00e1n: K\u00f6ltem\u00e9nyek, (Kv., 1914), A mai iparm\u0171v\u00e9szet k\u00e1t\u00e9ja el\u00e9 = \u00dcnnepi k\u00f6nyv; <strong>antol\u00f3g.:<\/strong> Az Osztr\u00e1k\u2013Magyar Monarchia \u00edr\u00e1sban \u00e9s k\u00e9pben (Bp., 1886\u2013); Bolyai J\u00e1nos eml\u00e9kezete (Mv., 1903); <strong>ford\u00edt\u00f3:<\/strong> Anakreoni dalok. (Ford. Mv., 1886). <br \/><strong>Irod.:<\/strong> Apa \u00e9s fi\u00fa k\u00fczdelme a k\u00f3rokkal: Ol\u00e1h Anna: Bolyai Farkas gy\u00f3gy\u00e1szati munk\u00e1ss\u00e1ga; Vofkori J\u00f3zsef: Bolyai J\u00e1nos betegs\u00e9gei kordokumentumok \u00e9s a modern orvostudom\u00e1ny t\u00fckr\u00e9ben (Mv., 2005); \u00c1goston Albert: Az Anakreoni dalok fordt\u00f3ja (N\u00fa., M\u00fazsa, 167. sz., 1994. szept. 29.); Bern\u00e1dy; Bi\u00e1s Istv\u00e1n; Bolyai J\u00e1nos eml\u00e9kezete (Mv., 1903); Az EME eml\u00e9kk\u00f6nyve (Kv., 1903); Eml\u00e9kk\u00f6nyv a K. M. Term\u00e9szettudom\u00e1nyi T\u00e1rsulat f\u00e9lsz\u00e1zados jubileum\u00e1n (Bp., 1892);  Az EME h\u00e1romnegyedsz\u00e1zados m\u0171k\u00f6d\u00e9se 1859\u20131934 (Kv., 1937); Az Erd\u00e9lyi Ref. Egyh\u00e1zker\u00fclet Kv.-on 1888.-ban tartott k\u00f6zgy\u0171l\u00e9s\u00e9nek jegyz\u0151k\u00f6nyve (Kv., 1888); Er\u0151s v\u00e1runk; Ga\u00e1l 2001; Guly\u00e1s; Gy\u00e1szjelent\u0151; Kelemen L.; KMTT; Kem\u00e9ny Ferenc: M. pedag\u00f3giai lexikon (Bp., 1933\u201334); Koncz; Kozma; A m. ogy. (Bp., 1906); Marosi-KZST; Mv. t\u00f6rt. 2.; Ogy.-i almanach (1905-10); Ol\u00e1h-G\u00e1l R\u00f3bert: B. J. eml\u00e9kezete (N\u00fa., Sz\u00ednes Vil\u00e1g, 2012. \u00e1pr. 28.); \u00d6kr\u00f6s; P\u00e1lmay J\u00f3zsef; Par\u00e1di; Politikai Magyaro. 3 (Bp., 1912\u201314); Rugonfalvi Kiss; Sebesty\u00e9n; Sz\u00e1sz K\u00e1roly: B. J. eml\u00e9kezete (Mv., 1916); Szinnyei; \u00daM\u00c9L, Vass Tam\u00e1s: Eml\u00e9kek (Mv., 1896)<\/br><\/p>\n","protected":false},"excerpt":{"rendered":"<p>Sz\u00e1szvessz\u0151s, 1853. aug. 7., \u2020 Mv., 1915. j\u00fan. 22.: \u00edr\u00f3, tan\u00e1r, ogy.-i k\u00e9pvisel\u0151. \u2013 B. J. (1821\u20131891) fia. Testv\u00e9rei: B. Vilma, Schuster Ferencn\u00e9; P\u00e1l, feles\u00e9ge Albert Nina; B\u00e9la. \u2013 Medgyesen, Nagyenyeden \u00e9s Kv.-on a Ref. Koll.-ban tanult (1870). El\u0151bb Bp.-i J\u00f3zsef-M\u0171egyetemen vegy\u00e9szeti p\u00e1ly\u00e1ra k\u00e9sz\u00fclt (1870\u201373), majd a Kv.-i egyetemen vegytant, m. irodalmat \u00e9s nevel\u00e9stant tanult [&hellip;]<\/p>\n","protected":false},"featured_media":0,"comment_status":"open","ping_status":"closed","template":"","meta":[],"product_brand":[],"product_cat":[137],"product_tag":[],"class_list":{"0":"post-4244","1":"product","2":"type-product","3":"status-publish","5":"product_cat-maros-megyei-eletrajzi-lexikon","7":"first","8":"instock","9":"shipping-taxable","10":"product-type-simple"},"_links":{"self":[{"href":"https:\/\/uj.adatbank.ro\/lexikon\/wp-json\/wp\/v2\/product\/4244","targetHints":{"allow":["GET"]}}],"collection":[{"href":"https:\/\/uj.adatbank.ro\/lexikon\/wp-json\/wp\/v2\/product"}],"about":[{"href":"https:\/\/uj.adatbank.ro\/lexikon\/wp-json\/wp\/v2\/types\/product"}],"replies":[{"embeddable":true,"href":"https:\/\/uj.adatbank.ro\/lexikon\/wp-json\/wp\/v2\/comments?post=4244"}],"wp:attachment":[{"href":"https:\/\/uj.adatbank.ro\/lexikon\/wp-json\/wp\/v2\/media?parent=4244"}],"wp:term":[{"taxonomy":"product_brand","embeddable":true,"href":"https:\/\/uj.adatbank.ro\/lexikon\/wp-json\/wp\/v2\/product_brand?post=4244"},{"taxonomy":"product_cat","embeddable":true,"href":"https:\/\/uj.adatbank.ro\/lexikon\/wp-json\/wp\/v2\/product_cat?post=4244"},{"taxonomy":"product_tag","embeddable":true,"href":"https:\/\/uj.adatbank.ro\/lexikon\/wp-json\/wp\/v2\/product_tag?post=4244"}],"curies":[{"name":"wp","href":"https:\/\/api.w.org\/{rel}","templated":true}]}}

BEDŐHÁZI János, § pákéi, Bedőházy János

<p>Szászvesszős, 1853. aug. 7., † Mv., 1915. jún. 22.: író, tanár, ogy.-i képviselő. – B. J. (1821–1891) fia. Testvérei: B. Vilma, Schuster Ferencné; Pál, felesége Albert Nina; Béla. – Medgyesen, Nagyenyeden és Kv.-on a Ref. Koll.-ban tanult (1870). Előbb Bp.-i József-Műegyetemen vegyészeti pályára készült (1870–73), majd a Kv.-i egyetemen vegytant, m. irodalmat és neveléstant tanult (1875–77), fizika- vegytan-természet­rajz szakos tanári oklevelet szerzett (1881. máj. 23.). Közben 2 évig gazdálkodott. A mv-i Ref. Koll.-ban Mentovich helyére meghívták tanárnak, ahol helyettes tanérként tanított természetrajzot és mennyiségtant (1879–80), rendes tanár (1881. jún. – 1902), miközben kilenc és fél évig volt igazgató is. Ez időben volt a koll. új épületének felavatása (1911. jún. 29–30.). A természettani szertár őre, az újonnan indított könyvtár részére ajándékozott 38 munkát 110 kötetben (1900–1901). A mv.-i Ref. Egyháztanácsnak, egyház képviselő-testületének, egyházi iskolaszéknek tagja; a városi képviselő testület és a marostordamegyei áll. tantestület tagja. A Mv.-i Kaszinó vezetőségi tagja, A KZST elnöke (1897–1904). A Marosvásárhely. c. lap indítója és szerkesztője Csontos Olivérrel (1892. máj. – 1893. júl.). Megalakította a konviktus intézményét (1901). Ogy.-i képviselő Mv. II. kerületében Kossuth Párti programmal (1901–10), ahol a könyvtári bizottság tagja volt. Képviselő korában főmunkatársa volt a Független Magyarország c. lapnak. A KMTT tagja (1870). Költőként is nevet vívott ki magának, verse­ket, tárcákat stb. írt, kisebb műfordításokat tett közzé, tudománynépszerűsítő-, politikai cikkeket közölt a: Természettud. Közlöny, Vasárnapi Újság, a Fővárosi Lapok, Koszorú, a Mv.-i Figyelő, Mv.-i füzetek, Mv.-i Ref. Kol. Ért., az Élet és Irodalom, Erdélyi Protestáns Lap, Székely Lapok, Képes Családi Lapok, Magyarország, Pesti Napló, Erdélyi Lapok-ban. Alkalmi beszédei a Mv.-i Ref. Koll. Értesítőjében jelennek meg (1887–92). <strong>F. m..:</strong> A természettudományok módszeréről: Értekezés (Mv., 1882); Költemények (Kv., 1895); Tréfás történetek (Mv., 1896); Ünnepi beszéd (Mv., 1896); Mi tartott meg ezeréven át (Mv., 1896); Két Bolyai: Élet- és jellemrajz (Mv., 1897); Ki a vallásos ember (Mv., 1903); Máriakultusz (Mv., 1906); Kerékvágások életem útján: Költemények, (Kv., 1914), A mai iparművészet kátéja elé = Ünnepi könyv; <strong>antológ.:</strong> Az Osztrák–Magyar Monarchia írásban és képben (Bp., 1886–); Bolyai János emlékezete (Mv., 1903); <strong>fordító:</strong> Anakreoni dalok. (Ford. Mv., 1886). <br /><strong>Irod.:</strong> Apa és fiú küzdelme a kórokkal: Oláh Anna: Bolyai Farkas gyógyászati munkássága; Vofkori József: Bolyai János betegségei kordokumentumok és a modern orvostudomány tükrében (Mv., 2005); Ágoston Albert: Az Anakreoni dalok fordtója (Nú., Múzsa, 167. sz., 1994. szept. 29.); Bernády; Biás István; Bolyai János emlékezete (Mv., 1903); Az EME emlékkönyve (Kv., 1903); Emlékkönyv a K. M. Természettudományi Társulat félszázados jubileumán (Bp., 1892);  Az EME háromnegyedszázados működése 1859–1934 (Kv., 1937); Az Erdélyi Ref. Egyházkerület Kv.-on 1888.-ban tartott közgyűlésének jegyzőkönyve (Kv., 1888); Erős várunk; Gaál 2001; Gulyás; Gyászjelentő; Kelemen L.; KMTT; Kemény Ferenc: M. pedagógiai lexikon (Bp., 1933–34); Koncz; Kozma; A m. ogy. (Bp., 1906); Marosi-KZST; Mv. tört. 2.; Ogy.-i almanach (1905-10); Oláh-Gál Róbert: B. J. emlékezete (Nú., Színes Világ, 2012. ápr. 28.); Ökrös; Pálmay József; Parádi; Politikai Magyaro. 3 (Bp., 1912–14); Rugonfalvi Kiss; Sebestyén; Szász Károly: B. J. emlékezete (Mv., 1916); Szinnyei; ÚMÉL, Vass Tamás: Emlékek (Mv., 1896)</br></p>

<p>Szászvesszős, 1853. aug. 7., † Mv., 1915. jún. 22.: író, tanár, ogy.-i képviselő. – B. J. (1821–1891) fia. Testvérei: B. Vilma, Schuster Ferencné; Pál, felesége Albert Nina; Béla. – Medgyesen, Nagyenyeden és Kv.-on a Ref. Koll.-ban tanult (1870). Előbb Bp.-i József-Műegyetemen vegyészeti pályára készült (1870–73), majd a Kv.-i egyetemen vegytant, m. irodalmat és neveléstant tanult [&hellip;]</p>
