{"id":4245,"date":"2025-06-28T16:34:08","date_gmt":"2025-06-28T14:34:08","guid":{"rendered":"https:\/\/uj.adatbank.ro\/lexikon\/termek\/bedohazi-katinka-bedohazy-katinka\/"},"modified":"2025-06-28T16:34:08","modified_gmt":"2025-06-28T14:34:08","slug":"bedohazi-katinka-bedohazy-katinka","status":"publish","type":"product","link":"https:\/\/uj.adatbank.ro\/lexikon\/termek\/bedohazi-katinka-bedohazy-katinka\/","title":{"rendered":"BED\u0150H\u00c1ZI Katinka, Bed\u0151h\u00e1zy Katinka"},"content":{"rendered":"<p>1886.?, \u2020\u00a0Sz\u00e1szr\u00e9gen, 1935. \u00e1pr. 10. temett\u00e9k Mv. a ref. temet\u0151ben: iparm\u0171v\u00e9sz. \u2013 B. P\u00e1l \u00e9s Albert Nina le\u00e1nya. Testv\u00e9trei: L\u00e1szl\u00f3, S\u00e1ndor, J\u00e1nos. \u2013 Mv.-en \u00e9s Marosv\u00e9csen dolgozott, ahol a Kem\u00e9ny J\u00e1nos r\u00f6vid ideig m\u0171k\u00f6d\u0151 sz\u00f6nyegsz\u00f6v\u0151d\u00e9j\u00e9t vezette. Sz\u00e9kely sz\u0151nyegekb\u0151l \u00e9s sz\u00f6ttesekb\u0151l rendezett ki\u00e1ll\u00edt\u00e1st Kv.-on (1930). T\u00f6bb Bern\u00e1dy ellenes politikai pamflet szerz\u0151je. <br \/><strong>Irod.:<\/strong> Gy\u00e1szjelent\u0151; Id\u0151t\u00e1r 3; KZST1930; Molter 2.; \u00dcnnepi k\u00f6nyv<\/br><\/p>\n","protected":false},"excerpt":{"rendered":"<p>1886.?, \u2020\u00a0Sz\u00e1szr\u00e9gen, 1935. \u00e1pr. 10. temett\u00e9k Mv. a ref. temet\u0151ben: iparm\u0171v\u00e9sz. \u2013 B. P\u00e1l \u00e9s Albert Nina le\u00e1nya. Testv\u00e9trei: L\u00e1szl\u00f3, S\u00e1ndor, J\u00e1nos. \u2013 Mv.-en \u00e9s Marosv\u00e9csen dolgozott, ahol a Kem\u00e9ny J\u00e1nos r\u00f6vid ideig m\u0171k\u00f6d\u0151 sz\u00f6nyegsz\u00f6v\u0151d\u00e9j\u00e9t vezette. Sz\u00e9kely sz\u0151nyegekb\u0151l \u00e9s sz\u00f6ttesekb\u0151l rendezett ki\u00e1ll\u00edt\u00e1st Kv.-on (1930). T\u00f6bb Bern\u00e1dy ellenes politikai pamflet szerz\u0151je. Irod.: Gy\u00e1szjelent\u0151; Id\u0151t\u00e1r 3; KZST1930; [&hellip;]<\/p>\n","protected":false},"featured_media":0,"comment_status":"open","ping_status":"closed","template":"","meta":[],"product_brand":[],"product_cat":[137],"product_tag":[],"class_list":{"0":"post-4245","1":"product","2":"type-product","3":"status-publish","5":"product_cat-maros-megyei-eletrajzi-lexikon","7":"first","8":"instock","9":"shipping-taxable","10":"product-type-simple"},"_links":{"self":[{"href":"https:\/\/uj.adatbank.ro\/lexikon\/wp-json\/wp\/v2\/product\/4245","targetHints":{"allow":["GET"]}}],"collection":[{"href":"https:\/\/uj.adatbank.ro\/lexikon\/wp-json\/wp\/v2\/product"}],"about":[{"href":"https:\/\/uj.adatbank.ro\/lexikon\/wp-json\/wp\/v2\/types\/product"}],"replies":[{"embeddable":true,"href":"https:\/\/uj.adatbank.ro\/lexikon\/wp-json\/wp\/v2\/comments?post=4245"}],"wp:attachment":[{"href":"https:\/\/uj.adatbank.ro\/lexikon\/wp-json\/wp\/v2\/media?parent=4245"}],"wp:term":[{"taxonomy":"product_brand","embeddable":true,"href":"https:\/\/uj.adatbank.ro\/lexikon\/wp-json\/wp\/v2\/product_brand?post=4245"},{"taxonomy":"product_cat","embeddable":true,"href":"https:\/\/uj.adatbank.ro\/lexikon\/wp-json\/wp\/v2\/product_cat?post=4245"},{"taxonomy":"product_tag","embeddable":true,"href":"https:\/\/uj.adatbank.ro\/lexikon\/wp-json\/wp\/v2\/product_tag?post=4245"}],"curies":[{"name":"wp","href":"https:\/\/api.w.org\/{rel}","templated":true}]}}

BEDŐHÁZI Katinka, Bedőházy Katinka

<p>1886.?, † Szászrégen, 1935. ápr. 10. temették Mv. a ref. temetőben: iparművész. – B. Pál és Albert Nina leánya. Testvétrei: László, Sándor, János. – Mv.-en és Marosvécsen dolgozott, ahol a Kemény János rövid ideig működő szönyegszövődéjét vezette. Székely szőnyegekből és szöttesekből rendezett kiállítást Kv.-on (1930). Több Bernády ellenes politikai pamflet szerzője. <br /><strong>Irod.:</strong> Gyászjelentő; Időtár 3; KZST1930; Molter 2.; Ünnepi könyv</br></p>

<p>1886.?, † Szászrégen, 1935. ápr. 10. temették Mv. a ref. temetőben: iparművész. – B. Pál és Albert Nina leánya. Testvétrei: László, Sándor, János. – Mv.-en és Marosvécsen dolgozott, ahol a Kemény János rövid ideig működő szönyegszövődéjét vezette. Székely szőnyegekből és szöttesekből rendezett kiállítást Kv.-on (1930). Több Bernády ellenes politikai pamflet szerzője. Irod.: Gyászjelentő; Időtár 3; KZST1930; [&hellip;]</p>
