{"id":4246,"date":"2025-06-28T16:34:12","date_gmt":"2025-06-28T14:34:12","guid":{"rendered":"https:\/\/uj.adatbank.ro\/lexikon\/termek\/bedohazi-pal\/"},"modified":"2025-06-28T16:34:12","modified_gmt":"2025-06-28T14:34:12","slug":"bedohazi-pal","status":"publish","type":"product","link":"https:\/\/uj.adatbank.ro\/lexikon\/termek\/bedohazi-pal\/","title":{"rendered":"BED\u0150H\u00c1ZI P\u00e1l"},"content":{"rendered":"<p>1857.?, \u2020\u00a0Mv., 1928. dec. 24.: adom\u00e1nyoz\u00f3. \u2013 Testv\u00e9re: B. Vilma, Schuszter Ferencn\u00e9. Feles\u00e9ge: Albert Nina (1866-\u00a0Mv., 1928. \u00e1pr. 16.). Gyermekeik: Katinka; L\u00e1szl\u00f3; S\u00e1ndor, feles\u00e9ge Lakott Mariska; J\u00e1nos. \u2013 A kutyfalvi ref. egyh\u00e1znak r\u00e9szben aranyozott ez\u00fcst kelyhat adom\u00e1nyozott (1906). <br \/><strong>Irod.:<\/strong> Gy\u00e1szjelent\u0151; K\u00fck\u00fcll\u0151i Ref. Egyh\u00e1zm. 3.<\/br><\/p>\n","protected":false},"excerpt":{"rendered":"<p>1857.?, \u2020\u00a0Mv., 1928. dec. 24.: adom\u00e1nyoz\u00f3. \u2013 Testv\u00e9re: B. Vilma, Schuszter Ferencn\u00e9. Feles\u00e9ge: Albert Nina (1866-\u00a0Mv., 1928. \u00e1pr. 16.). Gyermekeik: Katinka; L\u00e1szl\u00f3; S\u00e1ndor, feles\u00e9ge Lakott Mariska; J\u00e1nos. \u2013 A kutyfalvi ref. egyh\u00e1znak r\u00e9szben aranyozott ez\u00fcst kelyhat adom\u00e1nyozott (1906). Irod.: Gy\u00e1szjelent\u0151; K\u00fck\u00fcll\u0151i Ref. Egyh\u00e1zm. 3.<\/p>\n","protected":false},"featured_media":0,"comment_status":"open","ping_status":"closed","template":"","meta":[],"product_brand":[],"product_cat":[137],"product_tag":[],"class_list":{"0":"post-4246","1":"product","2":"type-product","3":"status-publish","5":"product_cat-maros-megyei-eletrajzi-lexikon","7":"first","8":"instock","9":"shipping-taxable","10":"product-type-simple"},"_links":{"self":[{"href":"https:\/\/uj.adatbank.ro\/lexikon\/wp-json\/wp\/v2\/product\/4246","targetHints":{"allow":["GET"]}}],"collection":[{"href":"https:\/\/uj.adatbank.ro\/lexikon\/wp-json\/wp\/v2\/product"}],"about":[{"href":"https:\/\/uj.adatbank.ro\/lexikon\/wp-json\/wp\/v2\/types\/product"}],"replies":[{"embeddable":true,"href":"https:\/\/uj.adatbank.ro\/lexikon\/wp-json\/wp\/v2\/comments?post=4246"}],"wp:attachment":[{"href":"https:\/\/uj.adatbank.ro\/lexikon\/wp-json\/wp\/v2\/media?parent=4246"}],"wp:term":[{"taxonomy":"product_brand","embeddable":true,"href":"https:\/\/uj.adatbank.ro\/lexikon\/wp-json\/wp\/v2\/product_brand?post=4246"},{"taxonomy":"product_cat","embeddable":true,"href":"https:\/\/uj.adatbank.ro\/lexikon\/wp-json\/wp\/v2\/product_cat?post=4246"},{"taxonomy":"product_tag","embeddable":true,"href":"https:\/\/uj.adatbank.ro\/lexikon\/wp-json\/wp\/v2\/product_tag?post=4246"}],"curies":[{"name":"wp","href":"https:\/\/api.w.org\/{rel}","templated":true}]}}