{"id":4249,"date":"2025-06-28T16:34:21","date_gmt":"2025-06-28T14:34:21","guid":{"rendered":"https:\/\/uj.adatbank.ro\/lexikon\/termek\/beer-miklos\/"},"modified":"2025-06-28T16:34:21","modified_gmt":"2025-06-28T14:34:21","slug":"beer-miklos","status":"publish","type":"product","link":"https:\/\/uj.adatbank.ro\/lexikon\/termek\/beer-miklos\/","title":{"rendered":"BEER Mikl\u00f3s"},"content":{"rendered":"<p>Mv., 1897. aug. 26., \u2020\u00a0Mv., 1952. dec. 3.: gy\u00f3gyszer\u00e9sz. \u2013 B\u00e9csben szerezte a gy\u00f3gyszer\u00e9sz oklevel\u00e9t (1923. j\u00fal. 20.). Nagyszebenben dolgozott, majd Mv.-en alkalmazott a Biztos\u00edt\u00f3 P\u00e9nzt\u00e1r gy\u00f3gyszert\u00e1r\u00e1ban (1924. febr. \u201338. febr.), majd a Rekord gy\u00f3gyszert\u00e1rban (1938\u201344). Deport\u00e1lt\u00e1k (1944. m\u00e1j. 5. \u201345. aug. 29.), visszat\u00e9rt. <br \/><strong>Irod.:<\/strong> P\u00e9ter H. M.; P\u00e9ter H. M. 2013<\/br><\/p>\n","protected":false},"excerpt":{"rendered":"<p>Mv., 1897. aug. 26., \u2020\u00a0Mv., 1952. dec. 3.: gy\u00f3gyszer\u00e9sz. \u2013 B\u00e9csben szerezte a gy\u00f3gyszer\u00e9sz oklevel\u00e9t (1923. j\u00fal. 20.). Nagyszebenben dolgozott, majd Mv.-en alkalmazott a Biztos\u00edt\u00f3 P\u00e9nzt\u00e1r gy\u00f3gyszert\u00e1r\u00e1ban (1924. febr. \u201338. febr.), majd a Rekord gy\u00f3gyszert\u00e1rban (1938\u201344). Deport\u00e1lt\u00e1k (1944. m\u00e1j. 5. \u201345. aug. 29.), visszat\u00e9rt. Irod.: P\u00e9ter H. M.; P\u00e9ter H. M. 2013<\/p>\n","protected":false},"featured_media":0,"comment_status":"open","ping_status":"closed","template":"","meta":[],"product_brand":[],"product_cat":[137],"product_tag":[],"class_list":{"0":"post-4249","1":"product","2":"type-product","3":"status-publish","5":"product_cat-maros-megyei-eletrajzi-lexikon","7":"first","8":"instock","9":"shipping-taxable","10":"product-type-simple"},"_links":{"self":[{"href":"https:\/\/uj.adatbank.ro\/lexikon\/wp-json\/wp\/v2\/product\/4249","targetHints":{"allow":["GET"]}}],"collection":[{"href":"https:\/\/uj.adatbank.ro\/lexikon\/wp-json\/wp\/v2\/product"}],"about":[{"href":"https:\/\/uj.adatbank.ro\/lexikon\/wp-json\/wp\/v2\/types\/product"}],"replies":[{"embeddable":true,"href":"https:\/\/uj.adatbank.ro\/lexikon\/wp-json\/wp\/v2\/comments?post=4249"}],"wp:attachment":[{"href":"https:\/\/uj.adatbank.ro\/lexikon\/wp-json\/wp\/v2\/media?parent=4249"}],"wp:term":[{"taxonomy":"product_brand","embeddable":true,"href":"https:\/\/uj.adatbank.ro\/lexikon\/wp-json\/wp\/v2\/product_brand?post=4249"},{"taxonomy":"product_cat","embeddable":true,"href":"https:\/\/uj.adatbank.ro\/lexikon\/wp-json\/wp\/v2\/product_cat?post=4249"},{"taxonomy":"product_tag","embeddable":true,"href":"https:\/\/uj.adatbank.ro\/lexikon\/wp-json\/wp\/v2\/product_tag?post=4249"}],"curies":[{"name":"wp","href":"https:\/\/api.w.org\/{rel}","templated":true}]}}