{"id":4251,"date":"2025-06-28T16:34:26","date_gmt":"2025-06-28T14:34:26","guid":{"rendered":"https:\/\/uj.adatbank.ro\/lexikon\/termek\/begovics-lola\/"},"modified":"2025-06-28T16:34:26","modified_gmt":"2025-06-28T14:34:26","slug":"begovics-lola","status":"publish","type":"product","link":"https:\/\/uj.adatbank.ro\/lexikon\/termek\/begovics-lola\/","title":{"rendered":"BEGOVICS Lola"},"content":{"rendered":"<p>? \u2020 ? : sz\u00edn\u00e9szn\u0151. \u2013 Fell\u00e9pett Mv.-en, Brass\u00f3ban Szab\u00f3 P\u00e1l t\u00e1rsulat\u00e1val (1920); Temesv\u00e1ron szint\u00e9n Szab\u00f3 P\u00e1l t\u00e1rsulat\u00e1ban (1922\u201323). \u2013 <strong>F. sz.:<\/strong> Iluska (Kacs\u00f3h Pongr\u00e1c : J\u00e1nos vit\u00e9z); Lili (Neumann Ferenc : Hazudik a muzsikasz\u00f3). <br \/><strong>Irod.:<\/strong> K\u00f6t\u0151<\/br><\/p>\n","protected":false},"excerpt":{"rendered":"<p>? \u2020 ? : sz\u00edn\u00e9szn\u0151. \u2013 Fell\u00e9pett Mv.-en, Brass\u00f3ban Szab\u00f3 P\u00e1l t\u00e1rsulat\u00e1val (1920); Temesv\u00e1ron szint\u00e9n Szab\u00f3 P\u00e1l t\u00e1rsulat\u00e1ban (1922\u201323). \u2013 F. sz.: Iluska (Kacs\u00f3h Pongr\u00e1c : J\u00e1nos vit\u00e9z); Lili (Neumann Ferenc : Hazudik a muzsikasz\u00f3). Irod.: K\u00f6t\u0151<\/p>\n","protected":false},"featured_media":0,"comment_status":"open","ping_status":"closed","template":"","meta":[],"product_brand":[],"product_cat":[137],"product_tag":[],"class_list":{"0":"post-4251","1":"product","2":"type-product","3":"status-publish","5":"product_cat-maros-megyei-eletrajzi-lexikon","7":"first","8":"instock","9":"shipping-taxable","10":"product-type-simple"},"_links":{"self":[{"href":"https:\/\/uj.adatbank.ro\/lexikon\/wp-json\/wp\/v2\/product\/4251","targetHints":{"allow":["GET"]}}],"collection":[{"href":"https:\/\/uj.adatbank.ro\/lexikon\/wp-json\/wp\/v2\/product"}],"about":[{"href":"https:\/\/uj.adatbank.ro\/lexikon\/wp-json\/wp\/v2\/types\/product"}],"replies":[{"embeddable":true,"href":"https:\/\/uj.adatbank.ro\/lexikon\/wp-json\/wp\/v2\/comments?post=4251"}],"wp:attachment":[{"href":"https:\/\/uj.adatbank.ro\/lexikon\/wp-json\/wp\/v2\/media?parent=4251"}],"wp:term":[{"taxonomy":"product_brand","embeddable":true,"href":"https:\/\/uj.adatbank.ro\/lexikon\/wp-json\/wp\/v2\/product_brand?post=4251"},{"taxonomy":"product_cat","embeddable":true,"href":"https:\/\/uj.adatbank.ro\/lexikon\/wp-json\/wp\/v2\/product_cat?post=4251"},{"taxonomy":"product_tag","embeddable":true,"href":"https:\/\/uj.adatbank.ro\/lexikon\/wp-json\/wp\/v2\/product_tag?post=4251"}],"curies":[{"name":"wp","href":"https:\/\/api.w.org\/{rel}","templated":true}]}}