{"id":4252,"date":"2025-06-28T16:34:32","date_gmt":"2025-06-28T14:34:32","guid":{"rendered":"https:\/\/uj.adatbank.ro\/lexikon\/termek\/behron-henrik\/"},"modified":"2025-06-28T16:34:32","modified_gmt":"2025-06-28T14:34:32","slug":"behron-henrik","status":"publish","type":"product","link":"https:\/\/uj.adatbank.ro\/lexikon\/termek\/behron-henrik\/","title":{"rendered":"BEHRON Henrik"},"content":{"rendered":"<p>V\u00e1mosm\u00e1rga, 1895. aug. 16., \u2020 ? : keresked\u0151, igazgat\u00f3. \u2013 A mv.-i Indumin Cukorgy\u00e1r egyik vez\u00e9rigazgat\u00f3ja, aki az \u00e1llamos\u00edt\u00e1skor \u00e1tadta az \u00e1llamos\u00edt\u00e1si bizotts\u00e1gnak a gy\u00e1rat (1948. j\u00fan. 11.), amelyet r\u00e9szv\u00e9nyt\u00e1rsas\u00e1gk\u00e9nt alap\u00edtottak (1893. okt. 31. \u00e9s 1894 \u0151sz\u00e9n kezdett m\u0171k\u0151dni). Az \u00e1llamos\u00edt\u00e1s el\u0151tt, igazgat\u00f3k\u00e9nt, tart\u00f3zkod\u00e1ssal fogadta a munk\u00e1smegmozdul\u00e1sokat, de a gy\u00e1r anyagi alapjaib\u00f3l t\u00e1mogatta annak demokratikus munk\u00e1sszervezeteit. Az \u00e1llamos\u00edt\u00e1s ut\u00e1n seg\u00edts\u00e9get ny\u00fajtott az \u00faj igazgat\u00f3nak a foly\u00f3 \u00fcgyek int\u00e9z\u00e9s\u00e9ben. <br \/><strong>Irod.:<\/strong> Bartos Zolt\u00e1n<\/br><\/p>\n","protected":false},"excerpt":{"rendered":"<p>V\u00e1mosm\u00e1rga, 1895. aug. 16., \u2020 ? : keresked\u0151, igazgat\u00f3. \u2013 A mv.-i Indumin Cukorgy\u00e1r egyik vez\u00e9rigazgat\u00f3ja, aki az \u00e1llamos\u00edt\u00e1skor \u00e1tadta az \u00e1llamos\u00edt\u00e1si bizotts\u00e1gnak a gy\u00e1rat (1948. j\u00fan. 11.), amelyet r\u00e9szv\u00e9nyt\u00e1rsas\u00e1gk\u00e9nt alap\u00edtottak (1893. okt. 31. \u00e9s 1894 \u0151sz\u00e9n kezdett m\u0171k\u0151dni). Az \u00e1llamos\u00edt\u00e1s el\u0151tt, igazgat\u00f3k\u00e9nt, tart\u00f3zkod\u00e1ssal fogadta a munk\u00e1smegmozdul\u00e1sokat, de a gy\u00e1r anyagi alapjaib\u00f3l t\u00e1mogatta annak demokratikus [&hellip;]<\/p>\n","protected":false},"featured_media":0,"comment_status":"open","ping_status":"closed","template":"","meta":[],"product_brand":[],"product_cat":[137],"product_tag":[],"class_list":{"0":"post-4252","1":"product","2":"type-product","3":"status-publish","5":"product_cat-maros-megyei-eletrajzi-lexikon","7":"first","8":"instock","9":"shipping-taxable","10":"product-type-simple"},"_links":{"self":[{"href":"https:\/\/uj.adatbank.ro\/lexikon\/wp-json\/wp\/v2\/product\/4252","targetHints":{"allow":["GET"]}}],"collection":[{"href":"https:\/\/uj.adatbank.ro\/lexikon\/wp-json\/wp\/v2\/product"}],"about":[{"href":"https:\/\/uj.adatbank.ro\/lexikon\/wp-json\/wp\/v2\/types\/product"}],"replies":[{"embeddable":true,"href":"https:\/\/uj.adatbank.ro\/lexikon\/wp-json\/wp\/v2\/comments?post=4252"}],"wp:attachment":[{"href":"https:\/\/uj.adatbank.ro\/lexikon\/wp-json\/wp\/v2\/media?parent=4252"}],"wp:term":[{"taxonomy":"product_brand","embeddable":true,"href":"https:\/\/uj.adatbank.ro\/lexikon\/wp-json\/wp\/v2\/product_brand?post=4252"},{"taxonomy":"product_cat","embeddable":true,"href":"https:\/\/uj.adatbank.ro\/lexikon\/wp-json\/wp\/v2\/product_cat?post=4252"},{"taxonomy":"product_tag","embeddable":true,"href":"https:\/\/uj.adatbank.ro\/lexikon\/wp-json\/wp\/v2\/product_tag?post=4252"}],"curies":[{"name":"wp","href":"https:\/\/api.w.org\/{rel}","templated":true}]}}

<p>Vámosmárga, 1895. aug. 16., † ? : kereskedő, igazgató. – A mv.-i Indumin Cukorgyár egyik vezérigazgatója, aki az államosításkor átadta az államosítási bizottságnak a gyárat (1948. jún. 11.), amelyet részvénytársaságként alapítottak (1893. okt. 31. és 1894 őszén kezdett műkődni). Az államosítás előtt, igazgatóként, tartózkodással fogadta a munkásmegmozdulásokat, de a gyár anyagi alapjaiból támogatta annak demokratikus munkásszervezeteit. Az államosítás után segítséget nyújtott az új igazgatónak a folyó ügyek intézésében. <br /><strong>Irod.:</strong> Bartos Zoltán</br></p>

<p>Vámosmárga, 1895. aug. 16., † ? : kereskedő, igazgató. – A mv.-i Indumin Cukorgyár egyik vezérigazgatója, aki az államosításkor átadta az államosítási bizottságnak a gyárat (1948. jún. 11.), amelyet részvénytársaságként alapítottak (1893. okt. 31. és 1894 őszén kezdett műkődni). Az államosítás előtt, igazgatóként, tartózkodással fogadta a munkásmegmozdulásokat, de a gyár anyagi alapjaiból támogatta annak demokratikus [&hellip;]</p>
