{"id":4253,"date":"2025-06-28T16:34:34","date_gmt":"2025-06-28T14:34:34","guid":{"rendered":"https:\/\/uj.adatbank.ro\/lexikon\/termek\/beke-daniel-sepsiszentgyorgyi\/"},"modified":"2025-06-28T16:34:34","modified_gmt":"2025-06-28T14:34:34","slug":"beke-daniel-sepsiszentgyorgyi","status":"publish","type":"product","link":"https:\/\/uj.adatbank.ro\/lexikon\/termek\/beke-daniel-sepsiszentgyorgyi\/","title":{"rendered":"BEKE D\u00e1niel, sepsiszentgy\u00f6rgyi"},"content":{"rendered":"<p>? \u2020\u00a01661. m\u00e1rc. 7.: unit. pap, p\u00fcsp\u00f6k. \u2013 Le\u00e1nya B. Margit. \u2013 Unit. lelk\u00e9sz, ravai (1630 k\u00f6r\u00fcl), bordosi, dics\u0151szentm\u00e1rtoni pap, akit p\u00fcsp\u00f6knek v\u00e1lasztottak (1636. dec. 17. \u2013 1661. m\u00e1rc. 14.). A Ny\u00e1r\u00e1dszentl\u00e1szl\u00f3n tartott zsinaton p\u00fcsp\u00f6ks\u00e9g\u00e9ben meger\u0151s\u00edtett\u00e9k (1637. j\u00fan. 21.). R\u00e9szt vett az I. R\u00e1k\u00f3czi Gy\u00f6rgy vezet\u00e9se alatt D\u00e9sen tartott ogy.-en (1638. j\u00fal. 7. \u2013). Hal\u00e1la ut\u00e1n hely\u00e9be J\u00e1rai J\u00e1nost v\u00e1lsztott\u00e1k p\u00fcsp\u00f6kk\u00e9, J\u00e1rai S\u00e1muel fi\u00e1t. \u2013 <strong>F. m.:<\/strong> Confessio recepta unitariae religionis (D\u00e9s, 1638); A kereszt\u00e9nyi hitr\u0151l val\u00f3 vall\u00e1st\u00e9tel az unit\u00e1riusok \u00e9rtelme szerint (Torda, 1668). <br \/><strong>Irod.:<\/strong> K. L. M\u0171v. t\u00f6rt. tan. 1.; Kelemen Imre; K\u00e9nosi\u2013Uzoni 1., 3.; Rava<\/br><\/p>\n","protected":false},"excerpt":{"rendered":"<p>? \u2020\u00a01661. m\u00e1rc. 7.: unit. pap, p\u00fcsp\u00f6k. \u2013 Le\u00e1nya B. Margit. \u2013 Unit. lelk\u00e9sz, ravai (1630 k\u00f6r\u00fcl), bordosi, dics\u0151szentm\u00e1rtoni pap, akit p\u00fcsp\u00f6knek v\u00e1lasztottak (1636. dec. 17. \u2013 1661. m\u00e1rc. 14.). A Ny\u00e1r\u00e1dszentl\u00e1szl\u00f3n tartott zsinaton p\u00fcsp\u00f6ks\u00e9g\u00e9ben meger\u0151s\u00edtett\u00e9k (1637. j\u00fan. 21.). R\u00e9szt vett az I. R\u00e1k\u00f3czi Gy\u00f6rgy vezet\u00e9se alatt D\u00e9sen tartott ogy.-en (1638. j\u00fal. 7. \u2013). Hal\u00e1la [&hellip;]<\/p>\n","protected":false},"featured_media":0,"comment_status":"open","ping_status":"closed","template":"","meta":[],"product_brand":[],"product_cat":[137],"product_tag":[],"class_list":{"0":"post-4253","1":"product","2":"type-product","3":"status-publish","5":"product_cat-maros-megyei-eletrajzi-lexikon","7":"first","8":"instock","9":"shipping-taxable","10":"product-type-simple"},"_links":{"self":[{"href":"https:\/\/uj.adatbank.ro\/lexikon\/wp-json\/wp\/v2\/product\/4253","targetHints":{"allow":["GET"]}}],"collection":[{"href":"https:\/\/uj.adatbank.ro\/lexikon\/wp-json\/wp\/v2\/product"}],"about":[{"href":"https:\/\/uj.adatbank.ro\/lexikon\/wp-json\/wp\/v2\/types\/product"}],"replies":[{"embeddable":true,"href":"https:\/\/uj.adatbank.ro\/lexikon\/wp-json\/wp\/v2\/comments?post=4253"}],"wp:attachment":[{"href":"https:\/\/uj.adatbank.ro\/lexikon\/wp-json\/wp\/v2\/media?parent=4253"}],"wp:term":[{"taxonomy":"product_brand","embeddable":true,"href":"https:\/\/uj.adatbank.ro\/lexikon\/wp-json\/wp\/v2\/product_brand?post=4253"},{"taxonomy":"product_cat","embeddable":true,"href":"https:\/\/uj.adatbank.ro\/lexikon\/wp-json\/wp\/v2\/product_cat?post=4253"},{"taxonomy":"product_tag","embeddable":true,"href":"https:\/\/uj.adatbank.ro\/lexikon\/wp-json\/wp\/v2\/product_tag?post=4253"}],"curies":[{"name":"wp","href":"https:\/\/api.w.org\/{rel}","templated":true}]}}

BEKE Dániel, sepsiszentgyörgyi

<p>? † 1661. márc. 7.: unit. pap, püspök. – Leánya B. Margit. – Unit. lelkész, ravai (1630 körül), bordosi, dicsőszentmártoni pap, akit püspöknek választottak (1636. dec. 17. – 1661. márc. 14.). A Nyárádszentlászlón tartott zsinaton püspökségében megerősítették (1637. jún. 21.). Részt vett az I. Rákóczi György vezetése alatt Désen tartott ogy.-en (1638. júl. 7. –). Halála után helyébe Járai Jánost válsztották püspökké, Járai Sámuel fiát. – <strong>F. m.:</strong> Confessio recepta unitariae religionis (Dés, 1638); A keresztényi hitről való vallástétel az unitáriusok értelme szerint (Torda, 1668). <br /><strong>Irod.:</strong> K. L. Műv. tört. tan. 1.; Kelemen Imre; Kénosi–Uzoni 1., 3.; Rava</br></p>

<p>? † 1661. márc. 7.: unit. pap, püspök. – Leánya B. Margit. – Unit. lelkész, ravai (1630 körül), bordosi, dicsőszentmártoni pap, akit püspöknek választottak (1636. dec. 17. – 1661. márc. 14.). A Nyárádszentlászlón tartott zsinaton püspökségében megerősítették (1637. jún. 21.). Részt vett az I. Rákóczi György vezetése alatt Désen tartott ogy.-en (1638. júl. 7. –). Halála [&hellip;]</p>
