{"id":4265,"date":"2025-06-28T16:35:12","date_gmt":"2025-06-28T14:35:12","guid":{"rendered":"https:\/\/uj.adatbank.ro\/lexikon\/termek\/bekessy-aurel-bekessi-mark\/"},"modified":"2025-06-28T16:35:12","modified_gmt":"2025-06-28T14:35:12","slug":"bekessy-aurel-bekessi-mark","status":"publish","type":"product","link":"https:\/\/uj.adatbank.ro\/lexikon\/termek\/bekessy-aurel-bekessi-mark\/","title":{"rendered":"B\u00c9KESSY Aur\u00e9l; B\u00e9kessi M\u00e1rk"},"content":{"rendered":"<p>Nagykanizsa, 1824. dec. 24., \u2020 ?, 1911 ut\u00e1n: \u00fajs\u00e1g\u00ad\u00edr\u00f3. \u2013 A Kossuthot B\u00e9csbe k\u00eds\u00e9r\u0151 ogy.-i ifjak egyike (1848.. m\u00e1rc. 13). B\u00e9csben k\u00fcl\u00f6nb\u00f6z\u0151 forradalmi szellem\u0171 lapok munkat\u00e1rsa, r\u00e9szt vett a b\u00e9csi utcai barik\u00e1dharcban (1848. m\u00e1rc.\u2013j\u00fan.), Pesten bel\u00e9pett az I. honv\u00e9dz\u00e1szl\u00f3aljba, r\u00e9szt vett a d\u00e9lvid\u00e9ki harcokban, majd t\u00f6bb csat\u00e1ban (1848. m\u00e1j.). Hadnagy \u00e9s parancs\u0151rtiszt Nagys\u00e1ndor J\u00f3zsef mellett (1849. \u00e1pr. \u2013). A vil\u00e1gosi fegy\u00adverlet\u00e9tel (1849. aug.) ut\u00e1n fogs\u00e1gba esett, de siker\u00fclt megsz\u00f6knie Mv.-en mag\u00e1ntan\u00edt\u00f3 (1854\u2013), Kv.-on (1857), ism\u00e9t Mv.-en \u00e9lt (1858\u2013), Marossz\u00e9k tiszti aljegyz\u0151je (1860\u2013). Majd Nagyszebenben \u00e9lt (1863\u2013); Pesten \u00fajs\u00e1g\u00edr\u00f3 (1866\u2013), visszat\u00e9rt Nagyszebenbe (1867\u2013), a bp.-i honv\u00e9d menh\u00e1zban \u00e9lt (1907\u2013). <br \/><strong>Irod.:<\/strong> \u00daM\u00c9L<\/br><\/p>\n","protected":false},"excerpt":{"rendered":"<p>Nagykanizsa, 1824. dec. 24., \u2020 ?, 1911 ut\u00e1n: \u00fajs\u00e1g\u00ad\u00edr\u00f3. \u2013 A Kossuthot B\u00e9csbe k\u00eds\u00e9r\u0151 ogy.-i ifjak egyike (1848.. m\u00e1rc. 13). B\u00e9csben k\u00fcl\u00f6nb\u00f6z\u0151 forradalmi szellem\u0171 lapok munkat\u00e1rsa, r\u00e9szt vett a b\u00e9csi utcai barik\u00e1dharcban (1848. m\u00e1rc.\u2013j\u00fan.), Pesten bel\u00e9pett az I. honv\u00e9dz\u00e1szl\u00f3aljba, r\u00e9szt vett a d\u00e9lvid\u00e9ki harcokban, majd t\u00f6bb csat\u00e1ban (1848. m\u00e1j.). Hadnagy \u00e9s parancs\u0151rtiszt Nagys\u00e1ndor J\u00f3zsef mellett [&hellip;]<\/p>\n","protected":false},"featured_media":0,"comment_status":"open","ping_status":"closed","template":"","meta":[],"product_brand":[],"product_cat":[137],"product_tag":[],"class_list":{"0":"post-4265","1":"product","2":"type-product","3":"status-publish","5":"product_cat-maros-megyei-eletrajzi-lexikon","7":"first","8":"instock","9":"shipping-taxable","10":"product-type-simple"},"_links":{"self":[{"href":"https:\/\/uj.adatbank.ro\/lexikon\/wp-json\/wp\/v2\/product\/4265","targetHints":{"allow":["GET"]}}],"collection":[{"href":"https:\/\/uj.adatbank.ro\/lexikon\/wp-json\/wp\/v2\/product"}],"about":[{"href":"https:\/\/uj.adatbank.ro\/lexikon\/wp-json\/wp\/v2\/types\/product"}],"replies":[{"embeddable":true,"href":"https:\/\/uj.adatbank.ro\/lexikon\/wp-json\/wp\/v2\/comments?post=4265"}],"wp:attachment":[{"href":"https:\/\/uj.adatbank.ro\/lexikon\/wp-json\/wp\/v2\/media?parent=4265"}],"wp:term":[{"taxonomy":"product_brand","embeddable":true,"href":"https:\/\/uj.adatbank.ro\/lexikon\/wp-json\/wp\/v2\/product_brand?post=4265"},{"taxonomy":"product_cat","embeddable":true,"href":"https:\/\/uj.adatbank.ro\/lexikon\/wp-json\/wp\/v2\/product_cat?post=4265"},{"taxonomy":"product_tag","embeddable":true,"href":"https:\/\/uj.adatbank.ro\/lexikon\/wp-json\/wp\/v2\/product_tag?post=4265"}],"curies":[{"name":"wp","href":"https:\/\/api.w.org\/{rel}","templated":true}]}}